000
CXUS56 KSGX 011554
CLMTRM


CLIMATE REPORT
NATIONAL WEATHER SERVICE SAN DIEGO, CA
754 AM PST THU DEC 1 2016

...................................

...THE THERMAL AIRPORT CA CLIMATE SUMMARY FOR THE MONTH OF NOVEMBER 2016...

CLIMATE NORMAL PERIOD 1981 TO 2010
CLIMATE RECORD PERIOD 1950 TO 2016

WEATHER         OBSERVED          NORMAL  DEPART  LAST YEAR`S
                 VALUE   DATE(S)  VALUE   FROM    VALUE  DATE(S)
                                          NORMAL
................................................................
TEMPERATURE (F)
RECORD
 HIGH              98   11/02/1997
                        11/01/1997
 LOW               20   11/26/2010
HIGHEST            95   11/08        78      17       88  11/01
LOWEST             32   11/26        44     -12       29  11/30
                        11/25
AVG. MAXIMUM     81.6              78.9     2.7     76.0
AVG. MINIMUM     46.2              42.9     3.3     40.8
MEAN             63.9              60.9     3.0     58.4
DAYS MAX >= 90      7               2.2     4.8        0
DAYS MAX <= 32      0               0.0     0.0        0
DAYS MAX >= 100     0                                  0
DAYS MAX >= 110     0                                  0
DAYS MIN <= 32      2               2.2    -0.2        2

PRECIPITATION (INCHES)
RECORD
 MAXIMUM         1.68   1965
 MINIMUM         0.00   2015
                        2006
                        2005
TOTALS           0.01              0.23   -0.22     0.00
DAILY AVG.       0.00              0.01   -0.01     0.00
DAYS >= .01         1               1.2    -0.2        0
DAYS >= .10         0               0.5    -0.5        0
DAYS >= .50         0               0.1    -0.1        0
DAYS >= 1.00        0               0.0     0.0        0
DAYS >= 1.50        0                                  0
DAYS >= 2.00        0                                  0
GREATEST
 24 HR. TOTAL    0.01   11/21 TO 11/21           11/26 TO 11/27
                                                          11/30 TO 11/30
                                                          11/30 TO 11/30
 STORM TOTAL       MM                                 MM
 (MM/DD(HH))            MM                    11/27(00) TO 11/27(00)
                                                 11/30(00) TO 11/30(00)0
                                                 11/30(00) TO 11/30(00)0

DEGREE_DAYS
HEATING TOTAL     118               156     -38      199
 SINCE 7/1        118               167     -49      199
COOLING TOTAL      94                33      61        9
 SINCE 1/1       4334              3686     648     4241

FREEZE DATES
RECORD
 EARLIEST     10/30/1971
 LATEST       04/10/1999
EARLIEST      11/25             12/02
LATEST                          02/06
.................................................

WIND (MPH)
AVERAGE WIND SPEED              4.9
RESULTANT WIND SPEED/DIRECTION   2/333
HIGHEST WIND SPEED/DIRECTION    28/290    DATE  11/26
HIGHEST GUST SPEED/DIRECTION    37/290    DATE  11/26

SKY COVER
POSSIBLE SUNSHINE (PERCENT)   MM
AVERAGE SKY COVER           0.00
NUMBER OF DAYS FAIR           30
NUMBER OF DAYS PC              0
NUMBER OF DAYS CLOUDY          0

AVERAGE RH (PERCENT)     39

WEATHER CONDITIONS. NUMBER OF DAYS WITH
THUNDERSTORM              0     MIXED PRECIP               0
HEAVY RAIN                0     RAIN                       0
LIGHT RAIN                1     FREEZING RAIN              0
LT FREEZING RAIN          0     HAIL                       0
HEAVY SNOW                0     SNOW                       0
LIGHT SNOW                0     SLEET                      0
FOG                       0     FOG W/VIS <= 1/4 MILE      0
HAZE                      3

-  INDICATES NEGATIVE NUMBERS.
R  INDICATES RECORD WAS SET OR TIED.
MM INDICATES DATA IS MISSING.
T  INDICATES TRACE AMOUNT.

$$
