000
CXUS56 KSGX 012113
CLMTRM


CLIMATE REPORT
NATIONAL WEATHER SERVICE SAN DIEGO, CA
213 PM PDT FRI JUL 1 2016

...................................

...THE THERMAL AIRPORT CA CLIMATE SUMMARY FOR THE MONTH OF JUNE 2016...

CLIMATE NORMAL PERIOD 1981 TO 2010
CLIMATE RECORD PERIOD 1950 TO 2016

WEATHER         OBSERVED          NORMAL  DEPART  LAST YEAR`S
                 VALUE   DATE(S)  VALUE   FROM    VALUE  DATE(S)
                                          NORMAL
................................................................
TEMPERATURE (F)
RECORD
 HIGH             122   06/29/2013
                        06/26/1990
                        06/25/1970
 LOW               50   06/05/2011
HIGHEST           121   06/20       104      17      119  06/18
LOWEST             63   06/01        69      -6       59  06/08
AVG. MAXIMUM    107.0             103.1     3.9    105.2
AVG. MINIMUM     73.2              67.4     5.8     69.3
MEAN             90.1              85.2     4.9     87.2
DAYS MAX >= 90     30              28.9     1.1       30
DAYS MAX <= 32      0               0.0     0.0        0
DAYS MAX >= 100    27                                 24
DAYS MAX >= 110     8                                  6
DAYS MIN <= 32      0               0.0     0.0        0

PRECIPITATION (INCHES)
RECORD
 MAXIMUM         0.41   1972
 MINIMUM         0.00   2014
                        2013
                        2012
TOTALS           0.00R             0.02   -0.02        T
DAILY AVG.       0.00              0.00    0.00        T
DAYS >= .01         0               0.1    -0.1        0
DAYS >= .10         0               0.0     0.0        0
DAYS >= .50         0               0.0     0.0        0
DAYS >= 1.00        0               0.0     0.0        0
DAYS >= 1.50        0                                  0
DAYS >= 2.00        0                                  0
GREATEST
 24 HR. TOTAL    0.00   06/30 TO 06/30           06/30 TO 06/30
                                                          06/30 TO 06/30
                                                          06/30 TO 06/30
 STORM TOTAL       MM                                 MM
 (MM/DD(HH))            MM                    06/30(00) TO 06/30(00)
                                                 06/30(00) TO 06/30(00)0
                                                 06/30(00) TO 06/30(00)0

DEGREE_DAYS
HEATING TOTAL       0                 0       0        0
 SINCE 7/1       1047              1181    -134      764
COOLING TOTAL     761               608     153      673
 SINCE 1/1       1638              1281     357     1427

FREEZE DATES
RECORD
 EARLIEST     10/30/1971
 LATEST       04/10/1999
EARLIEST      11/28             12/02
LATEST        02/04             02/06
.................................................

WIND (MPH)
AVERAGE WIND SPEED              7.8
RESULTANT WIND SPEED/DIRECTION   1/360
HIGHEST WIND SPEED/DIRECTION    29/340    DATE  06/06
HIGHEST GUST SPEED/DIRECTION    39/340    DATE  06/06

SKY COVER
POSSIBLE SUNSHINE (PERCENT)   MM
AVERAGE SKY COVER           0.00
NUMBER OF DAYS FAIR           30
NUMBER OF DAYS PC              0
NUMBER OF DAYS CLOUDY          0

AVERAGE RH (PERCENT)     30

WEATHER CONDITIONS. NUMBER OF DAYS WITH
THUNDERSTORM              0     MIXED PRECIP               0
HEAVY RAIN                0     RAIN                       0
LIGHT RAIN                0     FREEZING RAIN              0
LT FREEZING RAIN          0     HAIL                       0
HEAVY SNOW                0     SNOW                       0
LIGHT SNOW                0     SLEET                      0
FOG                       0     FOG W/VIS <= 1/4 MILE      0
HAZE                      7

-  INDICATES NEGATIVE NUMBERS.
R  INDICATES RECORD WAS SET OR TIED.
MM INDICATES DATA IS MISSING.
T  INDICATES TRACE AMOUNT.

$$
