000
CXUS56 KPQR 011557
CLMTTD
CLIMATE REPORT
NATIONAL WEATHER SERVICE PORTLAND OREGON
857 AM PDT MON APR 01 2024
...................................
...THE TROUTDALE OR CLIMATE SUMMARY FOR THE MONTH OF MARCH 2024...
CLIMATE NORMAL PERIOD 1991 TO 2020
CLIMATE RECORD PERIOD 1948 TO 2024
WEATHER OBSERVED NORMAL DEPART LAST YEAR`S
VALUE DATE(S) VALUE FROM VALUE DATE(S)
NORMAL
................................................................
TEMPERATURE (F)
HIGHEST 77 67 03/18
LOWEST 29 31 03/08
AVG. MAXIMUM 58.7 56.7 2.0 53.0
AVG. MINIMUM 41.7 40.0 1.7 38.3
MEAN 50.2 48.4 1.8 45.7
DAYS MAX >= 90 0 0.0 0.0 0
DAYS MAX <= 32 0 0.0 0.0 0
DAYS MIN <= 32 3 3.7 -0.7 3
DAYS MIN <= 0 0 0.0 0.0 0
PRECIPITATION (INCHES)
RECORD
MAXIMUM 3.88 2023
MINIMUM 1.57 2022
TOTALS 3.57 4.41 -0.84 3.88
DAYS >= .01 17 18.6 -1.6 22
DAYS >= .10 11 12.6 -1.6 13
DAYS >= .50 2 2.4 -0.4 2
DAYS >= 1.00 0 0.5 -0.5 1
GREATEST
24 HR. TOTAL 1.19 03/25 TO 03/26
DEGREE DAYS
HEATING TOTAL 450 516 -66 588
SINCE 7/1 3053 3475 -422 MM
COOLING TOTAL 0 0 0 0
SINCE 1/1 0 0 MM
................................................................
WIND (MPH)
AVERAGE WIND SPEED 6.4
RESULTANT WIND SPEED/DIRECTION 3/130
HIGHEST WIND SPEED/DIRECTION 28/100 DATE 03/16
HIGHEST GUST SPEED/DIRECTION 39/190 DATE 03/09
SKY COVER
POSSIBLE SUNSHINE (PERCENT) MM
AVERAGE SKY COVER 0.57
NUMBER OF DAYS FAIR 11
NUMBER OF DAYS PC 5
NUMBER OF DAYS CLOUDY 15
AVERAGE RH (PERCENT) 66
WEATHER CONDITIONS. NUMBER OF DAYS WITH
THUNDERSTORM 0 MIXED PRECIP 0
HEAVY RAIN 2 RAIN 5
LIGHT RAIN 19 FREEZING RAIN 0
LT FREEZING RAIN 0 HAIL 0
HEAVY SNOW 0 SNOW 0
LIGHT SNOW 0 SLEET 0
FOG 0 FOG W/VIS <= 1/4 MILE 0
HAZE 0
- INDICATES NEGATIVE NUMBERS.
R INDICATES RECORD WAS SET OR TIED.
MM INDICATES DATA IS MISSING.
T INDICATES TRACE AMOUNT.
$$