000
CXUS54 KMEG 020130
CLMTUP


CLIMATE REPORT
NATIONAL WEATHER SERVICE MEMPHIS TN
722 PM CST THU FEB 1 2018

...................................

...THE TUPELO CLIMATE SUMMARY FOR THE MONTH OF JANUARY 2018...

CLIMATE NORMAL PERIOD 1981 TO 2010
CLIMATE RECORD PERIOD 1930 TO 2018

WEATHER         OBSERVED          NORMAL  DEPART  LAST YEAR`S
                 VALUE   DATE(S)  VALUE   FROM    VALUE  DATE(S)
                                          NORMAL
................................................................
TEMPERATURE (F)
RECORD
 HIGH              80   01/24/1972
 LOW              -14   01/27/1940
HIGHEST            70   01/21        49      21       77  01/14
LOWEST              4   01/17        31     -27       12  01/08
AVG. MAXIMUM     49.2              51.7    -2.5     59.6
AVG. MINIMUM     27.0              31.7    -4.7     41.9
MEAN             38.1              41.7    -3.6     50.8
DAYS MAX >= 90      0               0.0     0.0        0
DAYS MAX <= 32      4               1.1     2.9        2
DAYS MIN <= 32     22              16.4     5.6        9
DAYS MIN <= 0       0               0.1    -0.1        0

PRECIPITATION (INCHES)
RECORD
 MAXIMUM        15.24   1949
 MINIMUM         0.30   1986
TOTALS           3.37              4.48   -1.11     5.77
DAILY AVG.       0.11              0.14   -0.03     0.19
DAYS >= .01        10              10.0     0.0       12
DAYS >= .10         6               6.9    -0.9        5
DAYS >= .50         4               3.2     0.8        4
DAYS >= 1.00        1               1.3    -0.3        2
GREATEST
 24 HR. TOTAL    1.19   01/11 TO 01/11

SNOWFALL (INCHES)
RECORDS
 TOTAL            9.2   1940
TOTALS            0.8               0.9    -0.1        T
SINCE 7/1         0.8               1.2    -0.4        T
SNOWDEPTH AVG.      0                MM      MM        0
DAYS >= 1.0         0               0.3    -0.3        0
GREATEST
 SNOW DEPTH         0   MM                             0  MM
 24 HR TOTAL      0.8   01/16 TO 01/16

DEGREE_DAYS
HEATING TOTAL     825               723     102      443
 SINCE 7/1       1976              1896      80     1313
COOLING TOTAL       0                 1      -1        8
 SINCE 1/1          0                 0       0        8
.................................................................

WIND (MPH)
AVERAGE WIND SPEED              7.6
HIGHEST WIND SPEED/DIRECTION    37/350    DATE  01/12
HIGHEST GUST SPEED/DIRECTION    43/340    DATE  01/12

SKY COVER
POSSIBLE SUNSHINE (PERCENT)   MM
AVERAGE SKY COVER           0.40
NUMBER OF DAYS FAIR           15
NUMBER OF DAYS PC              9
NUMBER OF DAYS CLOUDY          7

AVERAGE RH (PERCENT)     61

WEATHER CONDITIONS. NUMBER OF DAYS WITH
THUNDERSTORM              0     MIXED PRECIP               0
HEAVY RAIN                3     RAIN                       5
LIGHT RAIN                9     FREEZING RAIN              1
LT FREEZING RAIN          1     HAIL                       0
HEAVY SNOW                0     SNOW                       0
LIGHT SNOW                3     SLEET                      0
FOG                       9     FOG W/VIS <= 1/4 MILE      2
HAZE                      1

-  INDICATES NEGATIVE NUMBERS.
R  INDICATES RECORD WAS SET OR TIED.
MM INDICATES DATA IS MISSING.
T  INDICATES TRACE AMOUNT.

$$
