000
CXUS54 KMEG 020039
CLMTUP


CLIMATE REPORT
NATIONAL WEATHER SERVICE MEMPHIS TN
736 PM CDT TUE SEP 1 2015

...................................

...THE TUPELO CLIMATE SUMMARY FOR THE MONTH OF AUGUST 2015...

CLIMATE NORMAL PERIOD 1981 TO 2010
CLIMATE RECORD PERIOD 1930 TO 2015

WEATHER         OBSERVED          NORMAL  DEPART  LAST YEAR`S
                 VALUE   DATE(S)  VALUE   FROM    VALUE  DATE(S)
                                          NORMAL
................................................................
TEMPERATURE (F)
RECORD
 HIGH             108   08/27/1943
 LOW               51   08/09/1976
HIGHEST            98   08/04        90       8       97  08/23
                                                          08/22
LOWEST             57   08/26        69     -12       60  08/14
AVG. MAXIMUM     88.6              91.5    -2.9     90.9
AVG. MINIMUM     69.0              70.1    -1.1     70.1
MEAN             78.8              80.8    -2.0     80.5
DAYS MAX >= 90     11              19.5    -8.5       19
DAYS MAX <= 32      0               0.0     0.0        0
DAYS MIN <= 32      0               0.0     0.0        0
DAYS MIN <= 0       0               0.0     0.0        0

PRECIPITATION (INCHES)
RECORD
 MAXIMUM        11.70   2003
 MINIMUM         0.00   1983
TOTALS           6.50              3.45    3.05     1.36
DAILY AVG.       0.21              0.11    0.10     0.04
DAYS >= .01        10               7.5     2.5        7
DAYS >= .10         7               5.0     2.0        3
DAYS >= .50         5               2.4     2.6        1
DAYS >= 1.00        3               1.0     2.0        0
GREATEST
 24 HR. TOTAL    1.78   08/05 TO 08/06

SNOWFALL (INCHES)
RECORDS
 TOTAL             MM   MM
TOTALS            0.0               0.0     0.0      0.0
SINCE 7/1         0.0               0.0     0.0      0.0
SNOWDEPTH AVG.      0                MM      MM        0
DAYS >= 1.0         0               0.0     0.0        0
GREATEST
 SNOW DEPTH         0   MM                             0  MM
 24 HR TOTAL      0.0   08/31 TO 08/31

DEGREE_DAYS
HEATING TOTAL       0                 0       0        0
 SINCE 7/1          0                 0       0        0
COOLING TOTAL     438               490     -52      488
 SINCE 1/1       1739              1672      67     1547
.................................................................

WIND (MPH)
AVERAGE WIND SPEED              5.3
HIGHEST WIND SPEED/DIRECTION    28/090    DATE  08/15
HIGHEST GUST SPEED/DIRECTION    37/090    DATE  08/15

SKY COVER
POSSIBLE SUNSHINE (PERCENT)   MM
AVERAGE SKY COVER           0.20
NUMBER OF DAYS FAIR           23
NUMBER OF DAYS PC              8
NUMBER OF DAYS CLOUDY          0

AVERAGE RH (PERCENT)     72

WEATHER CONDITIONS. NUMBER OF DAYS WITH
THUNDERSTORM              0     MIXED PRECIP               0
HEAVY RAIN                6     RAIN                       7
LIGHT RAIN               10     FREEZING RAIN              0
LT FREEZING RAIN          0     HAIL                       0
HEAVY SNOW                0     SNOW                       0
LIGHT SNOW                0     SLEET                      0
FOG                      12     FOG W/VIS <= 1/4 MILE      0
HAZE                      0

-  INDICATES NEGATIVE NUMBERS.
R  INDICATES RECORD WAS SET OR TIED.
MM INDICATES DATA IS MISSING.
T  INDICATES TRACE AMOUNT.

$$
