000
CXUS53 KLOT 011626
CLMUGN


CLIMATE REPORT
NATIONAL WEATHER SERVICE CHICAGO IL
1024 AM CST FRI DEC 1 2017

...................................

...THE WAUKEGAN   CLIMATE SUMMARY FOR THE MONTH OF NOVEMBER 2017...

CLIMATE NORMAL PERIOD 1981 TO 2010
CLIMATE RECORD PERIOD 2000 TO 2017

WEATHER         OBSERVED          NORMAL  DEPART  LAST YEAR`S
                 VALUE   DATE(S)  VALUE   FROM    VALUE
                                          NORMAL
.............................................................
TEMPERATURE (F)
RECORD
 HIGH              76   11/01/2016
 LOW                7   11/21/2014
HIGHEST            63   11/24        MM      MM       76
LOWEST             16   11/10        MM      MM       22
AVG. MAXIMUM     45.9              46.7    -0.8     55.2
AVG. MINIMUM     29.9              31.4    -1.5     38.5
MEAN             37.9              39.1    -1.2     46.9

PRECIPITATION (INCHES)
RECORD
 MAXIMUM         5.24   2003
 MINIMUM         0.26   1999
TOTALS           1.89              2.76   -0.87     2.36

DEGREE_DAYS
HEATING TOTAL     807               779      28      539
 SINCE 7/1       1230              1385    -155      887
COOLING TOTAL       0                 0       0        3
 SINCE 1/1        571               564       7      855
..............................................................

WIND (MPH)
AVERAGE WIND SPEED              7.9
HIGHEST WIND SPEED/DIRECTION    32/200    DATE  11/20
HIGHEST GUST SPEED/DIRECTION    43/210    DATE  11/20

AVERAGE RH (PERCENT)     71


-  INDICATES NEGATIVE NUMBERS.
R  INDICATES RECORD WAS SET OR TIED.
MM INDICATES DATA IS MISSING.
T  INDICATES TRACE AMOUNT.

$$
