048
CXUS53 KLOT 011211
CLMUGN


CLIMATE REPORT
NATIONAL WEATHER SERVICE CHICAGO IL
643 AM CDT FRI MAY 1 2015

...................................

...THE WAUKEGAN   CLIMATE SUMMARY FOR THE MONTH OF APRIL 2015...

CLIMATE NORMAL PERIOD 1981 TO 2010
CLIMATE RECORD PERIOD 2000 TO 2015

WEATHER         OBSERVED          NORMAL  DEPART  LAST YEAR`S
                 VALUE   DATE(S)  VALUE   FROM    VALUE
                                          NORMAL
.............................................................
TEMPERATURE (F)
RECORD
 HIGH              89   04/18/2002
 LOW               20   04/05/2002
HIGHEST            76   04/17                         77
LOWEST             24   04/04                         21
AVG. MAXIMUM     56.2              55.3     0.9     53.9
AVG. MINIMUM     34.9              36.8    -1.9     33.4
MEAN             45.6              46.1    -0.5     43.7

PRECIPITATION (INCHES)
RECORD
 MAXIMUM         7.70   2013
 MINIMUM         1.08   2005
TOTALS           4.24              3.48    0.76     3.02

DEGREE_DAYS
HEATING TOTAL     578               572       6      633
 SINCE 7/1       7109              6442     667     7641
COOLING TOTAL       0                 4      -4        0
 SINCE 1/1          0                 4      -4        0
..............................................................

WIND (MPH)
AVERAGE WIND SPEED              8.4
HIGHEST WIND SPEED/DIRECTION    29/220    DATE  04/10
HIGHEST GUST SPEED/DIRECTION    45/220    DATE  04/10

AVERAGE RH (PERCENT)     67


-  INDICATES NEGATIVE NUMBERS.
R  INDICATES RECORD WAS SET OR TIED.
MM INDICATES DATA IS MISSING.
T  INDICATES TRACE AMOUNT.

$$
