000
CXUS56 KSEW 011030
CLMUIL


CLIMATE REPORT
NATIONAL WEATHER SERVICE SEATTLE WA
230 AM PST THU DEC 1 2016

...................................

...THE QUILLAYUTE WA AIRPORT CLIMATE SUMMARY FOR THE MONTH OF NOVEMBER 2016...

CLIMATE NORMAL PERIOD 1981 TO 2010
CLIMATE RECORD PERIOD 1966 TO 2016

WEATHER         OBSERVED          NORMAL  DEPART  LAST YEAR`S
                 VALUE   DATE(S)  VALUE   FROM    VALUE  DATE(S)
                                          NORMAL
................................................................
TEMPERATURE (F)
RECORD
 HIGH              69   11/03/1976
 LOW                5   11/23/1985
HIGHEST            64   11/07        MM      MM       58  11/05
                                                          11/02
                                                          11/01
LOWEST             36   11/26        MM      MM       21  11/29
                                                          11/28
AVG. MAXIMUM     54.1              50.3     3.8     53.0
AVG. MINIMUM     43.0              38.1     4.9     34.7
MEAN             48.6              44.2     4.4     43.8
DAYS MAX >= 90      0               0.0     0.0        0
DAYS MAX <= 32      0               0.3    -0.3        0
DAYS MIN <= 32      0               5.6    -5.6       10
DAYS MIN <= 0       0               0.0     0.0        0

PRECIPITATION (INCHES)
RECORD
 MAXIMUM        29.14   1983
 MINIMUM         4.41   1976
TOTALS          25.72             15.52   10.20    14.96
DAILY AVG.       0.86              0.52    0.34     0.50
DAYS >= .01        29              22.8     6.2       18
DAYS >= .10        26              18.6     7.4       14
DAYS >= .50        18              10.5     7.5        9
DAYS >= 1.00       11               5.0     6.0        5
GREATEST
 24 HR. TOTAL    2.82   11/04 TO 11/05

DEGREE_DAYS
HEATING TOTAL     488               624    -136      625
 SINCE 7/1       1427              1714    -287     1311
COOLING TOTAL       0                 0       0        0
 SINCE 1/1         54                19      35       56
.................................................................

WIND (MPH)
AVERAGE WIND SPEED              6.9
HIGHEST WIND SPEED/DIRECTION    28/260    DATE  11/30
HIGHEST GUST SPEED/DIRECTION    42/180    DATE  11/07

SKY COVER
POSSIBLE SUNSHINE (PERCENT)   MM
AVERAGE SKY COVER           0.80
NUMBER OF DAYS FAIR            0
NUMBER OF DAYS PC             11
NUMBER OF DAYS CLOUDY         19

AVERAGE RH (PERCENT)     86

WEATHER CONDITIONS. NUMBER OF DAYS WITH
THUNDERSTORM              0     MIXED PRECIP               0
HEAVY RAIN               13     RAIN                      22
LIGHT RAIN               30     FREEZING RAIN              0
LT FREEZING RAIN          0     HAIL                       0
HEAVY SNOW                0     SNOW                       0
LIGHT SNOW                0     SLEET                      0
FOG                      26     FOG W/VIS <= 1/4 MILE      4
HAZE                      0

-  INDICATES NEGATIVE NUMBERS.
R  INDICATES RECORD WAS SET OR TIED.
MM INDICATES DATA IS MISSING.
T  INDICATES TRACE AMOUNT.

$$
