000
CXUS56 KSEW 011152
CLMUIL


CLIMATE REPORT
NATIONAL WEATHER SERVICE SEATTLE WA
452 AM PDT SAT AUG 1 2015

...................................

...THE QUILLAYUTE WA AIRPORT CLIMATE SUMMARY FOR THE MONTH OF JULY 2015...

CLIMATE NORMAL PERIOD 1981 TO 2010
CLIMATE RECORD PERIOD 1966 TO 2015

WEATHER         OBSERVED          NORMAL  DEPART  LAST YEAR`S
                 VALUE   DATE(S)  VALUE   FROM    VALUE  DATE(S)
                                          NORMAL
................................................................
TEMPERATURE (F)
RECORD
 HIGH              97   07/19/1988
                        10/07/5881
                        10/07/5881
 LOW               38   07/05/2002
                        07/14/2000
                        07/18/1977
HIGHEST            90   07/18        MM      MM       91  07/01
LOWEST             48   07/01        MM      MM       44  07/04
AVG. MAXIMUM     72.7              67.4     5.3     69.6
AVG. MINIMUM     53.3              50.5     2.8     51.4
MEAN             63.0              58.9     4.1     60.5
DAYS MAX >= 90      1               0.3     0.7        1
DAYS MAX <= 32      0               0.0     0.0        0
DAYS MIN <= 32      0               0.0     0.0        0
DAYS MIN <= 0       0               0.0     0.0        0

PRECIPITATION (INCHES)
RECORD
 MAXIMUM        11.02   1983
 MINIMUM         0.01   2013
TOTALS           0.97              1.98   -1.01     0.82
DAILY AVG.       0.03              0.06   -0.03     0.03
DAYS >= .01         4              10.3    -6.3        8
DAYS >= .10         4               4.1    -0.1        3
DAYS >= .50         0               0.9    -0.9        0
DAYS >= 1.00        0               0.4    -0.4        0
GREATEST
 24 HR. TOTAL    0.40   07/11 TO 07/12

DEGREE_DAYS
HEATING TOTAL      71               194    -123      136
 SINCE 7/1         71               194    -123      136
COOLING TOTAL      17                 7      10        6
 SINCE 1/1         30                11      19       10
.................................................................

WIND (MPH)
AVERAGE WIND SPEED              4.7
HIGHEST WIND SPEED/DIRECTION    20/190    DATE  07/19
HIGHEST GUST SPEED/DIRECTION    29/200    DATE  07/19

SKY COVER
POSSIBLE SUNSHINE (PERCENT)   MM
AVERAGE SKY COVER           0.50
NUMBER OF DAYS FAIR            9
NUMBER OF DAYS PC             11
NUMBER OF DAYS CLOUDY         11

AVERAGE RH (PERCENT)     80

WEATHER CONDITIONS. NUMBER OF DAYS WITH
THUNDERSTORM              0     MIXED PRECIP               0
HEAVY RAIN                1     RAIN                       2
LIGHT RAIN               13     FREEZING RAIN              0
LT FREEZING RAIN          0     HAIL                       0
HEAVY SNOW                0     SNOW                       0
LIGHT SNOW                0     SLEET                      0
FOG                      26     FOG W/VIS <= 1/4 MILE      6
HAZE                      0

-  INDICATES NEGATIVE NUMBERS.
R  INDICATES RECORD WAS SET OR TIED.
MM INDICATES DATA IS MISSING.
T  INDICATES TRACE AMOUNT.

$$
