000
CXUS55 KGJT 011225
CLMVEL


CLIMATE REPORT
NATIONAL WEATHER SERVICE GRAND JUNCTION CO
513 AM MST MON DEC 1 2014

...................................

...THE VERNAL UT CLIMATE SUMMARY FOR THE MONTH OF NOVEMBER 2014...

CLIMATE NORMAL PERIOD 1981 TO 2010
CLIMATE RECORD PERIOD 9999 TO 9999

WEATHER         OBSERVED          NORMAL  DEPART  LAST YEAR`S
                 VALUE   DATE(S)  VALUE   FROM    VALUE  DATE(S)
                                          NORMAL
................................................................
TEMPERATURE (F)
HIGHEST            69   11/01        MM      MM       57  11/11
                                                          11/10
                                                          11/09
LOWEST              7   11/17        MM      MM       18  11/06
                        11/13
AVG. MAXIMUM     45.3              44.5     0.8     43.1
AVG. MINIMUM     22.0              23.7    -1.7     24.0
MEAN             33.7              34.1    -0.4     33.5
DAYS MAX >= 90      0               0.0     0.0        0
DAYS MAX <= 32      4               3.0     1.0        8
DAYS MIN <= 32     28              25.6     2.4       30
DAYS MIN <= 0       0               0.0     0.0        0

PRECIPITATION (INCHES)
TOTALS           0.42              0.59   -0.17     0.21
DAILY AVG.       0.01              0.02   -0.01     0.01
DAYS >= .01         4               4.5    -0.5        5
DAYS >= .10         2               2.0     0.0        0
DAYS >= .50         0               0.1    -0.1        0
DAYS >= 1.00        0               0.0     0.0        0
GREATEST
 24 HR. TOTAL    0.23   11/22 TO 11/22              0.13

SNOWFALL (INCHES)
TOTALS             MM                MM      MM       MM
SINCE 7/1          MM                MM      MM       MM
SNOWDEPTH AVG.     MM                MM      MM       MM
DAYS >= 1.0        MM                MM      MM       MM
GREATEST
 SNOW DEPTH        MM                                 MM  MM
 24 HR TOTAL       MM                                 MM

DEGREE_DAYS
HEATING TOTAL     937               927      10      936
 SINCE 7/1       1483              1631    -148     1671
COOLING TOTAL       0                 0       0        0
 SINCE 1/1        621               511     110      787
.................................................................

WIND (MPH)
AVERAGE WIND SPEED              4.7
HIGHEST WIND SPEED/DIRECTION    31/350    DATE  11/24
HIGHEST GUST SPEED/DIRECTION    41/360    DATE  11/24

SKY COVER
POSSIBLE SUNSHINE (PERCENT)   MM
AVERAGE SKY COVER           0.20
NUMBER OF DAYS FAIR           22
NUMBER OF DAYS PC              6
NUMBER OF DAYS CLOUDY          2

AVERAGE RH (PERCENT)     57

WEATHER CONDITIONS. NUMBER OF DAYS WITH
THUNDERSTORM              2     MIXED PRECIP               0
HEAVY RAIN                1     RAIN                       2
LIGHT RAIN                5     FREEZING RAIN              0
LT FREEZING RAIN          0     HAIL                       0
HEAVY SNOW                0     SNOW                       0
LIGHT SNOW                2     SLEET                      0
FOG                       3     FOG W/VIS <= 1/4 MILE      1
HAZE                      2

-  INDICATES NEGATIVE NUMBERS.
R  INDICATES RECORD WAS SET OR TIED.
MM INDICATES DATA IS MISSING.
T  INDICATES TRACE AMOUNT.

$$
