000
CXUS55 KGJT 070001
CLMVEL

CLIMATE REPORT
NATIONAL WEATHER SERVICE GRAND JUNCTION CO
442 AM MST SUN MAR 1 2015

...................................

...THE VERNAL UT CLIMATE SUMMARY FOR THE MONTH OF FEBRUARY 2015...

CLIMATE NORMAL PERIOD 1981 TO 2010
CLIMATE RECORD PERIOD 9999 TO 9999

WEATHER         OBSERVED          NORMAL  DEPART  LAST YEAR`S
                 VALUE   DATE(S)  VALUE   FROM    VALUE  DATE(S)
                                          NORMAL
................................................................
TEMPERATURE (F)
HIGHEST            61   02/09        MM      MM       60  02/25
LOWEST             10   02/24        MM      MM       -5  02/06
AVG. MAXIMUM     49.7              35.8    13.9     41.9
AVG. MINIMUM     23.5              15.9     7.6     19.0
MEAN             36.6              25.8    10.8     30.4
DAYS MAX >= 90      0               0.0     0.0        0
DAYS MAX <= 32      1               9.0    -8.0        7
DAYS MIN <= 32     28              27.4     0.6       28
DAYS MIN <= 0       0               2.2    -2.2        1

PRECIPITATION (INCHES)
TOTALS           0.01              0.52   -0.51     0.18
DAILY AVG.       0.00              0.02   -0.02     0.01
DAYS >= .01         1               4.9    -3.9        3
DAYS >= .10         0               2.0    -2.0        0
DAYS >= .50         0               0.1    -0.1        0
DAYS >= 1.00        0               0.0     0.0        0
GREATEST
 24 HR. TOTAL    0.01   02/28 TO 02/28              0.09

SNOWFALL (INCHES)
TOTALS             MM                MM      MM       MM
SINCE 7/1          MM                MM      MM       MM
SNOWDEPTH AVG.     MM                MM      MM       MM
DAYS >= 1.0        MM                MM      MM       MM
GREATEST
 SNOW DEPTH        MM                                 MM  MM
 24 HR TOTAL       MM                                 MM

DEGREE_DAYS
HEATING TOTAL     787              1096    -309      963
 SINCE 7/1       4553              5491    -938     5807
COOLING TOTAL       0                 0       0        0
 SINCE 1/1          0                 0       0        0
.................................................................

WIND (MPH)
AVERAGE WIND SPEED              5.4
HIGHEST WIND SPEED/DIRECTION    29/350    DATE  02/25
HIGHEST GUST SPEED/DIRECTION    38/050    DATE  02/25

SKY COVER
POSSIBLE SUNSHINE (PERCENT)   MM
AVERAGE SKY COVER           0.20
NUMBER OF DAYS FAIR           18
NUMBER OF DAYS PC              7
NUMBER OF DAYS CLOUDY          3

AVERAGE RH (PERCENT)     51

WEATHER CONDITIONS. NUMBER OF DAYS WITH
THUNDERSTORM              0     MIXED PRECIP               0
HEAVY RAIN                0     RAIN                       0
LIGHT RAIN                0     FREEZING RAIN              0
LT FREEZING RAIN          0     HAIL                       0
HEAVY SNOW                0     SNOW                       0
LIGHT SNOW                3     SLEET                      0
FOG                       4     FOG W/VIS <= 1/4 MILE      0
HAZE                      2

-  INDICATES NEGATIVE NUMBERS.
R  INDICATES RECORD WAS SET OR TIED.
MM INDICATES DATA IS MISSING.
T  INDICATES TRACE AMOUNT.

$$
