000
CXUS52 KMLB 011339
CLMVRB
CLIMATE REPORT
NATIONAL WEATHER SERVICE MELBOURNE FL
839 AM EST FRI MAR 01 2024
...................................
...THE VERO BEACH CLIMATE SUMMARY FOR THE MONTH OF FEBRUARY 2024...
CLIMATE NORMAL PERIOD 1991 TO 2020
CLIMATE RECORD PERIOD 1942 TO 2024
WEATHER OBSERVED NORMAL DEPART LAST YEAR`S
VALUE DATE(S) VALUE FROM VALUE
NORMAL
..............................................................
TEMPERATURE (F)
MONTHLY RECORD
HOTTEST72.2 2018
COLDEST55.1 1958
DAILY RECORD
HIGH 90 02/24/2019
LOW 28 02/24/1989
FEBRUARY 2024
HIGHEST 86 02/12 88
LOWEST 42 02/20 42
AVG. MAXIMUM 74.8 75.6 -0.8 81.7
AVG. MINIMUM 52.9 54.5 -1.6 59.0
MEAN 63.8 65.0 -1.2 70.3
DAYS MAX >= 90 0 0.0 0.0 0
DAYS MAX <= 32 0 0.0 0.0 0
DAYS MIN <= 32 0 0.3 -0.3 0
DAYS MIN <= 0 0 0.0 0.0 0
PRECIPITATION (INCHES)
MONTHLY RECORD
MAXIMUM 9.96 1983
MINIMUM 0.04 2001
DAILY RECORD
MAXIMUM2.65 02/23/1966
FEBRUARY 2024
TOTALS 2.08 2.20 -0.12 2.40
DAYS >= .01 6 7.0 -1.0 3
DAYS >= .10 3 3.6 -0.6 2
DAYS >= .50 1 1.5 -0.5 1
DAYS >= 1.00 1 0.5 0.5 1
GREATEST
24 HR. TOTAL 1.70 02/18 TO 02/18
SNOWFALL (INCHES)
TOTALS 0.0 0.0 0.0 0.0
SINCE 7/1 0.0 0.0 0.0 MM
DAYS >= TRACE 0 0
DEGREE DAYS
HEATING TOTAL 74 85 -11 15
SINCE 7/1 241 344 -103 MM
COOLING TOTAL 49 86 -37 173
SINCE 1/1 145 154 -9 MM
..............................................................
WIND (MPH)
AVERAGE WIND SPEED 8.8
HIGHEST WIND SPEED/DIRECTION 32/110 DATE 02/04
32/340 02/06
HIGHEST GUST SPEED/DIRECTION 48/320 DATE 02/06
SKY COVER
POSSIBLE SUNSHINE (PERCENT) MM
AVERAGE SKY COVER 0.35
NUMBER OF DAYS FAIR 18
NUMBER OF DAYS PC 9
NUMBER OF DAYS CLOUDY 2
AVERAGE RH (PERCENT) 72
WEATHER CONDITIONS. NUMBER OF DAYS WITH
THUNDERSTORM 0 MIXED PRECIP 0
HEAVY RAIN 2 RAIN 2
LIGHT RAIN 9 LT FREEZING RAIN 0
HAIL 0 LIGHT SNOW 0
SLEET 0 FOG 17
FOG W/VIS <= 1/4 MILE 2 HAZE 3
- INDICATES NEGATIVE NUMBERS.
R INDICATES RECORD WAS SET OR TIED.
MM INDICATES DATA IS MISSING.
T INDICATES TRACE AMOUNT.
$$