000
CXUS56 KPQR 011529
CLMVUO


CLIMATE REPORT
NATIONAL WEATHER SERVICE PORTLAND OREGON
729 AM PST FRI DEC 1 2017

...................................

...THE VANCOUVER WA CLIMATE SUMMARY FOR THE MONTH OF NOVEMBER 2017...

CLIMATE NORMAL PERIOD 1981 TO 2010
CLIMATE RECORD PERIOD 1891 TO 2017

WEATHER         OBSERVED          NORMAL  DEPART  LAST YEAR`S
                 VALUE   DATE(S)  VALUE   FROM    VALUE  DATE(S)
                                          NORMAL
................................................................
TEMPERATURE (F)
RECORD
 HIGH              72   11/03/2010
                        11/08/1905
 LOW                6   11/28/1896
HIGHEST            63                MM      MM       68  11/10
                                                          11/08
                                                          11/04
LOWEST             35                MM      MM       34  11/18
AVG. MAXIMUM     52.8              53.1    -0.3     57.7
AVG. MINIMUM     41.5              39.8     1.7     46.0
MEAN             47.2              46.4     0.8     51.8
DAYS MAX >= 90      0               0.0     0.0        0
DAYS MAX <= 32      0               0.1    -0.1        0
DAYS MIN <= 32      0               4.3    -4.3        0
DAYS MIN <= 0       0               0.0     0.0        0

PRECIPITATION (INCHES)
TOTALS           6.50                               6.88
DAYS >= .01        22                                 21
DAYS >= .10        19                                 13
DAYS >= .50         3                                  4
DAYS >= 1.00        0                                  1
GREATEST
 24 HR. TOTAL    0.90   11/15 TO 11/15

DEGREE_DAYS
HEATING TOTAL     526                                391
 SINCE 7/1        961                                788
COOLING TOTAL       0                                  0
 SINCE 1/1        639                                407
.................................................................

WIND (MPH)
AVERAGE WIND SPEED              5.2
RESULTANT WIND SPEED/DIRECTION   4/129
HIGHEST WIND SPEED/DIRECTION    23/260    DATE  11/02
HIGHEST GUST SPEED/DIRECTION    34/260    DATE  11/02

SKY COVER
POSSIBLE SUNSHINE (PERCENT)   MM
AVERAGE SKY COVER           0.80

AVERAGE RH (PERCENT)     83

WEATHER CONDITIONS. NUMBER OF DAYS WITH
THUNDERSTORM              0     MIXED PRECIP               0
HEAVY RAIN                1     RAIN                       7
LIGHT RAIN               23     FREEZING RAIN              0
LT FREEZING RAIN          0     HAIL                       0
HEAVY SNOW                0     SNOW                       0
LIGHT SNOW                0     SLEET                      0
FOG                      23     FOG W/VIS <= 1/4 MILE      4
HAZE                      1

-  INDICATES NEGATIVE NUMBERS.
R  INDICATES RECORD WAS SET OR TIED.
MM INDICATES DATA IS MISSING.
T  INDICATES TRACE AMOUNT.

$$
