000
CXUS55 KLKN 021742
CLMWMC


CLIMATE REPORT
NATIONAL WEATHER SERVICE ELKO NV
1036 AM PDT SAT JUL 2 2016

...................................

...THE WINNEMUCCA AIRPORT NV CLIMATE SUMMARY FOR THE MONTH OF JUNE 2016...

CLIMATE NORMAL PERIOD 1981 TO 2010
CLIMATE RECORD PERIOD 1877 TO 2016

WEATHER         OBSERVED          NORMAL  DEPART  LAST YEAR`S
                 VALUE   DATE(S)  VALUE   FROM    VALUE  DATE(S)
                                          NORMAL
................................................................
TEMPERATURE (F)
RECORD
 HIGH             106   06/30/2013
                        06/24/1988
                        07/18/1998
 LOW               23   06/04/2001
                        06/06/1954
HIGHEST           100   06/29        98       2      104  06/27
                        06/28
                        06/27
LOWEST             25   06/16        32      -7       43  06/05
AVG. MAXIMUM     88.7              82.9     5.8     90.3
AVG. MINIMUM     46.3              45.4     0.9     51.5
MEAN             67.5              64.2     3.3     70.9
DAYS MAX >= 90     16               8.6     7.4       21
DAYS MAX <= 32      0               0.0     0.0        0
DAYS MIN <= 32      2               0.9     1.1        0
DAYS MIN <= 0       0               0.0     0.0        0

PRECIPITATION (INCHES)
RECORD
 MAXIMUM         2.86   1958
 MINIMUM         0.00   1994
                        1974
TOTALS           0.01              0.56   -0.55     0.12
DAILY AVG.       0.00              0.02   -0.02     0.00
DAYS >= .01         1               4.1    -3.1        4
DAYS >= .10         0               1.8    -1.8        0
DAYS >= .50         0               0.1    -0.1        0
DAYS >= 1.00        0               0.0     0.0        0
GREATEST
 24 HR. TOTAL    0.01   06/15 TO 06/15              0.07
                        06/14 TO 06/15
                        06/15 TO 06/15

SNOWFALL (INCHES)
RECORDS
 TOTAL            3.1   1908
TOTALS            0.0                 T     0.0      0.0
SINCE 7/1        21.1              20.9     0.2      5.3
SNOWDEPTH AVG.      0                                  0
DAYS >= TRACE       0               0.0     0.0        0
DAYS >= 1.0         0               0.0     0.0        0
DAYS >= 5.0         0                                  0
GREATEST
 SNOW DEPTH         0   MM                             0
 24 HR TOTAL      0.0   06/30 TO 06/30               0.0

DEGREE_DAYS
HEATING TOTAL      54               105     -51       22
 SINCE 7/1       5686              6305    -619     5277
COOLING TOTAL     133                79      54      205
 SINCE 1/1        133                90      43      209
.................................................................

WIND (MPH)
AVERAGE WIND SPEED              8.9
HIGHEST WIND SPEED/DIRECTION    36/270    DATE  06/15
HIGHEST GUST SPEED/DIRECTION    45/270    DATE  06/15

AVERAGE RH (PERCENT)     31

WEATHER CONDITIONS. NUMBER OF DAYS WITH
THUNDERSTORM              0     MIXED PRECIP               0
HEAVY RAIN                0     RAIN                       1
LIGHT RAIN                2     FREEZING RAIN              0
LT FREEZING RAIN          0     HAIL                       0
HEAVY SNOW                0     SNOW                       0
LIGHT SNOW                0     SLEET                      0
FOG                       0     FOG W/VIS <= 1/4 MILE      0
HAZE                      1

-  INDICATES NEGATIVE NUMBERS.
R  INDICATES RECORD WAS SET OR TIED.
MM INDICATES DATA IS MISSING.
T  INDICATES TRACE AMOUNT.

&&

==============================================================

...13TH WARMEST JUNE ON RECORD IN WINNEMUCCA...
...TIED FOR DRIEST JUNE ON RECORD IN WINNEMUCCA...

THE AVERAGE TEMPERATURE IN WINNEMUCCA DURING JUNE 2016 WAS
67.5 DEGREES...WHICH IS 3.3 DEGREES ABOVE THE 1981-2010
CLIMATOLOGICAL NORMAL OF 64.2 DEGREES. THIS MAKES JUNE 2016
THE 13TH WARMEST ON RECORD. THE TOTAL PRECIPITATION WAS 0.01
INCHES...WHICH IS 0.55 INCHES BELOW OR 2 PERCENT OF THE
1981-2010 CLIMATOLOGICAL NORMAL OF 0.56 INCHES. THIS MAKES
JUNE 2016 TIED FOR THE DRIEST JUNE ON RECORD. NO SNOW WAS
REPORTED FOR THE MONTH OF JUNE.

A RECORD LOW OF 25 DEGREES WAS SET ON JUNE 16.

$$

NWS ELKO CLIMATE TEAM
