100
CXUS55 KLKN 022202 CCA
CLMWMC

CLIMATE REPORT
NATIONAL WEATHER SERVICE ELKO NV
301 PM PDT MON MAY 2 2016

...................................

...THE WINNEMUCCA AIRPORT NV CLIMATE SUMMARY FOR THE MONTH OF APRIL 2016...

CLIMATE NORMAL PERIOD 1981 TO 2010
CLIMATE RECORD PERIOD 1877 TO 2016

WEATHER         OBSERVED          NORMAL  DEPART  LAST YEAR`S
                 VALUE   DATE(S)  VALUE   FROM    VALUE  DATE(S)
                                          NORMAL
................................................................
TEMPERATURE (F)
RECORD
 HIGH              90   04/23/2012
                        04/22/2012
                        04/30/1981
 LOW                6   04/30/1972
HIGHEST            79   04/21        80      -1       78  04/29
                        04/20                             04/21
                        04/07
LOWEST             19   04/16        16       3        9  04/15
AVG. MAXIMUM     66.1              62.5     3.6     63.7
AVG. MINIMUM     32.4              30.7     1.7     27.3
MEAN             49.2              46.6     2.6     45.5
DAYS MAX >= 90      0               0.0     0.0        0
DAYS MAX <= 32      0               0.0     0.0        0
DAYS MIN <= 32     15              16.8    -1.8       21
DAYS MIN <= 0       0               0.0     0.0        0

PRECIPITATION (INCHES)
RECORD
 MAXIMUM         3.34   1935
 MINIMUM         0.06   1959
                        1921
TOTALS           1.07              0.89    0.18     1.83
DAILY AVG.       0.04              0.03    0.01     0.06
DAYS >= .01        10               7.7     2.3        6
DAYS >= .10         4               2.6     1.4        3
DAYS >= .50         0               0.3    -0.3        2
DAYS >= 1.00        0               0.1    -0.1        0
GREATEST
 24 HR. TOTAL    0.38   04/24 TO 04/25              0.73

SNOWFALL (INCHES)
RECORDS
 TOTAL           12.0   1964
TOTALS              T               1.6    -1.6      2.4
SINCE 7/1        21.1              20.8     0.3      5.3
SNOWDEPTH AVG.      0                                  0
DAYS >= TRACE       2               1.9     0.1        3
DAYS >= 1.0         0               0.5    -0.5        2
DAYS >= 5.0         0                                  0
GREATEST
 SNOW DEPTH         0   MM                             0
 24 HR TOTAL        T   04/25 TO 04/25               1.4

DEGREE_DAYS
HEATING TOTAL     463               552     -89      578
 SINCE 7/1       5299              5880    -581     4957
COOLING TOTAL       0                 0       0        0
 SINCE 1/1          0                 0       0        0
.................................................................

WIND (MPH)
AVERAGE WIND SPEED              8.0
HIGHEST WIND SPEED/DIRECTION    30/230    DATE  04/22
HIGHEST GUST SPEED/DIRECTION    42/200    DATE  04/22

AVERAGE RH (PERCENT)     56

WEATHER CONDITIONS. NUMBER OF DAYS WITH
THUNDERSTORM              0     MIXED PRECIP               0
HEAVY RAIN                0     RAIN                       4
LIGHT RAIN               11     FREEZING RAIN              0
LT FREEZING RAIN          0     HAIL                       0
HEAVY SNOW                0     SNOW                       0
LIGHT SNOW                2     SLEET                      0
FOG                       7     FOG W/VIS <= 1/4 MILE      0
HAZE                      0

-  INDICATES NEGATIVE NUMBERS.
R  INDICATES RECORD WAS SET OR TIED.
MM INDICATES DATA IS MISSING.
T  INDICATES TRACE AMOUNT.

&&

=====================================================================

...TIED FOR 28TH WARMEST APRIL ON RECORD IN WINNEMUCCA...
...TIED FOR 40TH WETTEST APRIL ON RECORD IN WINNEMUCCA...
...TIED FOR LEAST SNOWY APRIL ON RECORD IN WINNEMUCCA...

THE AVERAGE TEMPERATURE IN WINNEMUCCA DURING APRIL 2016 WAS 49.2
DEGREES...WHICH IS 2.6 DEGREES ABOVE THE 1981-2010 CLIMATOLOGICAL
NORMAL OF 46.6 DEGREES. THIS MAKES APRIL 2016 TIED FOR THE 28TH
WARMEST ON RECORD.

THE TOTAL PRECIPITATION WAS 1.07 INCHES...WHICH IS 0.18 INCHES
ABOVE OR 120 PERCENT OF THE 1981-2010 CLIMATOLOGICAL NORMAL OF
0.89 INCH. THIS MAKES APRIL 2016 TIED FOR THE 40TH WETTEST ON
RECORD.

THE TOTAL SNOWFALL WAS A TRACE...WHICH IS 1.6 INCHES BELOW
THE 1981-2010 CLIMATOLOGICAL NORMAL OF 1.6 INCHES. THIS TIES
APRIL 2016 FOR THE LEAST SNOWIEST ON RECORD.

$$

DTK
