000
CXUS56 KPDT 011637
CLMYKM

CLIMATE REPORT
NATIONAL WEATHER SERVICE PENDLETON OREGON
921 AM PDT SUN MAY 01 2016

....................................

...THE YAKIMA WA CLIMATE SUMMARY FOR THE MONTH OF APRIL 2016...

CLIMATE NORMAL PERIOD 1981 TO 2010
CLIMATE RECORD PERIOD 1909 TO 2016

WEATHER         OBSERVED          NORMAL  DEPART  LAST YEAR`S
                 VALUE   DATE(S)  VALUE   FROM    VALUE  DATE(S)
                                          NORMAL

................................................................

TEMPERATURE (F)
RECORD
 HIGH              92   4/24/1977
 LOW               18   4/19/2008
HIGHEST            88   4/20       80         8            84   4/28
LOWEST             32   4/26       24         8            26   4/ 4
AVG. MAXIMUM     74.3            63.8      10.5          68.2
AVG. MINUMUM     42.5            34.4       8.1          35.5
MEAN             58.4            49.1       9.3          51.9
DAYS MAX >= 90      0               0         0             0
DAYS MAX <= 32      0               0         0             0
DAYS MIN <= 32      1              12       -11            11
DAYS MIN <= 0       0               0         0            11


PRECIPITATION (INCHES)
RECORD
 MAXIMUM          1.83   1995
 MINIMUM             T   2015
TOTALS            0.27            0.55     -0.28             T
DAILY AVG.        0.01            0.02     -0.01          0.00
DAYS >=  0.01        2               6        -4             0
DAYS >=  0.10        1               2        -1             0
DAYS >=  0.50        0               0         0             0
DAYS >=  1.00        0               0         0             0
GREATEST
 24 HR. TOTAL     0.26   4/14



SNOWFALL (INCHES)
RECORD
 MAXIMUM           0.8   2010
 MINIMUM           0.0   2015
TOTALS             0.0             0.0       0.0           0.0
SINCE 7/1         31.4            22.1       9.3           1.6
DAYS >=  TRACE                       0         0
DAYS >=  1.0         0               0         0             0
GREATEST
 24 HR. TOTAL      0.0   4/30


DEGREE DAYS
HEATING TOTAL      196             477      -281           385
 SINCE 7/1        4505            5706     -1201          4421
COOLING TOTAL        6               0         6             0
 SINCE 1/1           6               0         6             0

.............................................................

WIND (MPH)
AVERAGE WIND SPEED                     6.6
RESULTANT WIND SPEED/DIRECTION         4/273
HIGHEST WIND SPEED/DIRECTION          31/280      DATE          04/04
HIGHEST GUST SPEED/DIRECTION          40/270      DATE          04/04


WEATHER CONDITIONS. NUMBER OF DAYS WITH
THUNDERSTORM               0    MIXED PRECIP                        0
HEAVY RAIN                 0    RAIN                                1
LIGHT RAIN                 5    FREEZING RAIN                       0
LT FREEZING RAIN           0    HAIL                                0
HEAVY SNOW                 0    SNOW                                0
LIGHT SNOW                 0    SLEET                               0
FOG                        0    FOG W/VIS <=1/4 MILE                0
HAZE                       0

-  INDICATES NEGATIVE NUMBERS.
R  INDICATES RECORD WAS SET OR TIED.
MM INDICATES DATA IS MISSING.
T  INDICATES TRACE AMOUNT.

$$
