000
CXUS53 KBIS 011608
CLSBIS

CLIMATE REPORT
NATIONAL WEATHER SERVICE BISMARCK ND
950 AM CDT FRI SEP 1 2017

...................................

...THE BISMARCK ND CLIMATE SUMMARY FOR THE SEASON, FROM
6/1/2017 TO 8/31/2017...

CLIMATE NORMAL PERIOD 1981 TO 2010
CLIMATE RECORD PERIOD 1875 TO 2017

WEATHER         OBSERVED          NORMAL  DEPART  LAST YEAR`S
                 VALUE   DATE(S)  VALUE   FROM    VALUE  DATE(S)
                                          NORMAL
................................................................
TEMPERATURE (F)
RECORD
 HIGH             114   07/06/1936
 LOW               30   06/02/1969
HIGHEST           103   07/05        MM      MM       MM  MM
LOWEST             40   06/26        MM      MM       MM  MM
AVG. MAXIMUM     84.4              81.9     2.5       MM
AVG. MINIMUM     56.1              55.0     1.1       MM
MEAN             70.3              68.5     1.8       MM
DAYS MAX >= 90     25              18.1     6.9       MM
DAYS MAX <= 32      0               0.0     0.0       MM
DAYS MIN <= 32      0               0.0     0.0       MM
DAYS MIN <= 0       0               0.0     0.0       MM

PRECIPITATION (INCHES)
RECORD
 MAXIMUM        14.22   2001
 MINIMUM         4.48   2012
TOTALS           8.51              8.34    0.17       MM
DAILY AVG.       0.09              0.09    0.00       MM
DAYS >= .01        25              29.1    -4.1       MM
DAYS >= .10        14              16.1    -2.1       MM
DAYS >= .50         5               5.2    -0.2       MM
DAYS >= 1.00        1               1.7    -0.7       MM
GREATEST
 24 HR. TOTAL    2.53   MM                            MM
 STORM TOTAL       MM                                 MM
 (MM/DD(HH))            MM                                MM

SNOWFALL (INCHES)
RECORDS
 TOTAL              T   2009
                        2008
TOTALS              TR              0.0

DEGREE_DAYS
HEATING TOTAL      42
COOLING TOTAL     552
.................................................................

WIND (MPH)
HIGHEST WIND SPEED/DIRECTION    38/150    DATE  06/27
HIGHEST GUST SPEED/DIRECTION    57/240    DATE  06/27

SKY COVER
POSSIBLE SUNSHINE (PERCENT)   MM
NUMBER OF DAYS FAIR           69
NUMBER OF DAYS PC             21
NUMBER OF DAYS CLOUDY          2

AVERAGE RH (PERCENT)     61

WEATHER CONDITIONS. NUMBER OF DAYS WITH
THUNDERSTORM              0     MIXED PRECIP               0
HEAVY RAIN               10     RAIN                      12
LIGHT RAIN               28     FREEZING RAIN              0
LT FREEZING RAIN          0     HAIL                       3
HEAVY SNOW                0     SNOW                       0
LIGHT SNOW                0     SLEET                      0
FOG                      27     FOG W/VIS <= 1/4 MILE      5
HAZE                      1

-  INDICATES NEGATIVE NUMBERS.
R  INDICATES RECORD WAS SET OR TIED.
MM INDICATES DATA IS MISSING.
T  INDICATES TRACE AMOUNT.
...................................
