000
CXUS51 KRNK 011044
CLSBLF

CLIMATE REPORT
NATIONAL WEATHER SERVICE BLACKSBURG VA
538 AM EST TUE DEC 1 2015

...................................

...THE BLUEFIELD WV CLIMATE SUMMARY FOR THE SEASON, FROM
9/1/2015 TO 11/30/2015...

CLIMATE NORMAL PERIOD 1981 TO 2010
CLIMATE RECORD PERIOD 1959 TO 2015

WEATHER         OBSERVED          NORMAL  DEPART  LAST YEAR`S
                 VALUE   DATE(S)  VALUE   FROM    VALUE
                                          NORMAL
.............................................................
TEMPERATURE (F)
RECORD
 HIGH              93   09/06/2007
 LOW                7   11/25/1970
                        11/24/1970
HIGHEST            87   09/02                         86
LOWEST             23   11/23                         12
AVG. MAXIMUM     66.4              65.2     1.2     62.6
AVG. MINIMUM     50.5              47.7     2.8     45.7
MEAN             58.4              56.4     2.0     54.2
DAYS MAX >= 90      0               0.3    -0.3        0
DAYS MAX <= 32      0               0.8    -0.8        3
DAYS MIN <= 32      4               9.5    -5.5       18
DAYS MIN <= 0       0               0.0     0.0        0

PRECIPITATION (INCHES)
RECORD
 MAXIMUM        16.56   2004
 MINIMUM         2.14   2008
TOTALS          11.62              8.33    3.29    10.24
DAILY AVG.       0.13              0.09    0.04     0.11
DAYS >= .01        38              29.9     8.1       42
DAYS >= .10        22              16.6     5.4       23
DAYS >= .50        10               5.4     4.6        8
DAYS >= 1.00        2               1.4     0.6        2
GREATEST
 24 HR. TOTAL    1.79                               1.44

SNOWFALL (INCHES)
TOTALS              T                                4.8
DAYS >= TRACE       2                                  9
DAYS >= 1.0         0                                  2
GREATEST
 24 HR TOTAL      0.0                                2.8

DEGREE_DAYS
HEATING TOTAL     719               898    -179     1075
COOLING TOTAL     138               119      19      114
..............................................................

WIND (MPH)
AVERAGE WIND SPEED              6.2
HIGHEST WIND SPEED/DIRECTION    31/250    DATE  11/12
HIGHEST GUST SPEED/DIRECTION    46/130    DATE  11/18

SKY COVER
AVERAGE SKY COVER           0.50

AVERAGE RH (PERCENT)     65

WEATHER CONDITIONS. NUMBER OF DAYS WITH
THUNDERSTORM              5     MIXED PRECIP               0
HEAVY RAIN               11     RAIN                      16
LIGHT RAIN               43     FREEZING RAIN              0
LT FREEZING RAIN          0     HAIL                       0
HEAVY SNOW                0     SNOW                       0
LIGHT SNOW                2     SLEET                      0
FOG                      42     FOG W/VIS <= 1/4 MILE      9
HAZE                      5

-  INDICATES NEGATIVE NUMBERS.
R  INDICATES RECORD WAS SET OR TIED.
MM INDICATES DATA IS MISSING.
T  INDICATES TRACE AMOUNT.

$$
