000
CXUS53 KGRR 021337 CCA
CLSBTL

WRKCLMBTL 000
TTAA00 KGRR 012144


CLIMATE REPORT
NATIONAL WEATHER SERVICE GRAND RAPIDS, MI
431 PM EST THU DEC 1 2016

...................................

...THE BATTLE CREEK MI CLIMATE SUMMARY FOR THE SEASON, FROM
9/1/2016 TO 11/30/2016...

CLIMATE NORMAL PERIOD 1981 TO 2010
CLIMATE RECORD PERIOD 1998 TO 2016

WEATHER         OBSERVED          NORMAL  DEPART  LAST YEAR`S
                 VALUE   DATE(S)  VALUE   FROM    VALUE  DATE(S)
                                          NORMAL
................................................................
TEMPERATURE (F)
HIGHEST            88   09/07        MM      MM       91  09/07
LOWEST             19   11/22        MM      MM       18  11/22
AVG. MAXIMUM       MM              60.8      MM     64.7
AVG. MINIMUM       MM              39.9      MM     45.4
MEAN               MM              50.3      MM     55.0
DAYS MAX >= 90      0               0.2    -0.2        2
DAYS MAX <= 32      1               1.6    -0.6        1
DAYS MIN <= 32     10              25.3   -15.3       14
DAYS MIN <= 0       0               0.0     0.0        0

PRECIPITATION (INCHES)
TOTALS             MM              9.62      MM     7.18
DAILY AVG.         MM              0.11      MM     0.08
DAYS >= .01        27              33.1    -6.1       35
DAYS >= .10        15              18.5    -3.5       18
DAYS >= .50         6               6.2    -0.2        5
DAYS >= 1.00        1               2.5    -1.5        0
GREATEST
 24 HR. TOTAL    1.09   09/17 TO 09/17
 STORM TOTAL       MM                               1.39
 (MM/DD(HH))            MM

DEGREE_DAYS
HEATING TOTAL      MM              1396      MM     1028
 SINCE 7/1         MM              1438      MM     1050
COOLING TOTAL     111                60      51      142
 SINCE 1/1        727               578     149      720

FREEZE DATES
EARLIEST                        MM
LATEST                          MM
.................................................................

WIND (MPH)
AVERAGE WIND SPEED              8.2
RESULTANT WIND SPEED/DIRECTION   3/214
HIGHEST WIND SPEED/DIRECTION    35/170    DATE  11/28
HIGHEST GUST SPEED/DIRECTION    45/170    DATE  11/28

SKY COVER
POSSIBLE SUNSHINE (PERCENT)   MM
AVERAGE SKY COVER           0.40
NUMBER OF DAYS FAIR           42
NUMBER OF DAYS PC             24
NUMBER OF DAYS CLOUDY         21

AVERAGE RH (PERCENT)     MM

WEATHER CONDITIONS. NUMBER OF DAYS WITH
THUNDERSTORM              8     MIXED PRECIP               0
HEAVY RAIN               12     RAIN                      19
LIGHT RAIN               40     FREEZING RAIN              0
LT FREEZING RAIN          0     HAIL                       0
HEAVY SNOW                1     SNOW                       1
LIGHT SNOW                1     SLEET                      0
FOG                      44     FOG W/VIS <= 1/4 MILE      7
HAZE                      5

-  INDICATES NEGATIVE NUMBERS.
R  INDICATES RECORD WAS SET OR TIED.
MM INDICATES DATA IS MISSING.
T  INDICATES TRACE AMOUNT.

$$

NOTE: AN EXTENDED ASOS OUTAGE OCCURRED IN NOVEMBER THAT SEVERELY
IMPACTED STATISTICAL COMPUTATIONS. AS A RESULT, TEMPERATURE AND
PRECIPITATION DATA IS SET TO MISSING FOR THE SEASONAL SUMMARY.
