000
CXUS51 KCLE 070336
CLSCLE


CLIMATE REPORT
NATIONAL WEATHER SERVICE CLEVELAND OH
1132 PM EDT MON JUL 6 2015

...................................

...THE CLEVELAND OH CLIMATE SUMMARY FOR THE SEASON, FROM
3/1/2015 TO 5/31/2015...

CLIMATE NORMAL PERIOD 1981 TO 2010
CLIMATE RECORD PERIOD 1871 TO 2015

WEATHER         OBSERVED          NORMAL  DEPART
                 VALUE   DATE(S)  VALUE   FROM
                                          NORMAL
................................................
TEMPERATURE (F)
RECORD
 HIGH              92   05/28/2012
                        05/06/1959
                        05/31/1944
 LOW               -5   03/09/1984
                        03/12/1948
HIGHEST            89   05/08
LOWEST              1   03/06
AVG. MAXIMUM     58.9              58.4     0.5
AVG. MINIMUM     39.6              40.2    -0.6
MEAN             49.2              49.3    -0.1
DAYS MAX >= 90      0               0.2
DAYS MAX <= 32      7               3.8
DAYS MIN <= 32     29              24.7
DAYS MIN <= 0       0               0.0

PRECIPITATION (INCHES)
RECORD
 MAXIMUM        18.21   2011
 MINIMUM         4.45   1895
TOTALS           8.83             10.08   -1.25
DAYS >= .01        41              41.8
DAYS >= .10        18              24.2
DAYS >= .50         6               6.2
DAYS >= 1.00        1               1.5

SNOWFALL (INCHES)
RECORDS
 TOTAL           30.8   2005
TOTALS            5.7              15.9
DAYS >= TRACE      10
DAYS >= 1.0         1               4.6

DEGREE_DAYS
HEATING TOTAL    1543              1503      40
COOLING TOTAL     121                60      61
.................................................

WIND (MPH)
HIGHEST GUST SPEED/DIRECTION    51/230    DATE  04/21

SKY COVER
POSSIBLE SUNSHINE (PERCENT)   52
AVERAGE SKY COVER           0.70
NUMBER OF DAYS FAIR           17
NUMBER OF DAYS PC             35
NUMBER OF DAYS CLOUDY         40


WEATHER CONDITIONS. NUMBER OF DAYS WITH
THUNDERSTORM              0     MIXED PRECIP               0
HEAVY RAIN                6     RAIN                      11
LIGHT RAIN               42     FREEZING RAIN              0
LT FREEZING RAIN          1     HAIL                       0
HEAVY SNOW                0     SNOW                       3
LIGHT SNOW                9     SLEET                      1
FOG                      41     FOG W/VIS <= 1/4 MILE      5
HAZE                     16

-  INDICATES NEGATIVE NUMBERS.
R  INDICATES RECORD WAS SET OR TIED.
MM INDICATES DATA IS MISSING.
T  INDICATES TRACE AMOUNT.

$$
