000
CXUS53 KILX 011932
CLSCMI

CLIMATE REPORT
NATIONAL WEATHER SERVICE LINCOLN IL
132 PM CST SAT MAR 1 2014

...................................

...THE CHAMPAIGN IL AIRPORT CLIMATE SUMMARY FOR THE SEASON, FROM
12/1/2013 TO 2/28/2014...

CLIMATE NORMAL PERIOD 1981 TO 2010
CLIMATE RECORD PERIOD 9999 TO 9999

WEATHER         OBSERVED          NORMAL  DEPART  LAST YEAR`S
                 VALUE   DATE(S)  VALUE   FROM    VALUE
                                          NORMAL
.............................................................
TEMPERATURE (F)
RECORD
 HIGH              MM   MM
 LOW               MM   MM
HIGHEST            61   12/04        MM      MM       73
LOWEST            -13   01/06        MM      MM        2
AVG. MAXIMUM     30.9              35.9    -5.0     39.8
AVG. MINIMUM     12.1              19.9    -7.8     23.6
MEAN             21.5              27.9    -6.4     31.7
DAYS MAX >= 90      0               0.0     0.0        0
DAYS MAX <= 32     51              31.9    19.1       23
DAYS MIN <= 32     85              77.7     7.3       72
DAYS MIN <= 0      19               6.1    12.9        0

PRECIPITATION (INCHES)
RECORD
 MAXIMUM           MM   MM
 MINIMUM           MM   MM
TOTALS           3.91              6.59   -2.68     7.21
DAILY AVG.       0.06                               0.08
DAYS >= .01        15                MM      MM       28
DAYS >= .10         8                MM      MM       16
DAYS >= .50         3                MM      MM        4
DAYS >= 1.00        0                MM      MM        1
GREATEST
 24 HR. TOTAL    0.95   12/21                       1.24

DEGREE_DAYS
HEATING TOTAL    3887              3338     549     2968
 SINCE 7/1       5081              4502     579     4161
COOLING TOTAL       0                 0       0        0
 SINCE 1/1          0                 0       0        0

FREEZE DATES
RECORD
 EARLIEST     MM
 LATEST       MM
EARLIEST                        MM
LATEST                          MM
..............................................................

WIND (MPH)
AVERAGE WIND SPEED              12.4
HIGHEST WIND SPEED/DIRECTION    45/320    DATE  01/26
HIGHEST GUST SPEED/DIRECTION    55/240    DATE  02/20

SKY COVER
POSSIBLE SUNSHINE (PERCENT)   MM
AVERAGE SKY COVER           0.50
NUMBER OF DAYS FAIR           35
NUMBER OF DAYS PC             27
NUMBER OF DAYS CLOUDY         28

AVERAGE RH (PERCENT)     77

WEATHER CONDITIONS. NUMBER OF DAYS WITH
THUNDERSTORM              3     MIXED PRECIP               0
HEAVY RAIN                4     RAIN                       6
LIGHT RAIN               10     FREEZING RAIN              2
LT FREEZING RAIN          6     HAIL                       0
HEAVY SNOW                2     SNOW                      10
LIGHT SNOW               47     SLEET                      1
FOG                      59     FOG W/VIS <= 1/4 MILE     15
HAZE                     28

-  INDICATES NEGATIVE NUMBERS.
R  INDICATES RECORD WAS SET OR TIED.
MM INDICATES DATA IS MISSING.
T  INDICATES TRACE AMOUNT.

&&

PRECIPITATION TOTALS INCOMPLETE DUE TO MISSING DATA.

$$
GEELHART
