000
CXUS53 KDVN 011620
CLSDBQ


CLIMATE REPORT
NATIONAL WEATHER SERVICE QUAD CITIES IA IL
1016 AM CST TUE MAR 1 2016

...................................

...THE DUBUQUE CLIMATE SUMMARY FOR THE SEASON, FROM
12/1/2015 TO 2/29/2016...

CLIMATE NORMAL PERIOD 1981 TO 2010
CLIMATE RECORD PERIOD 1873 TO 2016

WEATHER         OBSERVED          NORMAL  DEPART
                 VALUE   DATE(S)  VALUE   FROM
                                          NORMAL
................................................
TEMPERATURE (F)
RECORD
 HIGH              68   02/15/1921
 LOW              -32   01/07/1887
HIGHEST            61   12/14        37      24
                        12/13
LOWEST             -9   01/18        11     -20
                        01/17
AVG. MAXIMUM     33.3              29.4     3.9
AVG. MINIMUM     20.4              14.1     6.3
MEAN             26.8              21.7     5.1
DAYS MAX >= 90      0               0.0     0.0
DAYS MAX <= 32     34              50.4   -16.4
DAYS MIN <= 32     77              84.6    -7.6
DAYS MIN <= 0       8              15.2    -7.2

PRECIPITATION (INCHES)
TOTALS           5.27              4.45    0.82
DAILY AVG.       0.06              0.05    0.01
DAYS >= .01        25              27.3    -2.3
DAYS >= .10         9
DAYS >= .50         2
DAYS >= 1.00        1               0.4     0.6
GREATEST
 24 HR. TOTAL    2.34   12/13 TO 12/14

SNOWFALL (INCHES)
TOTALS           19.7              30.8   -11.1
SINCE 7/1        31.5              33.6    -2.1
SNOWDEPTH AVG.      2
DAYS >= TRACE      27              20.4     6.6
DAYS >= 1.0         5               9.4    -4.4
GREATEST
 SNOW DEPTH         7   12/29
 24 HR TOTAL      6.8   12/28 TO 12/29

DEGREE_DAYS
HEATING TOTAL    3270              3893    -623
 SINCE 7/1         MM              5429      MM
COOLING TOTAL       0                 0       0
 SINCE 1/1          0                 0       0
.................................................

WIND (MPH)
AVERAGE WIND SPEED              11.5
HIGHEST WIND SPEED/DIRECTION    45/250    DATE  02/19
HIGHEST GUST SPEED/DIRECTION    57/260    DATE  02/19

SKY COVER
POSSIBLE SUNSHINE (PERCENT)   MM
AVERAGE SKY COVER           0.60
NUMBER OF DAYS FAIR           29
NUMBER OF DAYS PC             28
NUMBER OF DAYS CLOUDY         34

AVERAGE RH (PERCENT)     80

WEATHER CONDITIONS. NUMBER OF DAYS WITH
THUNDERSTORM              2     HAIL                       0
SLEET                     1     FOG                       57
FOG W/VIS <= 1/4 MILE    15     HAZE                      21

-  INDICATES NEGATIVE NUMBERS.
R  INDICATES RECORD WAS SET OR TIED.
MM INDICATES DATA IS MISSING.
T  INDICATES TRACE AMOUNT.

$$
