000
CXUS53 KDVN 011407
CLSDVN


CLIMATE REPORT
NATIONAL WEATHER SERVICE QUAD CITIES IA IL
807 AM CST MON DEC 1 2014

...................................

...THE DAVENPORT IA CLIMATE SUMMARY FOR THE SEASON, FROM
9/1/2014 TO 11/30/2014...

CLIMATE NORMAL PERIOD 1981 TO 2010
CLIMATE RECORD PERIOD 9999 TO 9999

WEATHER         OBSERVED          NORMAL  DEPART
                 VALUE   DATE(S)  VALUE   FROM
                                          NORMAL
................................................
TEMPERATURE (F)
HIGHEST            87   09/04        80       7
LOWEST              4   11/21        23     -19
                        11/20
AVG. MAXIMUM     58.8              61.9    -3.1
AVG. MINIMUM     37.3              40.6    -3.3
MEAN             48.1              51.3    -3.2
DAYS MAX >= 90      0
DAYS MAX <= 32     12
DAYS MIN <= 32     26
DAYS MIN <= 0       0

PRECIPITATION (INCHES)
TOTALS           8.74              8.48    0.26
DAILY AVG.       0.10              0.09    0.01
DAYS >= .01        27
DAYS >= .10        15
DAYS >= .50         6
DAYS >= 1.00        3
GREATEST
 24 HR. TOTAL    2.53   09/09 TO 09/10

SNOWFALL (INCHES)
TOTALS            4.0
SINCE 7/1         4.0
SNOWDEPTH AVG.      0
DAYS >= TRACE      14
DAYS >= 1.0         2
GREATEST
 SNOW DEPTH         2   11/26
                        11/25
 24 HR TOTAL      2.4   11/24 TO 11/24

DEGREE_DAYS
HEATING TOTAL    1584              1333     251
 SINCE 7/1       1605              1348     257
COOLING TOTAL      69                82     -13
 SINCE 1/1        728               786     -58
.................................................

WIND (MPH)
AVERAGE WIND SPEED              10.3
HIGHEST WIND SPEED/DIRECTION    37/270    DATE  11/24
HIGHEST GUST SPEED/DIRECTION    44/270    DATE  11/24

SKY COVER
POSSIBLE SUNSHINE (PERCENT)   MM
AVERAGE SKY COVER           0.40
NUMBER OF DAYS FAIR           46
NUMBER OF DAYS PC             28
NUMBER OF DAYS CLOUDY         14

AVERAGE RH (PERCENT)     70

WEATHER CONDITIONS. NUMBER OF DAYS WITH
THUNDERSTORM              6     HAIL                       0
SLEET                     1     FOG                       45
FOG W/VIS <= 1/4 MILE    10     HAZE                      22

-  INDICATES NEGATIVE NUMBERS.
R  INDICATES RECORD WAS SET OR TIED.
MM INDICATES DATA IS MISSING.
T  INDICATES TRACE AMOUNT.

$$

===========================================================

NOTE: SUPPLEMENTAL CLIMATE DATA WAS USED FROM A NEARBY
CLIMATOLOGICALLY REPRESENTATIVE STATION FOR THE
FOLLOWING DAYS.

PARAMETER    DATE
---------    ----
   SNW       ALL OBSERVED SNW ABOVE
12Z DPTH     ALL OBSERVED 12Z DPTH ABOVE

===========================================================

GROSS
