000
CXUS53 KDVN 011407
CLSIOW


CLIMATE REPORT
NATIONAL WEATHER SERVICE QUAD CITIES IA IL
806 AM CST MON DEC 1 2014

...................................

...THE IOWA CITY IA CLIMATE SUMMARY FOR THE SEASON, FROM
9/1/2014 TO 11/30/2014...

CLIMATE NORMAL PERIOD 1981 TO 2010
CLIMATE RECORD PERIOD 9999 TO 9999

WEATHER         OBSERVED          NORMAL  DEPART
                 VALUE   DATE(S)  VALUE   FROM
                                          NORMAL
................................................
TEMPERATURE (F)
HIGHEST            90   09/04        80      10
LOWEST              6   11/27        23     -17
                        11/16
                        11/18
AVG. MAXIMUM     58.7              62.2    -3.5
AVG. MINIMUM     38.0              41.3    -3.3
MEAN             48.3              51.7    -3.4
DAYS MAX >= 90      1
DAYS MAX <= 32     12
DAYS MIN <= 32     28
DAYS MIN <= 0       0

PRECIPITATION (INCHES)
TOTALS           9.84              8.61    1.23
DAILY AVG.       0.11              0.09    0.02
DAYS >= .01        27
DAYS >= .10        11
DAYS >= .50         6
DAYS >= 1.00        4
GREATEST
 24 HR. TOTAL    3.12   09/09 TO 09/10

DEGREE_DAYS
HEATING TOTAL    1548              1299     249
 SINCE 7/1       1560              1307     253
COOLING TOTAL      63                90     -27
 SINCE 1/1        779               912    -133
.................................................

WIND (MPH)
AVERAGE WIND SPEED              8.1
HIGHEST WIND SPEED/DIRECTION    37/190    DATE  09/08
HIGHEST GUST SPEED/DIRECTION    47/310    DATE  11/08

SKY COVER
POSSIBLE SUNSHINE (PERCENT)   MM
AVERAGE SKY COVER           0.40
NUMBER OF DAYS FAIR           46
NUMBER OF DAYS PC             27
NUMBER OF DAYS CLOUDY         18

AVERAGE RH (PERCENT)     75

WEATHER CONDITIONS. NUMBER OF DAYS WITH
THUNDERSTORM              6     HAIL                       0
SLEET                     0     FOG                       41
FOG W/VIS <= 1/4 MILE    13     HAZE                       9

-  INDICATES NEGATIVE NUMBERS.
R  INDICATES RECORD WAS SET OR TIED.
MM INDICATES DATA IS MISSING.
T  INDICATES TRACE AMOUNT.

$$
