000
CXUS51 KCTP 012042
CLSIPT

CLIMATE REPORT
NATIONAL WEATHER SERVICE STATE COLLEGE PA
434 PM EDT TUE SEP 1 2015

...................................

...THE WILLIAMSPORT PA CLIMATE SUMMARY FOR THE SEASON, FROM
6/1/2015 TO 8/31/2015...

CLIMATE NORMAL PERIOD 1981 TO 2010
CLIMATE RECORD PERIOD 1895 TO 2015

WEATHER         OBSERVED          NORMAL  DEPART  LAST YEAR`S
                 VALUE   DATE(S)  VALUE   FROM    VALUE  DATE(S)
                                          NORMAL
................................................................
TEMPERATURE (F)
RECORD
 HIGH             106   07/09/1936
 LOW               36   06/03/1986
                        06/01/1945
                        06/03/1929
HIGHEST            92   07/19         0      92       91  07/23
                                                          07/01
LOWEST             46   06/07         0      46       46  06/01
AVG. MAXIMUM     82.3              81.7     0.6     81.3
AVG. MINIMUM     60.9              60.1     0.8     60.1
MEAN             71.6              70.9     0.7     70.7

DAYS MAX >= 90     11              13.0    -2.0        5
DAYS MAX <= 32      0               0.0     0.0        0
DAYS MIN <= 32      0               0.0     0.0        0
DAYS MIN <= 0       0               0.0     0.0        0

PRECIPITATION (INCHES)
RECORD
 MAXIMUM        22.30   1972
 MINIMUM         6.00   1909
TOTALS          15.87             12.12    3.75    14.06
DAILY AVG.       0.17              0.13    0.04     0.15
DAYS >= .01        32              33.6    -1.6       39
DAYS >= .10        24              21.8     2.2       27
DAYS >= .50        12               8.3     3.7        8
DAYS >= 1.00        5               2.9     2.1        2
GREATEST
 24 HR. TOTAL    2.10   08/20

 STORM TOTAL       MM
 (MM/DD(HH))            MM

SNOWFALL (INCHES)
RECORDS
 TOTAL             MM   MM
 24 HR TOTAL       MM
 SNOW DEPTH        MM   MM
TOTALS            0.0               0.0     0.0      0.0
 LIQUID EQUIV    0.00              0.00    0.00     0.00
SINCE 7/1         0.0               0.0     0.0      0.0
 LIQUID 7/1      0.00              0.00    0.00     0.00
SNOWDEPTH AVG.      0                MM      MM        0
DAYS >= TRACE       0               0.0     0.0        0
DAYS >= 1.0         0               0.0     0.0        0
GREATEST
 SNOW DEPTH         0                                  0
 24 HR TOTAL      0.0

 STORM TOTAL      0.0
 (MM/DD(HH))            MM

DEGREE_DAYS
HEATING TOTAL      23                51     -28       13
 SINCE 7/1          2                14     -12        5
COOLING TOTAL     657               591      66      565
 SINCE 1/1        785               634     151      617

FREEZE DATES
RECORD
 EARLIEST     09/22/1904
 LATEST       05/25/1956
EARLIEST                        09/22
LATEST                          05/25
..................................................

WIND (MPH)
AVERAGE WIND SPEED              4.8
RESULTANT WIND SPEED/DIRECTION   1/248
HIGHEST WIND SPEED/DIRECTION    38/220    DATE  06/08
HIGHEST GUST SPEED/DIRECTION    51/230    DATE  06/08

SKY COVER
POSSIBLE SUNSHINE (PERCENT)   MM
AVERAGE SKY COVER           0.50
NUMBER OF DAYS FAIR           38
NUMBER OF DAYS PC             38
NUMBER OF DAYS CLOUDY         16

AVERAGE RH (PERCENT)     70

WEATHER CONDITIONS. NUMBER OF DAYS WITH
THUNDERSTORM             16     MIXED PRECIP               0
HEAVY RAIN               19     RAIN                      24
LIGHT RAIN               41     FREEZING RAIN              0
LT FREEZING RAIN          0     HAIL                       0
HEAVY SNOW                0     SNOW                       0
LIGHT SNOW                0     SLEET                      0
FOG                      48     FOG W/VIS <= 1/4 MILE      6
HAZE                     15

-  INDICATES NEGATIVE NUMBERS.
R  INDICATES RECORD WAS SET OR TIED.
MM INDICATES DATA IS MISSING.
T  INDICATES TRACE AMOUNT.

$$

LA CORTE
