000
CXUS53 KARX 020231
CLSLSE

CLIMATE REPORT
NATIONAL WEATHER SERVICE LA CROSSE WI
930 PM CDT THU SEP 1 2016

...2016 METEOROLOGICAL SUMMER WAS THE 12TH WARMEST AND 7TH WETTEST
IN LA CROSSE WI...

DURING THE METEOROLOGICAL SUMMER (JUNE 1ST THROUGH AUGUST 31ST) OF
2016, BOTH THE TEMPERATURES AND RAINFALL WERE ABOVE NORMAL AT LA
CROSSE REGIONAL AIRPORT.  IT WAS 12TH WARMEST AND THE 7TH WETTEST
SUMMER.

MORE DETAILS ARE LISTED BELOW...

TEMPERATURES...12TH WARMEST

DURING METEOROLOGICAL SUMMER, LA CROSSE REGIONAL AIRPORT HAD AN
AVERAGE TEMPERATURE OF 73.7 DEGREES.  THIS WAS 2.2 DEGREES WARMER
THAN THE 1981-2010 NORMAL OF 71.5 DEGREES.  THIS WAS THE 12TH
WARMEST SUMMER AND THE WARMEST SINCE 2012 WHEN THE AVERAGE
TEMPERATURE WAS 74.4 DEGREES.  THE WARMEST SUMMER OCCURRED BACK IN
1995 WHEN THE AVERAGE TEMPERATURE WAS 75.7 DEGREES.

THE TABLE BELOW LISTS THE TOP 20 WARMEST METEOROLOGICAL SUMMERS IN
LA CROSSE WI...

     WARMEST METEOROLOGICAL SUMMERS
       JUNE 1 THROUGH AUGUST 31
           IN LA CROSSE WI
              1873-2016

                 AVERAGE
    RANK       TEMPERATURE       YEAR
    ----       -----------       ----
      1        75.7 DEGREES      1995
      2        75.3 DEGREES      1988
      3        74.4 DEGREES      2012
      4        74.2 DEGREES      1980
      5        74.0 DEGREES      1955
               74.0 DEGREES      1949
               74.0 DEGREES      1901
      8        73.9 DEGREES      1936
      9        73.8 DEGREES      2005
               73.8 DEGREES      1931
               73.8 DEGREES      1921
     12        73.7 DEGREES      2016+
               73.7 DEGREES      2010
               73.7 DEGREES      1983
     15        73.4 DEGREES      1991
               73.4 DEGREES      1987
               73.4 DEGREES      1933
               73.4 DEGREES      1873
     19        73.3 DEGREES      1937
     20        73.2 DEGREES      2006
               73.2 DEGREES      1894

THE AVERAGE MAXIMUM TEMPERATURE WAS 83.5 DEGREES.  THIS WAS 1.6
DEGREES WARMER THAN THE 1981-2010 NORMAL OF 81.9 DEGREES.

THE AVERAGE MINIMUM TEMPERATURE WAS 63.8 DEGREES.  THIS WAS 2.8
DEGREES WARMER THAN THE 1981-2010 NORMAL OF 61.0 DEGREES.  THIS WAS
THE 5TH WARMEST AVERAGE MINIMUM TEMPERATURE AND THE WARMEST SINCE
2010 WHEN THE AVERAGE MINIMUM TEMPERATURE WAS 64.2 DEGREES.  THE
WARMEST AVERAGE MINIMUM TEMPERATURE DURING A SUMMER WAS 64.9 DEGREES
IN 1995.

THE TABLE BELOW PROVIDES A BREAKDOWN OF THE TEMPERATURE DEPARTURES
FROM NORMAL FOR LA CROSSE WI THIS SUMMER...

                  SUMMER 2016 TEMPERATURES
                       IN LA CROSSE WI

                                            DEPARTURE FROM
                                                NORMAL
                                            --------------
JUNE   MONTHLY AVG. TEMP       71.7 DEGREES  +2.5 DEGREES
       MONTHLY AVG. MAX TEMP   82.5 DEGREES  +2.5 DEGREES
       MONTHLY AVG. MIN TEMP   60.9 DEGREES  +2.4 DEGREES

JULY   MONTHLY AVG. TEMP       75.0 DEGREES  +1.3 DEGREES
       MONTHLY AVG. MAX TEMP   84.4 DEGREES  +0.3 DEGREES
       MONTHLY AVG. MIN TEMP   65.6 DEGREES  +2.4 DEGREES

AUGUST MONTHLY AVG. TEMP       74.2 DEGREES  +2.8 DEGREES
       MONTHLY AVG. MAX TEMP   83.7 DEGREES  +2.2 DEGREES
       MONTHLY AVG. MIN TEMP   64.8 DEGREES  +3.5 DEGREES

SUMMER SEASONAL AVG. TEMP      73.7 DEGREES  +2.2 DEGREES
       SEASONAL AVG. MAX TEMP  83.5 DEGREES  +1.6 DEGREES
       SEASONAL AVG. MIN TEMP  63.8 DEGREES  +2.8 DEGREES


OTHER TEMPERATURE TIDBITS THIS SUMMER...

THE HOTTEST TEMPERATURE WAS 95 DEGREES ON JUNE 10TH AND JUNE 25TH.
THE COLDEST HIGH TEMPERATURE WAS 71 DEGREES ON JUNE 7TH AND AUGUST
27TH.

THE COLDEST TEMPERATURE WAS 49 DEGREES ON JUNE 8TH. THE WARMEST LOW
TEMPERATURE WAS 76 DEGREES ON AUGUST 11TH.

THE TEMPERATURE CLIMBED TO OR EXCEEDED 90 DEGREES ON 13 DAYS.
NORMALLY, THERE ARE 13 DAYS PER SUMMER.

TEMPERATURES AVERAGED ABOVE NORMAL ON 57 DAYS...BELOW NORMAL ON 26
DAYS...AND NORMAL ON 9 DAYS.

PRECIPITATION...7TH WETTEST

DURING THE METEOROLOGICAL SUMMER...LA CROSSE REGIONAL AIRPORT
RECEIVED 18.24 INCHES OF RAIN.  THIS WAS 5.35 INCHES WETTER THAN THE
1981-2010 NORMAL OF 12.89 INCHES.  THIS MADE IT THE 7TH WETTEST
SUMMER IN LA CROSSE AND THE WETTEST SINCE 2010 WHEN 20.93 INCHES OF
RAIN FELL (WETTEST SUMMER EVER).   THE TABLE BELOW LISTS THE TOP 10
WETTEST METEOROLOGICAL SUMMERS IN LA CROSSE WI...

     WETTEST METEOROLOGICAL SUMMERS
       JUNE 1 THROUGH AUGUST 31
           IN LA CROSSE WI
              1873-2016

    RANK         RAINFALL       YEAR
    ----         --------       ----
      1        20.93 INCHES     2010
      2        20.32 INCHES     2007
      3        20.12 INCHES     1990
      4        19.88 INCHES     1993
      5        19.82 INCHES     1981
      6        19.38 INCHES     1899
      7        18.24 INCHES     2016+
      8        18.08 INCHES     1928
      9        17.89 INCHES     1953
     10        17.87 INCHES     1952

THE TABLE BELOW CONTAINS THE MONTHLY PRECIPITATION TOTALS AND THEIR
DEPARTURES FROM NORMAL FOR THIS SUMMER.

          SUMMER 2016 PRECIPITATION
               IN LA CROSSE WI

                PRECIPITATION         DEPARTURE
   MONTH            TOTAL            FROM NORMAL
   -----        ------------         -----------
   JUNE         6.73 INCHES         +2.39 INCHES
   JULY         5.15 INCHES         +0.89 INCHES
   AUGUST       6.36 INCHES         +2.07 INCHES

   SUMMER      18.24 INCHES         +5.35 INCHES

OTHER PRECIPITATION TIDBITS THIS SUMMER...

THE WETTEST DAY OCCURRED ON JUNE 14TH WHEN 1.92 INCHES OF
PRECIPITATION FELL.

MEASURABLE RAIN FELL ON 34 DAYS AND TRACE AMOUNTS FELL ON ANOTHER 7
DAYS.

0.01 INCHES OR MORE - 34 DAYS 0.10 INCHES OR MORE - 23 DAYS 0.50
INCHES OR MORE - 16 DAYS 1.00 INCHES OR MORE -  7 DAYS

SKY...

IT WAS CLEAR ON 56 DAYS.
IT WAS PARTLY CLOUDY ON 32 DAYS.
IT WAS CLOUDY ON 4 DAYS.

SEA LEVEL PRESSURE...

HIGHEST WAS 30.28 INCHES ON JUNE 28TH.
LOWEST WAS 29.58 INCHES ON JULY 12TH.

WINDS...

HIGHEST SUSTAINED WIND WAS 43 MPH FROM THE NORTH ON JULY 5TH.
HIGHEST WIND GUST WAS 57 MPH FROM THE NORTH ON JULY 5TH.

...................................

...THE LA CROSSE WI CLIMATE SUMMARY FOR THE SEASON, FROM
6/1/2016 TO 8/31/2016...

CLIMATE NORMAL PERIOD 1981 TO 2010
CLIMATE RECORD PERIOD 1873 TO 2016

WEATHER         OBSERVED          NORMAL  DEPART
                 VALUE   DATE(S)  VALUE   FROM
                                          NORMAL
................................................
TEMPERATURE (F)
RECORD
 HIGH             108   07/13/1995
                        07/14/1936
 LOW               33   06/01/1897
HIGHEST            95   06/25        MM      MM
                        06/10
LOWEST             49   06/08        MM      MM
AVG. MAXIMUM     83.5              81.9     1.6
AVG. MINIMUM     63.8              61.0     2.8
MEAN             73.7              71.5     2.2
DAYS MAX >= 90     13              11.9     1.1
DAYS MAX <= 32      0               0.0     0.0
DAYS MIN <= 32      0               0.0     0.0
DAYS MIN <= 0       0               0.0     0.0

PRECIPITATION (INCHES)
RECORD
 MAXIMUM        20.93   2010
 MINIMUM         7.45   2012
TOTALS          18.24             12.89    5.35
DAILY AVG.       0.20              0.14    0.06
DAYS >= .01        34              31.7     2.3
DAYS >= .10        23              21.2     1.8
DAYS >= .50        16               8.6     7.4
DAYS >= 1.00        7               3.2     3.8
GREATEST
 24 HR. TOTAL    1.92   MM
 STORM TOTAL       MM
 (MM/DD(HH))            MM

SNOWFALL (INCHES)
RECORDS
 TOTAL             MM   5
 24 HR TOTAL       MM
TOTALS            0.0               0.0     0.0
 LIQUID EQUIV    0.00              0.00    0.00
SINCE 7/1         0.0               0.0     0.0
 LIQUID 7/1      0.00
DAYS >= TRACE       0               0.0     0.0
DAYS >= 1.0         0               0.0     0.0
GREATEST
 SNOW DEPTH         0   MM
 24 HR TOTAL      0.0   MM
 STORM TOTAL       MM
 (MM/DD(HH))            MM

DEGREE_DAYS
HEATING TOTAL       4                57     -53
 SINCE 7/1          0                20     -20
COOLING TOTAL     823               651     172
 SINCE 1/1        909               700     209

FREEZE DATES
RECORD
 EARLIEST     MM
 LATEST       MM
EARLIEST                        MM
LATEST                          MM
.................................................

WIND (MPH)
AVERAGE WIND SPEED              7.5
HIGHEST WIND SPEED/DIRECTION    51/280    DATE  07/05
HIGHEST GUST SPEED/DIRECTION    68/260    DATE  07/05

SKY COVER
POSSIBLE SUNSHINE (PERCENT)   MM
AVERAGE SKY COVER           0.30
NUMBER OF DAYS FAIR           62
NUMBER OF DAYS PC             25
NUMBER OF DAYS CLOUDY          5

AVERAGE RH (PERCENT)     71

WEATHER CONDITIONS. NUMBER OF DAYS WITH
THUNDERSTORM             25     MIXED PRECIP               0
HEAVY RAIN               21     RAIN                      23
LIGHT RAIN               40     FREEZING RAIN              0
LT FREEZING RAIN          0     HAIL                       0
HEAVY SNOW                0     SNOW                       0
LIGHT SNOW                0     SLEET                      0
FOG                      43     FOG W/VIS <= 1/4 MILE      5
HAZE                      1

-  INDICATES NEGATIVE NUMBERS.
R  INDICATES RECORD WAS SET OR TIED.
MM INDICATES DATA IS MISSING.
T  INDICATES TRACE AMOUNT.

$$

BOYNE
