000
CXUS54 KLZK 020935
CLSLZK

CLIMATE REPORT
NATIONAL WEATHER SERVICE LITTLE ROCK AR
1216 AM CST SAT DEC 2 2017

...................................

...THE NORTH LITTLE ROCK CLIMATE SUMMARY FOR THE SEASON, FROM
9/1/2017 TO 11/30/2017...

CLIMATE NORMAL PERIOD 1981 TO 2010
CLIMATE RECORD PERIOD 1975 TO 2017

WEATHER         OBSERVED          NORMAL  DEPART  LAST YEAR`S
                 VALUE   DATE(S)  VALUE   FROM    VALUE  DATE(S)
                                          NORMAL
................................................................
TEMPERATURE (F)
RECORD
 HIGH             105   09/03/2000
                        09/01/2000
 LOW               14   11/29/1976
HIGHEST            94   09/23        74      20       93  09/14
LOWEST             32   11/23        54     -22       33  11/20
AVG. MAXIMUM     75.7              73.2     2.5     77.6
AVG. MINIMUM     55.6              54.2     1.4     58.2
MEAN             65.7              63.7     2.0     67.9
DAYS MAX >= 90     14               7.7     6.3       14
DAYS MAX <= 32      0               0.0     0.0        0
DAYS MIN <= 32      1               3.1    -2.1        0
DAYS MIN <= 0       0               0.0     0.0        0

PRECIPITATION (INCHES)
TOTALS           2.06R            13.50  -11.44     5.07
DAILY AVG.       0.02              0.15   -0.13     0.05
DAYS >= .01        13              24.4   -11.4       MM
DAYS >= .10         7              16.7    -9.7       MM
DAYS >= .50         1               8.4    -7.4       MM
DAYS >= 1.00        0               4.4    -4.4       MM
GREATEST
 24 HR. TOTAL    0.51   10/22 TO 10/22

SNOWFALL (INCHES)
RECORDS
 TOTAL            4.0   1980
                        1976
 24 HR TOTAL      4.0   11/26/1980 TO 11/26/1980
                        11/14/1976 TO 11/14/1976
 SNOW DEPTH         4   11/27/1980
                        11/14/1976
TOTALS              T                 T     0.0      0.0
 LIQUID EQUIV       T              0.00    0.00     0.00
SINCE 7/1           T                 T     0.0        T
 LIQUID 7/1        MM              0.00      MM       MM
SNOWDEPTH AVG.      0                MM      MM        0
DAYS >= TRACE       1               0.0     1.0        0
DAYS >= 1.0         0               0.0     0.0        0
GREATEST
 SNOW DEPTH         0   MM                             0  MM
 24 HR TOTAL        T   10/27 TO 10/27

DEGREE_DAYS
HEATING TOTAL     406               513    -107      294
 SINCE 7/1        406               512    -106      294
COOLING TOTAL     486               392      94      579
 SINCE 1/1       2083              2169     -86     2374

FREEZE DATES
RECORD
 EARLIEST     10/20/1989
 LATEST       04/19/1983
EARLIEST                        11/13
LATEST                          03/19
.................................................

WIND (MPH)
AVERAGE WIND SPEED              4.6
HIGHEST WIND SPEED/DIRECTION    20/320    DATE  11/18
HIGHEST GUST SPEED/DIRECTION    42/230    DATE  11/18

SKY COVER
POSSIBLE SUNSHINE (PERCENT)   MM
AVERAGE SKY COVER           0.00
NUMBER OF DAYS FAIR          MM
NUMBER OF DAYS PC            MM
NUMBER OF DAYS CLOUDY        MM


WEATHER CONDITIONS. NUMBER OF DAYS WITH
THUNDERSTORM              0     MIXED PRECIP               0
HEAVY RAIN                4     RAIN                       5
LIGHT RAIN               16     FREEZING RAIN              0
LT FREEZING RAIN          0     HAIL                       0
HEAVY SNOW                0     SNOW                       0
LIGHT SNOW                0     SLEET                      1
FOG                      14     FOG W/VIS <= 1/4 MILE      3
HAZE                      1

-  INDICATES NEGATIVE NUMBERS.
R  INDICATES RECORD WAS SET OR TIED.
MM INDICATES DATA IS MISSING.
T  INDICATES TRACE AMOUNT.

&&

...ADDITIONAL DATA FOR NORTH LITTLE ROCK FOR FALL 2017...

.SUMMARY...
THOUGH TEMPERATURES FOR THE SEASON WERE ABOVE AVERAGE, IT WAS STILL THE
COOLEST FALL IN THREE YEARS. THIS FALL INCLUDED THE EARLIEST SNOWFALL ON
RECORD. RAINFALL WAS SEVERELY LACKING.

.SEASONAL TEMPERATURES...
THE AVERAGE HIGH TEMPERATURE WAS THE COOLEST SINCE 2015. THE AVERAGE LOW,
AND THE AVERAGE SEASONAL TEMPERATURES WERE THE COOLEST SINCE 2014. EVEN SO,
THE AVERAGE HIGH WAS THE 7TH WARMEST ON RECORD. THE AVERAGE LOW AS THE 10TH
WARMEST ON RECORD. THE AVERAGE SEASONAL TEMPERATURE WAS THE 9TH WARMEST ON
RECORD.

THERE WERE 14 DAYS WITH HIGH TEMPERATURES OF 90 DEGREES OR HIGHER, WHICH WAS
THE EXACT SAME AS 2016. THERE WAS ONLY ONE DAY WITH A TEMPERATURE AT OR BELOW
FREEZING.

THE FIRST FREEZE WAS ON NOVEMBER 23RD, WHICH WAS THE EARLIEST SINCE 2015.

.SEASONAL RAINFALL...
THERE WERE 13 DAYS WITH MEASURABLE RAINFALL. HOWEVER, IT WAS SIGNIFICANTLY
BELOW AVERAGE, WITH A DEFICIT FOR THE SEASON OF OVER 11 INCHES. IT
WAS THE DRIER THAN LAST YEAR, AND SET A NEW RECORD FOR THE DRIEST
FALL SEASON.

.SEASONAL SNOWFALL...
SNOW FELL FOR THE FIRST TIME DURING THE FALL SEASON SINCE 2014, AS A TRACE
OF SLEET WAS RECORDED ON THE EVENING OF OCTOBER 27TH. THOUGH IT WAS NOT
MEASURABLE, IT STILL WAS THE EARLIEST SNOWFALL AT NORTH LITTLE ROCK SINCE 1993,
AND SET A NEW RECORD FOR THE EARLIEST SNOWFALL EVER RECORDED AT NORTH LITTLE ROCK.
PREVIOUSLY, THE RECORD HAD BEEN A TRACE, WHICH FELL ON OCTOBER 29, 1993.

$$

57
