000
CXUS54 KLZK 012116
CLSLZK

CLIMATE REPORT
NATIONAL WEATHER SERVICE LITTLE ROCK AR
410 PM CDT WED JUL 1 2015

...................................

...THE NORTH LITTLE ROCK CLIMATE SUMMARY FOR THE SNOWFALL SEASON, FROM
7/1/2014 TO 6/30/2015...

CLIMATE NORMAL PERIOD 1981 TO 2010
CLIMATE RECORD PERIOD 1975 TO 2015

WEATHER         OBSERVED          NORMAL  DEPART  LAST YEAR`S
                 VALUE   DATE(S)  VALUE   FROM    VALUE  DATE(S)
                                          NORMAL
................................................................
SNOWFALL (INCHES)
TOTALS           10.6               4.4     6.2       MM
 LIQUID EQUIV    1.06              0.50    0.56       MM
SINCE 7/1        10.6               4.4     6.2       MM
 LIQUID 7/1      1.06              0.50    0.56       MM
SNOWDEPTH AVG.      0                MM      MM       MM
DAYS >= TRACE      22               2.9    19.1       MM
DAYS >= 1.0         3               1.4     1.6       MM
GREATEST
 SNOW DEPTH         5   03/05                         MM  MM
 24 HR TOTAL      6.4   03/04 TO 03/05                MM


-  INDICATES NEGATIVE NUMBERS.
R  INDICATES RECORD WAS SET OR TIED.
MM INDICATES DATA IS MISSING.
T  INDICATES TRACE AMOUNT.

&&

...DATA FOR NORTH LITTLE ROCK FOR THE SNOWFALL SEASON JULY 1ST 2014
THROUGH JUNE 30TH 2015...

10.6 INCHES OF SNOW FELL...WHICH WAS OVER SIX INCHES ABOVE THE
30-YEAR AVERAGE. THIS WAS THE MOST SNOWFALL IN A SEASON SINCE 2012-
2013.

SNOW FELL IN NOVEMBER...DECEMBER...JANUARY...FEBRUARY AND MARCH.
THIS WAS THE 1ST SEASON SINCE 2007-2008 WITH SNOWFALL IN FIVE MONTHS
DURING A GIVEN SEASON. SNOW FELL IN NOVEMBER...DECEMBER...JANUARY...
FEBRUARY...AND MARCH...AND WAS MEASURABLE IN NOVEMBER...FEBRUARY AND
MARCH. THE HEAVIEST SNOW FELL IN MARCH.

THE AVERAGE SNOW DEPTH WAS 0.1...WHICH WAS THE MOST SINCE 2012-2013.

$$

57
