000
CXUS54 KLZK 021338
CLSLZK


CLIMATE REPORT
NATIONAL WEATHER SERVICE LITTLE ROCK AR
732 AM CST WED MAR 2 2016

...................................

...THE NORTH LITTLE ROCK CLIMATE SUMMARY FOR THE SEASON, FROM
12/1/2015 TO 2/29/2016...

CLIMATE NORMAL PERIOD 1981 TO 2010
CLIMATE RECORD PERIOD 1975 TO 2016

WEATHER         OBSERVED          NORMAL  DEPART  LAST YEAR`S
                 VALUE   DATE(S)  VALUE   FROM    VALUE  DATE(S)
                                          NORMAL
................................................................
TEMPERATURE (F)
RECORD
 HIGH              83   02/20/1986
 LOW               -6   01/20/1985
HIGHEST            78   12/26        52      26       72  02/14
LOWEST             22   01/19        34     -12        8  01/08
                        01/11
                        01/18
AVG. MAXIMUM     55.9              51.6     4.3     48.4
AVG. MINIMUM     38.5              34.6     3.9     32.4
MEAN             47.2              43.1     4.1     40.4
DAYS MAX >= 90      0               0.0     0.0        0
DAYS MAX <= 32      2               4.5    -2.5        5
DAYS MIN <= 32     25              35.3   -10.3       42
DAYS MIN <= 0       0               0.1    -0.1        0

PRECIPITATION (INCHES)
TOTALS          15.11             12.09    3.02     9.17
DAILY AVG.       0.16              0.13    0.03     0.10
DAYS >= .01        22              28.3    -6.3       29
DAYS >= .10        17              18.2    -1.2       18
DAYS >= .50         9               8.2     0.8        8
DAYS >= 1.00        7               3.4     3.6        3
GREATEST
 24 HR. TOTAL    5.01   12/26 TO 12/27

SNOWFALL (INCHES)
RECORDS
 TOTAL           19.2   1979
 24 HR TOTAL      9.1   01/06/1988 TO 02/07/1979
 SNOW DEPTH         9   02/08/1979
                        01/08/1988
TOTALS            7.2               4.0     3.2      3.6
 LIQUID EQUIV    0.72              0.50    0.22     0.36
SINCE 7/1         7.2               4.0     3.2      4.2
 LIQUID 7/1      0.72              0.50    0.22     0.42
SNOWDEPTH AVG.      0                MM      MM        0
DAYS >= TRACE       4               2.6     1.4       14
DAYS >= 1.0         1               1.2    -0.2        1
GREATEST
 SNOW DEPTH         7   01/22
 24 HR TOTAL      7.2   01/21 TO 01/22

DEGREE_DAYS
HEATING TOTAL    1608              1974    -366     2182
 SINCE 7/1         MM              2502      MM       MM
COOLING TOTAL      10                 3       7        0
 SINCE 1/1          3                 2       1        0

FREEZE DATES
RECORD
 EARLIEST     10/20/1989
 LATEST       04/19/1983
EARLIEST                        11/13
LATEST                          03/19
....................................................

WIND (MPH)
AVERAGE WIND SPEED              MM
HIGHEST WIND SPEED/DIRECTION    MM        DATE   MM
HIGHEST GUST SPEED/DIRECTION    MM        DATE   MM

SKY COVER
POSSIBLE SUNSHINE (PERCENT)   MM
AVERAGE SKY COVER             MM
NUMBER OF DAYS FAIR          MM
NUMBER OF DAYS PC            MM
NUMBER OF DAYS CLOUDY        MM


WEATHER CONDITIONS. NUMBER OF DAYS WITH
THUNDERSTORM              0     MIXED PRECIP               1
HEAVY RAIN                7     RAIN                      11
LIGHT RAIN               25     FREEZING RAIN              2
LT FREEZING RAIN          3     HAIL                       0
HEAVY SNOW                2     SNOW                       2
LIGHT SNOW                4     SLEET                      1
FOG                      17     FOG W/VIS <= 1/4 MILE     11
HAZE                      0

-  INDICATES NEGATIVE NUMBERS.
R  INDICATES RECORD WAS SET OR TIED.
MM INDICATES DATA IS MISSING.
T  INDICATES TRACE AMOUNT.

&&

...DATA FOR NORTH LITTLE ROCK FOR WINTER 2015-2016...

.SUMMARY...
THE WINTER OF 2015-2016 WAS ONE OF THE WARMEST EVER RECORDED AT NORTH
LITTLE ROCK. TEMPERATURES IN THE 70S IN EARLY AND MID DECEMBER...
LATE JANUARY AND SCATTERED THROUGHOUT FEBRUARY ASSURED THE SEASONS
PLACE IN THE RECORD BOOKS.

.SEASONAL TEMPERATURES...
THE SEASONAL HIGH TEMPERATURE WAS THE WARMEST SINCE 2001-2002...AND
THE 4TH WARMEST ON RECORD. THE SEASONAL LOW TEMPERATURE WAS THE
WARMEST SINCE 2011-2012...AND THE 3RD WARMEST ON RECORD. THE
AVERAGE SEASONAL TEMPERATURE WAS THE WARMES SINCE 2011-2012...AND
THE 3RD WARMEST ON RECORD.

THERE WERE 25 DAYS WITH TEMPERATURES AT OR BELOW FREEZING...WHICH
WAS THE FEWEST IN FOUR YEARS /SINCE 2011-2012/.

.RAINFALL...
RAINFALL WAS ABOVE AVERAGE FOR THE FIRST TIME IN TWO YEARS /SINCE
2013-2014. IT WAS THE WETTEST WINTER SINCE 2009-2010...AND THE 6TH
WETTEST ON RECORD.

.SNOWFALL...
SNOWFALL WAS ABOVE AVERAGE FOR THE FIRST TIME SINCE THE WINTER OF
2012-2013. ALL OF THE SNOW FELL IN JANUARY. THE GREATEST 24-HOUR
SNOWFALL DURING THE WINTER WAS DURING THE JANUARY 21ST-22ND
STORM...WITH A TOTAL OF 7.2 INCHES. THIS WAS THE ONLY MEASURABLE
SNOWFALL DURING THE WINTER.

$$

57
