000
CXUS51 KOKX 012055
CLSNYC

CLIMATE REPORT
NATIONAL WEATHER SERVICE NEW YORK NY
450 PM EDT SUN JUN 1 2014

...................................

...THE CENTRAL PARK NY CLIMATE SUMMARY FOR THE SEASON, FROM
3/1/2014 TO 5/31/2014...

CLIMATE NORMAL PERIOD 1981 TO 2010
CLIMATE RECORD PERIOD 1869 TO 2014

WEATHER         OBSERVED          NORMAL  DEPART  LAST YEAR`S
                 VALUE   DATE(S)  VALUE   FROM    VALUE
                                          NORMAL
.............................................................
TEMPERATURE (F)
RECORD
 HIGH              99   05/19/1962
 LOW                3   03/05/1872
HIGHEST            86   05/27        MM      MM
                        05/26
LOWEST             13   03/04        MM      MM
AVG. MAXIMUM     59.7              60.5    -0.8
AVG. MINIMUM     42.9              44.7    -1.8
MEAN             51.3              52.6    -1.3
DAYS MAX >= 90      0               0.8    -0.8
DAYS MAX <= 32      4               0.9     3.1
DAYS MIN <= 32     20              10.6     9.4
DAYS MIN <= 0       0               0.0     0.0

PRECIPITATION (INCHES)
RECORD
 MAXIMUM        29.15   1983
 MINIMUM         4.95   1885
TOTALS          15.89             13.05    2.84    12.21
DAILY AVG.       0.17              0.14    0.03
DAYS >= .01        32              33.5    -1.5
DAYS >= .10        19              21.4    -2.4
DAYS >= .50         8               8.3    -0.3
DAYS >= 1.00        3               3.3    -0.3
GREATEST
 24 HR. TOTAL    5.01   MM
 STORM TOTAL       MM
 (MM/DD(HH))            MM

SNOWFALL (INCHES)
RECORDS
 TOTAL           33.5   1896
 24 HR TOTAL     16.5   03/12/1888 TO 03/12/1888
TOTALS            0.1               4.5    -4.4
 LIQUID EQUIV    0.01              0.40   -0.39
SINCE 7/1        57.4              25.8    31.6
 LIQUID 7/1      5.74
DAYS >= TRACE       6               2.1     3.9
DAYS >= 1.0         0               1.2    -1.2
GREATEST
 SNOW DEPTH         6   03/01
 24 HR TOTAL      0.1   03/03 TO 03/03
 STORM TOTAL      0.1
 (MM/DD(HH))            MM

DEGREE_DAYS
HEATING TOTAL    1292              1208      84
 SINCE 7/1         MM              4731      MM
COOLING TOTAL      54                69     -15
 SINCE 1/1         54                69     -15
..............................................................

WIND (MPH)
AVERAGE WIND SPEED              6.0
HIGHEST WIND SPEED/DIRECTION    23/070    DATE  03/29
HIGHEST GUST SPEED/DIRECTION    40/320    DATE  03/13

SKY COVER
POSSIBLE SUNSHINE (PERCENT)   MM
AVERAGE SKY COVER           0.40
NUMBER OF DAYS FAIR           45
NUMBER OF DAYS PC             24
NUMBER OF DAYS CLOUDY         23

AVERAGE RH (PERCENT)     54

WEATHER CONDITIONS. NUMBER OF DAYS WITH
THUNDERSTORM              0     MIXED PRECIP               0
HEAVY RAIN               17     RAIN                      19
LIGHT RAIN               33     FREEZING RAIN              0
LT FREEZING RAIN          0     HAIL                       0
HEAVY SNOW                0     SNOW                       0
LIGHT SNOW                5     SLEET                      0
FOG                      27     FOG W/VIS <= 1/4 MILE      1
HAZE                     27

-  INDICATES NEGATIVE NUMBERS.
R  INDICATES RECORD WAS SET OR TIED.
MM INDICATES DATA IS MISSING.
T  INDICATES TRACE AMOUNT.

$$
