000
CXUS53 KPAH 010706
CLSPAH

SDFCLMPAS 000
TTAA00 KPAH 010704


CLIMATE REPORT
NATIONAL WEATHER SERVICE PADUCAH KY
202 AM CDT FRI SEP 1 2017

...................................

...THE PADUCAH KY CLIMATE SUMMARY FOR THE SUMMER SEASON, FROM
JUNE 1ST, 2017 TO AUGUST 31ST, 2017...

CLIMATE NORMAL PERIOD 1981 TO 2010
CLIMATE RECORD PERIOD 1937 TO 2017

WEATHER         OBSERVED          NORMAL  DEPART
                 VALUE   DATE(S)  VALUE   FROM
                                          NORMAL
................................................
TEMPERATURE (F)
RECORD
 HIGH             108   07/17/1942
 LOW               44   06/01/1993
                        08/29/1986
HIGHEST            97   07/21        88       9
LOWEST             52   08/05        67     -15
AVG. MAXIMUM     87.6              88.2    -0.6
AVG. MINIMUM     66.6              66.5     0.1
MEAN             77.1              77.4    -0.3
DAYS MAX >= 90     34              37.4    -3.4
DAYS MAX <= 32      0               0.0     0.0
DAYS MIN <= 32      0               0.0     0.0
DAYS MIN <= 0       0               0.0     0.0

PRECIPITATION (INCHES)
RECORD
 MAXIMUM        22.45   1958
 MINIMUM         4.48   1944
TOTALS          10.78             11.26   -0.48
DAILY AVG.       0.12              0.12    0.00
DAYS >= .01        26              24.5     1.5
DAYS >= .10        14              16.8    -2.8
DAYS >= .50         7               7.3    -0.3
DAYS >= 1.00        3               3.2    -0.2
GREATEST
 24 HR. TOTAL    2.82   MM
 STORM TOTAL       MM
 (MM/DD(HH))            MM

SNOWFALL (INCHES)
RECORDS
 TOTAL            0.0   2002
                        2000
 24 HR TOTAL      0.0   08/31/2002 TO 08/31/2002
TOTALS            0.0               0.0     0.0
 LIQUID EQUIV    0.00
SINCE 7/1         0.0               0.0     0.0
 LIQUID 7/1      0.00
SNOWDEPTH AVG.      0
DAYS >= TRACE       0
DAYS >= 1.0         0
GREATEST
 SNOW DEPTH         0   MM
 24 HR TOTAL      0.0   MM
 STORM TOTAL       MM
 (MM/DD(HH))            MM

DEGREE_DAYS
HEATING TOTAL       0                 4      -4
 SINCE 7/1          0                 1      -1
COOLING TOTAL    1143              1140       3
 SINCE 1/1       1374              1313      61

FREEZE DATES
RECORD
 EARLIEST     10/01/1984
 LATEST       04/28/1992
EARLIEST                        10/26
LATEST                          04/04
.................................................

WIND (MPH)
AVERAGE WIND SPEED              4.7
HIGHEST WIND SPEED/DIRECTION    25/250    DATE  07/03
HIGHEST GUST SPEED/DIRECTION    33/320    DATE  07/23

SKY COVER
POSSIBLE SUNSHINE (PERCENT)   MM
AVERAGE SKY COVER           0.20
NUMBER OF DAYS FAIR           70
NUMBER OF DAYS PC             20
NUMBER OF DAYS CLOUDY          2

AVERAGE RH (PERCENT)     69

WEATHER CONDITIONS. NUMBER OF DAYS WITH
THUNDERSTORM              0     MIXED PRECIP               0
HEAVY RAIN               14     RAIN                      12
LIGHT RAIN               24     FREEZING RAIN              0
LT FREEZING RAIN          0     HAIL                       0
HEAVY SNOW                0     SNOW                       0
LIGHT SNOW                0     SLEET                      0
FOG                      47     FOG W/VIS <= 1/4 MILE      6
HAZE                     27

-  INDICATES NEGATIVE NUMBERS.
R  INDICATES RECORD WAS SET OR TIED.
MM INDICATES DATA IS MISSING.
T  INDICATES TRACE AMOUNT.

$$
