000
CXUS55 KPUB 011855
CLSPUB

CLIMATE REPORT
NATIONAL WEATHER SERVICE PUEBLO
1255 PM MDT TUE SEP 1 2015

...................................

...THE PUEBLO  CLIMATE SUMMARY FOR THE SEASON, FROM
6/1/2015 TO 8/31/2015...

CLIMATE NORMAL PERIOD 1981 TO 2010
CLIMATE RECORD PERIOD 1888 TO 2015

WEATHER         OBSERVED          NORMAL  DEPART  LAST YEAR`S
                 VALUE   DATE(S)  VALUE   FROM    VALUE  DATE(S)
                                          NORMAL
................................................................
TEMPERATURE (F)
RECORD
 HIGH             109   07/13/2003
 LOW               32   06/02/1919
HIGHEST           103   08/06                        103  06/30
LOWEST             50   08/20                         41  06/10
                        06/08
                        06/07
AVG. MAXIMUM     91.7              89.8     1.9     89.4
AVG. MINIMUM     60.3              56.4     3.9     57.9
MEAN             76.0              73.1     2.9     73.7
DAYS MAX >= 90     64
DAYS MAX <= 32      0
DAYS MIN <= 32      0
DAYS MIN <= 0       0

PRECIPITATION (INCHES)
RECORD
 MAXIMUM        14.64   1921
 MINIMUM         0.86   1939
TOTALS           6.10              5.74    0.36     5.40
DAILY AVG.       0.07              0.06    0.01
DAYS >= .01        25
DAYS >= .10        12
DAYS >= .50         4
DAYS >= 1.00        1
GREATEST
 24 HR. TOTAL    1.68   08/10 TO 08/11

SNOWFALL (INCHES)
RECORDS
 TOTAL            1.0   1950
 24 HR TOTAL      1.0   07/25/1950 TO 07/25/1950
TOTALS            0.0               0.0     0.0        T
SINCE 7/1         0.0               0.0     0.0
SNOWDEPTH AVG.      0
DAYS >= TRACE       0               0.0     0.0
DAYS >= 1.0         0               0.0     0.0
GREATEST
 SNOW DEPTH         0   MM                             0
 24 HR TOTAL      0.0   MM                       08/08 TO 08/08
                                                 06/22 TO 06/22
                                                 06/08 TO 06/08

DEGREE_DAYS
HEATING TOTAL       0                31     -31        4
 SINCE 7/1          0                 5      -5        1
COOLING TOTAL    1042               777     265      823
 SINCE 1/1       1046               811     235      875
.........................................................

WIND (MPH)
AVERAGE WIND SPEED              7.7
HIGHEST WIND SPEED/DIRECTION    43/210    DATE  06/23
HIGHEST GUST SPEED/DIRECTION    54/220    DATE  06/23

SKY COVER
POSSIBLE SUNSHINE (PERCENT)   MM
AVERAGE SKY COVER           0.10
NUMBER OF DAYS FAIR           81
NUMBER OF DAYS PC              9
NUMBER OF DAYS CLOUDY          2

AVERAGE RH (PERCENT)     51

WEATHER CONDITIONS. NUMBER OF DAYS WITH
THUNDERSTORM             31     MIXED PRECIP               0
HEAVY RAIN               11     RAIN                      14
LIGHT RAIN               42     FREEZING RAIN              0
LT FREEZING RAIN          0     HAIL                       0
HEAVY SNOW                0     SNOW                       0
LIGHT SNOW                0     SLEET                      0
FOG                      12     FOG W/VIS <= 1/4 MILE      0
HAZE                      5

-  INDICATES NEGATIVE NUMBERS.
R  INDICATES RECORD WAS SET OR TIED.
MM INDICATES DATA IS MISSING.
T  INDICATES TRACE AMOUNT.

$$
