000
CXUS53 KGRB 011622
CLSRHI

CLIMATE REPORT
NATIONAL WEATHER SERVICE GREEN BAY
1012 AM CST THU DEC 1 2016

...THE RHINELANDER WI CLIMATE SUMMARY FOR THE SEASON, FROM
9/1/2016 TO 11/30/2016...

CLIMATE NORMAL PERIOD 1981 TO 2010
CLIMATE RECORD PERIOD 1908 TO 2016

WEATHER         OBSERVED          NORMAL  DEPART  LAST YEAR`S
                 VALUE   DATE(S)  VALUE   FROM    VALUE  DATE(S)
                                          NORMAL
................................................................
TEMPERATURE (F)
RECORD
 HIGH              98   09/10/1908
 LOW              -16   11/30/1976
HIGHEST            79   09/05        86      -7       87  09/05
LOWEST             10   11/21         2       8        5  11/28
                                                          11/22
AVG. MAXIMUM     59.4              52.7     6.7     58.2
AVG. MINIMUM     39.2              33.6     5.6     38.2
MEAN             49.3              43.2     6.1     48.2
DAYS MAX >= 90      0               0.0     0.0        0
DAYS MAX <= 32      2              10.3    -8.3        5
DAYS MIN <= 32     28              42.4   -14.4       31
DAYS MIN <= 0       0               0.5    -0.5        0

PRECIPITATION (INCHES)
RECORD
 MAXIMUM        17.47   1934
 MINIMUM         1.11   1976
TOTALS          13.19              9.08    4.11     8.74
DAILY AVG.       0.15              0.10    0.05     0.10
DAYS >= .01        32                MM      MM       35
DAYS >= .10        14                MM      MM       23
DAYS >= .50         6                MM      MM        4
DAYS >= 1.00        3                MM      MM        1

SNOWFALL (INCHES)
RECORDS
 TOTAL           35.1   2014
 24 HR TOTAL       MM
TOTALS            6.6                MM      MM      4.1
SINCE 7/1         6.6                MM      MM      4.1
DAYS >= TRACE       6                MM      MM       12
DAYS >= 1.0         1                MM      MM        3
GREATEST
 SNOW DEPTH         5   11/24                          1  11/26
                        11/23                             11/19
                                                          11/20
 24 HR TOTAL      5.3   MM

DEGREE_DAYS
HEATING TOTAL    1421              2007    -586     1580
 SINCE 7/1         MM              2134      MM       MM
COOLING TOTAL      13                21      -8       71
 SINCE 1/1        321               261      60      233

FREEZE DATES
RECORD
 EARLIEST     08/27/1915
 LATEST       07/30/1928
EARLIEST                        09/23
LATEST                          05/20
.................................................................

WIND (MPH)
AVERAGE WIND SPEED              6.6
RESULTANT WIND SPEED/DIRECTION   2/216
HIGHEST WIND SPEED/DIRECTION    30/280    DATE  09/26
HIGHEST GUST SPEED/DIRECTION    42/270    DATE  09/26

SKY COVER
POSSIBLE SUNSHINE (PERCENT)   MM
AVERAGE SKY COVER           0.50
NUMBER OF DAYS FAIR           33
NUMBER OF DAYS PC             30
NUMBER OF DAYS CLOUDY         28

AVERAGE RH (PERCENT)     79

WEATHER CONDITIONS. NUMBER OF DAYS WITH
THUNDERSTORM              4     MIXED PRECIP               0
HEAVY RAIN                7     RAIN                      10
LIGHT RAIN               41     FREEZING RAIN              0
LT FREEZING RAIN          2     HAIL                       0
HEAVY SNOW                0     SNOW                       2
LIGHT SNOW                7     SLEET                      0
FOG                      68     FOG W/VIS <= 1/4 MILE     21
HAZE                      3

-  INDICATES NEGATIVE NUMBERS.
R  INDICATES RECORD WAS SET OR TIED.
MM INDICATES DATA IS MISSING.
T  INDICATES TRACE AMOUNT.
...................................
