000
CXUS51 KRNK 012232
CLSRNK


CLIMATE REPORT
NATIONAL WEATHER SERVICE BLACKSBURG VA
626 PM EDT THU SEP 1 2016

...................................

...THE BLACKSBURG VA CLIMATE SUMMARY FOR THE SEASON, FROM
6/1/2016 TO 8/31/2016...

CLIMATE NORMAL PERIOD 1981 TO 2010
CLIMATE RECORD PERIOD 1952 TO 2016

WEATHER         OBSERVED          NORMAL  DEPART  LAST YEAR`S
                 VALUE   DATE(S)  VALUE   FROM    VALUE
                                          NORMAL
.............................................................
TEMPERATURE (F)
RECORD
 HIGH              99   08/23/1983
                        07/15/1954
 LOW               30   06/11/1972
HIGHEST            93   07/24                         88
LOWEST             43   06/09                         49
AVG. MAXIMUM     83.1              80.9     2.2     82.1
AVG. MINIMUM     62.0              58.4     3.6     61.4
MEAN             72.6              69.7     2.9     71.8
DAYS MAX >= 90      4               4.1    -0.1        0
DAYS MAX <= 32      0               0.0     0.0        0
DAYS MIN <= 32      0               0.0     0.0        0
DAYS MIN <= 0       0               0.0     0.0        0

PRECIPITATION (INCHES)
RECORD
 MAXIMUM        19.82   1992
 MINIMUM         6.08   1991
TOTALS          12.65             11.85    0.80    11.83
DAILY AVG.       0.14              0.13    0.01     0.13
DAYS >= .01        44              34.6     9.4       42
DAYS >= .10        26              22.5     3.5       20
DAYS >= .50         8               7.9     0.1        8
DAYS >= 1.00        3               2.8     0.2        2
GREATEST
 24 HR. TOTAL    1.58                               1.83

SNOWFALL (INCHES)
TOTALS            0.0                                  T
DAYS >= TRACE       0                                  1
DAYS >= 1.0         0                                  0
GREATEST
 24 HR TOTAL      0.0                                0.0

DEGREE_DAYS
HEATING TOTAL      12                55     -43       12
COOLING TOTAL     731               483     248      651
..............................................................

WIND (MPH)
AVERAGE WIND SPEED              2.8
HIGHEST WIND SPEED/DIRECTION    22/290    DATE  07/08
HIGHEST GUST SPEED/DIRECTION    38/290    DATE  06/23

SKY COVER
AVERAGE SKY COVER           0.40

AVERAGE RH (PERCENT)     78

WEATHER CONDITIONS. NUMBER OF DAYS WITH
THUNDERSTORM             17     MIXED PRECIP               0
HEAVY RAIN               20     RAIN                      31
LIGHT RAIN               53     FREEZING RAIN              0
LT FREEZING RAIN          0     HAIL                       0
HEAVY SNOW                0     SNOW                       0
LIGHT SNOW                0     SLEET                      0
FOG                      64     FOG W/VIS <= 1/4 MILE     21
HAZE                      1

-  INDICATES NEGATIVE NUMBERS.
R  INDICATES RECORD WAS SET OR TIED.
MM INDICATES DATA IS MISSING.
T  INDICATES TRACE AMOUNT.

$$

PW
