000
CXUS53 KBIS 011831
CLSBIS
CLIMATE REPORT
NATIONAL WEATHER SERVICE BISMARCK, ND
1223 PM CST WED DEC 01 2021
...................................
...THE BISMARCK ND CLIMATE SUMMARY FOR THE SEASON, FROM
9/1/2021 TO 11/30/2021...
CLIMATE NORMAL PERIOD: 1991 TO 2020
CLIMATE RECORD PERIOD: 1875 TO 2021
WEATHER OBSERVED NORMAL DEPART LAST YEAR`S
VALUE DATE(S) VALUE FROM VALUE DATE(S)
NORMAL
................................................................
TEMPERATURE (F)
RECORD
HIGH 105 09/08/1959
09/07/1931
LOW -30 11/29/1985
HIGHEST 98 09/28 MM MM 93 09/02
LOWEST 2 11/25 MM MM 8 11/29
10/26
AVG. MAXIMUM 63.7 57.0 6.7 58.2
AVG. MINIMUM 37.0 32.6 4.4 32.1
MEAN 50.4 44.8 5.6 45.2
DAYS MAX >= 90 5 2.0 3.0 1
DAYS MAX <= 32 3 9.6 -6.6 8
DAYS MIN <= 32 37 44.6 -7.6 49
DAYS MIN <= 0 0 1.7 -1.7 0
PRECIPITATION (INCHES)
RECORD
MAXIMUM 10.13 2019
MINIMUM 1.12 2014
TOTALS 4.67 3.84 0.83 1.47
DAILY AVG. 0.05 0.04 0.01 0.02
DAYS >= .01 19 21.1 -2.1 17
DAYS >= .10 9 8.4 0.6 5
DAYS >= .50 3 1.9 1.1 0
DAYS >= 1.00 2 0.7 1.3 0
GREATEST
24 HR. TOTAL 1.49 MM 0.44
STORM TOTAL 1.47 MM
(MM/DD(HH)) MM
SNOWFALL (INCHES)
RECORDS
TOTAL 30.2 2019
TOTALS 1.2 10.5
SINCE 7/1 1.2
DEGREE DAYS
HEATING TOTAL 1381
COOLING TOTAL 73
................................................................
WIND (MPH)
HIGHEST WIND SPEED/DIRECTION 40/320 DATE 11/13
HIGHEST GUST SPEED/DIRECTION 62/320 DATE 11/13
- INDICATES NEGATIVE NUMBERS.
R INDICATES RECORD WAS SET OR TIED.
MM INDICATES DATA IS MISSING.
T INDICATES TRACE AMOUNT.
...................................