000
CXUS52 KCHS 011543
CF6CXM
PRELIMINARY LOCAL CLIMATOLOGICAL DATA (WS FORM: F-6)
STATION: DOWNTOWN CHARLESTON SC
MONTH: JUNE
YEAR: 2022
LATITUDE: 32 46 N
LONGITUDE: 79 56 W
TEMPERATURE IN F: :PCPN: SNOW: WIND :SUNSHINE: SKY :PK WND
================================================================================
1 2 3 4 5 6A 6B 7 8 9 10 11 12 13 14 15 16 17 18
12Z AVG MX 2MIN
DY MAX MIN AVG DEP HDD CDD WTR SNW DPTH SPD SPD DIR MIN PSBL S-S WX SPD DR
================================================================================
1 88 74 81 4 0 16 0.00 M M 5.1 13 170 M M M 15 190
2 87 74 81 4 0 16 0.00 M M 6.6 14 200 M M M 18 210
3 89 75 82 5 0 17 0.00 M M 7.9 20 180 M M M 23 200
4 81 73 77 0 0 12 0.00 M M 10.1 17 90 M M M 21 80
5 81 71 76 -2 0 11 0.18 M M 9.8 15 90 M M M 20 80
6 81 74 78 0 0 13 0.00 M M 11.3 18 90 M M M 21 90
7 84 73 79 1 0 14 0.00 M M 6.3 10 130 M M M 12 120
8 84 73 79 1 0 14 0.69 M M 6.0 17 150 M M M 22 150
9 90 77 84 6 0 19 0.08 M M 6.7 14 210 M M M 22 280
10 81 76 79 1 0 14 0.00 M M 7.4 13 120 M M M 16 30
11 83 78 81 2 0 16 0.07 M M 7.6 14 120 M M M 16 120
12 85 79 82 3 0 17 0.00 M M 8.1 16 200 M M M 20 200
13 87 79 83 4 0 18 0.00 M M 7.4 15 170 M M M 17 180
14 94 80 87 8 0 22 0.00 M M 5.4 15 190 M M M 17 190
15 87 76 82 3 0 17 0.00 M M 8.2 16 100 M M M 18 100
16 86 74 80 1 0 15 0.10 M M 8.5 24 360 M M M 36 350
17 91 74 83 3 0 18 0.20 M M 7.1 18 330 M M M 34 330
18 93 75 84 4 0 19 0.00 M M 5.9 14 30 M M M 24 190
19 82 72 77 -3 0 12 0.00 M M 10.6 19 30 M M M 23 30
20 83 73 78 -2 0 13 0.00 M M 5.4 11 180 M M M 14 180
21 85 77 81 1 0 16 0.00 M M 5.0 12 180 M M M 15 170
22 90 76 83 3 0 18 0.00 M M 6.5 14 200 M M M 19 230
23 89 78 84 4 0 19 0.00 M M 9.0 16 110 M M M 17 110
24 83 79 81 0 0 16 0.00 M M 10.6 17 100 M M M 22 100
25 86 76 81 0 0 16 0.00 M M 9.7 15 110 M M M 18 110
26 84 78 81 0 0 16 0.00 M M 8.5 14 110 M M M 17 120
27 85 78 82 1 0 17 0.00 M M 5.8 11 140 M M M 13 150
28 82 73 78 -3 0 13 0.41 M M 6.7 18 110 M M M 23 110
29 83 74 79 -2 0 14 0.58 M M 5.6 23 0 M M M 27 20
30 84 75 80 -1 0 15 0.00 M M 9.2 16 90 M M M 19 120
================================================================================
SM 2568 2264 0 473 2.31 M 228.0 M M
================================================================================
AV 85.6 75.5 7.6 FASTST M M M MAX(MPH)
MISC ----> 24 360 36 350
================================================================================
NOTES:
# LAST OF SEVERAL OCCURRENCES
COLUMN 17 PEAK WIND IN M.P.H.
PRELIMINARY LOCAL CLIMATOLOGICAL DATA (WS FORM: F-6) , PAGE 2
STATION: DOWNTOWN CHARLESTON SC
MONTH: JUNE
YEAR: 2022
LATITUDE: 32 46 N
LONGITUDE: 79 56 W
[TEMPERATURE DATA] [PRECIPITATION DATA] SYMBOLS USED IN COLUMN 16
AVERAGE MONTHLY: 80.5 TOTAL FOR MONTH: 2.31 1 = FOG OR MIST
DPTR FM NORMAL: 1.3 DPTR FM NORMAL: -2.54 2 = FOG REDUCING VISIBILITY
HIGHEST: 94 ON 14 GRTST 24HR 0.69 ON 8- 8 TO 1/4 MILE OR LESS
LOWEST: 71 ON 5 3 = THUNDER
SNOW, ICE PELLETS, HAIL 4 = ICE PELLETS
TOTAL MONTH: M 5 = HAIL
GRTST 24HR M ON M 6 = FREEZING RAIN OR DRIZZLE
GRTST DEPTH: M ON M 7 = DUSTSTORM OR SANDSTORM:
VSBY 1/2 MILE OR LESS
8 = SMOKE OR HAZE
[NO. OF DAYS WITH] [WEATHER - DAYS WITH] 9 = BLOWING SNOW
X = TORNADO
MAX 32 OR BELOW: 0 0.01 INCH OR MORE: 8
MAX 90 OR ABOVE: 5 0.10 INCH OR MORE: 6
MIN 32 OR BELOW: 0 0.50 INCH OR MORE: 2
MIN 0 OR BELOW: 0 1.00 INCH OR MORE: 0
[HDD (BASE 65) ]
TOTAL THIS MO. 0 CLEAR (SCALE 0-3) 0
DPTR FM NORMAL 0 PTCLDY (SCALE 4-7) 0
TOTAL FM JUL 1 1276 CLOUDY (SCALE 8-10) 30
DPTR FM NORMAL -349
[CDD (BASE 65) ]
TOTAL THIS MO. 473
DPTR FM NORMAL 45 [PRESSURE DATA]
TOTAL FM JAN 1 953 HIGHEST SLP M ON M
DPTR FM NORMAL 138 LOWEST SLP 29.60 ON 5
[REMARKS]
#FINAL-06-22#