000
CXUS53 KGRB 041314
CLSGRB
CLIMATE REPORT
NATIONAL WEATHER SERVICE GREEN BAY
814 AM CDT MON SEP 04 2023
...................................
...THE GREEN BAY WI CLIMATE SUMMARY FOR THE SEASON, FROM
6/1/2023 TO 8/31/2023...
CLIMATE NORMAL PERIOD: 1991 TO 2020
CLIMATE RECORD PERIOD: 1886 TO 2023
WEATHER OBSERVED NORMAL DEPART LAST YEAR`S
VALUE DATE(S) VALUE FROM VALUE DATE(S)
NORMAL
................................................................
TEMPERATURE (F)
RECORD
HIGH 104 07/13/1936
LOW 32 06/06/1958
HIGHEST 93 08/23 94 -1 96 06/21
LOWEST 43 06/12 40 3 45 06/04
AVG. MAXIMUM 80.5 78.8 1.7 81.2
AVG. MINIMUM 58.0 58.2 -0.2 59.6
MEAN 69.2 68.5 0.7 70.4
DAYS MAX >= 90 9 5.0 4.0 8
DAYS MAX <= 32 0 0.0 0.0 0
DAYS MIN <= 32 0 0.0 0.0 0
DAYS MIN <= 0 0 0.0 0.0 0
PRECIPITATION (INCHES)
RECORD
MAXIMUM 20.66 2010
MINIMUM 4.42 1976
TOTALS 9.82 11.11 -1.29 12.55
DAILY AVG. 0.11 0.12 -0.01 0.13
DAYS >= .01 26 32.0 -6.0 28
DAYS >= .10 20 20.4 -0.4 20
DAYS >= .50 6 7.5 -1.5 10
DAYS >= 1.00 2 2.8 -0.8 5
SNOWFALL (INCHES)
RECORDS
TOTAL T MM
24 HR TOTAL MM
TOTALS 0.0 0.0 0.0 0.0
SINCE 7/1 0.0 0.0 0.0 MM
DAYS >= TRACE 0 0.0 0.0 0
DAYS >= 1.0 0 0.0 0.0 0
GREATEST
SNOW DEPTH 0 0 MM
24 HR TOTAL 0.0
DEGREE DAYS
HEATING TOTAL 75 106 -31 33
SINCE 7/1 23 39 -16 MM
COOLING TOTAL 486 430 56 553
SINCE 1/1 518 457 61 MM
FREEZE DATES
RECORD
EARLIEST 09/12/1955
LATEST 06/06/1958
EARLIEST MM
LATEST 04/26
................................................................
WIND (MPH)
AVERAGE WIND SPEED 6.6
RESULTANT WIND SPEED/DIRECTION 1/000
HIGHEST WIND SPEED/DIRECTION 31/330 DATE 07/27
HIGHEST GUST SPEED/DIRECTION 45/320 DATE 07/27
SKY COVER
POSSIBLE SUNSHINE (PERCENT) MM
AVERAGE SKY COVER 0.31
NUMBER OF DAYS FAIR 38
NUMBER OF DAYS PC 21
NUMBER OF DAYS CLOUDY 3
AVERAGE RH (PERCENT) 69
WEATHER CONDITIONS. NUMBER OF DAYS WITH
THUNDERSTORM 22 MIXED PRECIP 0
HEAVY RAIN 15 RAIN 14
LIGHT RAIN 33 FREEZING RAIN 0
LT FREEZING RAIN 0 HAIL 0
HEAVY SNOW 0 SNOW 0
LIGHT SNOW 0 SLEET 0
FOG 52 FOG W/VIS <= 1/4 MILE 3
HAZE 30
- INDICATES NEGATIVE NUMBERS.
R INDICATES RECORD WAS SET OR TIED.
MM INDICATES DATA IS MISSING.
T INDICATES TRACE AMOUNT.
$$