000
CXUS52 KRAH 052243 RRB
CLSGSO
CLIMATE REPORT
NATIONAL WEATHER SERVICE RALEIGH NC
605 PM EDT MON JUN 05 2023
...................................
...THE GREENSBORO NC CLIMATE SUMMARY FOR THE SEASON, FROM
3/1/2023 TO 5/31/2023...
CLIMATE NORMAL PERIOD 1991 TO 2020
CLIMATE RECORD PERIOD 1903 TO 2023
WEATHER OBSERVED NORMAL DEPART LAST YEAR`S
VALUE DATE(S) VALUE FROM VALUE
NORMAL
..............................................................
TEMPERATURE (F)
RECORD
HIGH 100 05/12/1916
05/27/1911
LOW 5 03/06/1960
HIGHEST 84 04/20
05/09
LOWEST 25 03/15
AVG. MAXIMUM 69.0 70.1 -1.1
AVG. MINIMUM 48.4 48.1 0.3
MEAN 58.7 59.1 -0.4
DAYS MAX >= 90 0 1.1 -1.1
DAYS MAX <= 32 0 0.1 -0.1
DAYS MIN <= 32 7 9.1 -2.1
DAYS MIN <= 0 0 0.0 0.0
PRECIPITATION (INCHES)
RECORD
MAXIMUM 19.91 2003
MINIMUM 3.59 1986
TOTALS 13.32 10.99 2.33
DAYS >= .01 28 31.4 -3.4
DAYS >= 1.00 4 2.5 1.5
GREATEST
24 HR. TOTAL 2.54 04/06 TO 04/07
SNOWFALL (INCHES)
RECORDS
TOTAL 21.3 1960
TOTALS T 0.9 -0.9
DAYS >= TRACE 1 0.5 0.5
DAYS >= 1.0 0 0.3 -0.3
GREATEST
SNOW DEPTH 0
DEGREE DAYS
HEATING TOTAL 667 725 -58
SINCE 7/1 3115 3495 -380
COOLING TOTAL 110 182 -72
SINCE 1/1 117 183 -66
..............................................................
WIND (MPH)
AVERAGE WIND SPEED 8.0
HIGHEST WIND SPEED/DIRECTION 35/190 DATE 03/03
HIGHEST GUST SPEED/DIRECTION 48/270 DATE 03/03
SKY COVER
POSSIBLE SUNSHINE (PERCENT) MM
AVERAGE SKY COVER 0.63
NUMBER OF DAYS FAIR 19
NUMBER OF DAYS PC 34
NUMBER OF DAYS CLOUDY 39
AVERAGE RH (PERCENT) 63
WEATHER CONDITIONS. NUMBER OF DAYS WITH
THUNDERSTORM 12 MIXED PRECIP 0
HEAVY RAIN 14 RAIN 19
LIGHT RAIN 38 FREEZING RAIN 0
LT FREEZING RAIN 1 HAIL 0
HEAVY SNOW 0 SNOW 0
LIGHT SNOW 1 SLEET 1
FOG 33 FOG W/VIS <= 1/4 MILE 3
HAZE 2
- INDICATES NEGATIVE NUMBERS.
R INDICATES RECORD WAS SET OR TIED.
MM INDICATES DATA IS MISSING.
T INDICATES TRACE AMOUNT.
&&
THE AVERAGE MEAN TEMPERATURE OF 58.7 WAS THE 46TH WARMEST ON RECORD.
THE TOTAL PRECIPITATION OF 13.32" IS THE 28TH WETTEST ON RECORD.
$$