000
CXUS53 KILX 011615
CLSILX
CLIMATE REPORT
NATIONAL WEATHER SERVICE LINCOLN IL
1015 AM CST WED DEC 01 2021
...................................
...THE LINCOLN IL CLIMATE SUMMARY FOR THE SEASON, FROM
9/1/2021 TO 11/30/2021...
CLIMATE NORMAL PERIOD 1991 TO 2020
CLIMATE RECORD PERIOD 1905 TO 2021
WEATHER OBSERVED NORMAL DEPART LAST YEAR`S
VALUE DATE(S) VALUE FROM VALUE
NORMAL
..............................................................
TEMPERATURE (F)
RECORD
HIGH 104 09/06/1954
LOW -3 11/30/1964
11/28/1930
HIGHEST 91 09/18 MM MM 87
LOWEST 16 11/23 MM MM 18
11/26
AVG. MAXIMUM 67.5 65.6 1.9 66.4
AVG. MINIMUM 45.3 42.4 2.9 42.1
MEAN 56.4 54.0 2.4 54.3
DAYS MAX >= 90 4 3.7 0.3 0
DAYS MAX <= 32 0 1.4 -1.4 0
DAYS MIN <= 32 20 22.5 -2.5 22
DAYS MIN <= 0 0 0.0 0.0 0
PRECIPITATION (INCHES)
RECORD
MAXIMUM 22.14 1926
MINIMUM 1.93 1908
TOTALS 9.67 9.60 0.07 5.13
DAILY AVG. 0.11 0.05
DAYS >= .01 29 27.2 1.8 25
DAYS >= .10 14 17.2 -3.2 16
DAYS >= .50 7 6.6 0.4 2
DAYS >= 1.00 3 2.1 0.9 0
GREATEST
24 HR. TOTAL 2.57 10/24 TO 10/24 0.70
SNOWFALL (INCHES)
RECORDS
TOTAL 10.0 1926
24 HR TOTAL 7.0 11/17/1926 TO 11/17/1926
TOTALS T 0.7 -0.7 T
DAYS >= TRACE 5 0.8 4.2 3
DAYS >= 1.0 0 0.3 -0.3 0
GREATEST
SNOW DEPTH 0 0
24 HR TOTAL T 11/14 TO 11/14 T
11/20 TO 11/20
11/29 TO 11/29
DEGREE DAYS
HEATING TOTAL 968 1135 -167 1047
SINCE 7/1 969 1145 -176 MM
COOLING TOTAL 213 135 78 88
SINCE 1/1 1192 1014 178 MM
FREEZE DATES
RECORD
EARLIEST 09/11/1917
LATEST 05/29/1925
EARLIEST 11/02
LATEST 04/22
..............................................................
SKY COVER
POSSIBLE SUNSHINE (PERCENT) MM
WEATHER CONDITIONS. NUMBER OF DAYS WITH
THUNDERSTORM 7 MIXED PRECIP 0
HEAVY RAIN 9 RAIN 15
LIGHT RAIN 38 FREEZING RAIN 0
LT FREEZING RAIN 0 HAIL 0
HEAVY SNOW 0 SNOW 0
LIGHT SNOW 5 SLEET 1
FOG 14 FOG W/VIS <= 1/4 MILE 1
HAZE 0
- INDICATES NEGATIVE NUMBERS.
R INDICATES RECORD WAS SET OR TIED.
MM INDICATES DATA IS MISSING.
T INDICATES TRACE AMOUNT.
$$