000
CXUS53 KGRB 060718
CLSRHI
CLIMATE REPORT...CORRECTION
NATIONAL WEATHER SERVICE GREEN BAY
218 AM CDT TUE JUN 06 2023
...................................
...THE RHINELANDER WI CLIMATE SUMMARY FOR THE SEASON, FROM
3/1/2023 TO 5/31/2023...
CLIMATE NORMAL PERIOD: 1991 TO 2020
CLIMATE RECORD PERIOD: 1908 TO 2023
WEATHER OBSERVED NORMAL DEPART LAST YEAR`S
VALUE DATE(S) VALUE FROM VALUE DATE(S)
NORMAL
................................................................
TEMPERATURE (F)
RECORD
HIGH 99 05/31/1934
LOW -36 03/01/1962
HIGHEST 88 05/31 87 1 91 05/12
LOWEST -10 03/14 -10 0 -9 03/03
03/12
AVG. MAXIMUM 51.4 52.5 -1.1 48.3
AVG. MINIMUM 28.6 28.9 -0.3 28.7
MEAN 40.0 40.7 -0.7 38.5
DAYS MAX >= 90 0 0.3 -0.3 1
DAYS MAX <= 32 11 11.4 -0.4 17
DAYS MIN <= 32 56 53.7 2.3 61
DAYS MIN <= 0 1 3.8 -2.8 6
PRECIPITATION (INCHES)
RECORD
MAXIMUM 14.87 1991
MINIMUM 2.28 1931
TOTALS 8.90 7.59 1.31 11.87
DAILY AVG. 0.10 0.08 0.02 0.13
DAYS >= .01 38 34.0 4.0 50
DAYS >= .10 19 17.9 1.1 27
DAYS >= .50 5 4.2 0.8 6
DAYS >= 1.00 2 1.1 0.9 3
SNOWFALL (INCHES)
RECORDS
TOTAL 51.5 2023
24 HR TOTAL MM
TOTALS 51.5R MM MM 24.4
SINCE 7/1 122.9 MM MM MM
DAYS >= TRACE 38 MM MM 30
DAYS >= 1.0 12 MM MM 7
GREATEST
SNOW DEPTH 29R 03/12 12 03/01
03/13
03/02
24 HR TOTAL MM
DEGREE DAYS
HEATING TOTAL 2289 2251 38 2453
SINCE 7/1 8290 8713 -423 MM
COOLING TOTAL 11 14 -3 45
SINCE 1/1 11 14 -3 MM
FREEZE DATES
RECORD
EARLIEST 08/27/1915
LATEST 07/30/1928
EARLIEST 09/23
LATEST 05/23
................................................................
WIND (MPH)
AVERAGE WIND SPEED 7.5
RESULTANT WIND SPEED/DIRECTION 1/190
HIGHEST WIND SPEED/DIRECTION 37/270 DATE 04/06
HIGHEST GUST SPEED/DIRECTION 48/260 DATE 04/05
SKY COVER
POSSIBLE SUNSHINE (PERCENT) MM
AVERAGE SKY COVER 0.48
NUMBER OF DAYS FAIR 40
NUMBER OF DAYS PC 20
NUMBER OF DAYS CLOUDY 32
AVERAGE RH (PERCENT) 64
WEATHER CONDITIONS. NUMBER OF DAYS WITH
THUNDERSTORM 5 MIXED PRECIP 0
HEAVY RAIN 6 RAIN 6
LIGHT RAIN 20 FREEZING RAIN 3
LT FREEZING RAIN 4 HAIL 0
HEAVY SNOW 2 SNOW 9
LIGHT SNOW 35 SLEET 0
FOG 46 FOG W/VIS <= 1/4 MILE 13
HAZE 15
- INDICATES NEGATIVE NUMBERS.
R INDICATES RECORD WAS SET OR TIED.
MM INDICATES DATA IS MISSING.
T INDICATES TRACE AMOUNT.
$$