000
CXUS52 KJAX 280800
CF6AMG
PRELIMINARY LOCAL CLIMATOLOGICAL DATA (WS FORM: F-6)
STATION: ALMA
MONTH: MARCH
YEAR: 2024
LATITUDE: 31 32 N
LONGITUDE: 82 30 W
TEMPERATURE IN F: :PCPN: SNOW: WIND :SUNSHINE: SKY :PK WND
================================================================================
1 2 3 4 5 6A 6B 7 8 9 10 11 12 13 14 15 16 17 18
12Z AVG MX 2MIN
DY MAX MIN AVG DEP HDD CDD WTR SNW DPTH SPD SPD DIR MIN PSBL S-S WX SPD DR
================================================================================
1 65 51 58 1 7 0 0.05 0.0 0 4.1 10 350 M M 10 1 15 360
2 68 52 60 3 5 0 0.13 0.0 0 1.1 12 110 M M 8 123 16 120
3 74 57 66 8 0 1 0.00 0.0 0 2.1 10 130 M M 8 12 14 140
4 76 57 67 9 0 2 0.00 0.0 0 3.0 9 100 M M 6 12 13 110
5 67 55 61 3 4 0 0.34 0.0 0 3.1 9 120 M M 7 1 14 110
6 78 64 71 13 0 6 0.66 0.0 0 5.8 15 240 M M 8 1 25 220
7 80 51 66 8 0 1 0.00 0.0 0 2.6 9 130 M M 1 12 13 100
8 78 58 68 9 0 3 0.00 0.0 0 6.6 17 130 M M 3 1 29 120
9 76 66 71 12 0 6 0.47 0.0 0 8.7 17 170 M M 8 13 26 170
10 68 51 60 1 5 0 0.00 0.0 0 10.5 18 300 M M 0 28 300
11 64 44 54 -5 11 0 0.00 0.0 0 2.9 12 320 M M 0 19 320
12 75 40 58 -1 7 0 0.00 0.0 0 1.8 9 280 M M 0 1 14 280
13 77 44 61 1 4 0 0.00 0.0 0 1.6 12 230 M M 0 15 240
14 83 44 64 4 1 0 0.00 0.0 0 1.9 10 150 M M 0 15 160
15 86 51 69 9 0 4 0.41 0.0 0 4.3 22 320 M M 2 13 30 330
16 82 63 73 13 0 8 0.01 0.0 0 3.8 12 240 M M 4 17 230
17 78 58 68 8 0 3 0.34 0.0 0 4.0 14 340 M M 3 1 21 290
18 70 51 61 1 4 0 0.01 0.0 0 8.8 24 330 M M 6 1 35 330
19 63 37 50 -11 15 0 0.00 0.0 0 5.1 17 330 M M 0 25 320
20 74 38 56 -5 9 0 0.00 0.0 0 3.7 13 280 M M 0 19 220
21 80 45 63 2 2 0 0.00 0.0 0 3.5 10 110 M M 0 1 19 130
22 65 59 62 1 3 0 0.82 0.0 M 5.6 16 120 M M 8 12 28 130
23 76 59 68 6 0 3 0.38 0.0 0 7.0 26 320 M M 7 13 37 320
24 71 51 61 -1 4 0 0.00 0.0 0 6.0 14 110 M M 1 24 100
25 66 49 58 -4 7 0 0.00 0.0 0 6.5 13 110 M M 6 23 60
26 80 60 70 8 0 5 T 0.0 0 7.2 20 160 M M 8 3 26 150
27 77 59 68 6 0 3 0.86 0.0 0 5.5 13 230 M M 8 13 21 160
================================================================================
SM 1997 1414 88 45 4.48 0.0 126.8 M 112
================================================================================
AV 74.0 52.4 4.7 FASTST M M 4 MAX(MPH)
MISC ----> 26 320 37 320
================================================================================
NOTES:
# LAST OF SEVERAL OCCURRENCES
COLUMN 17 PEAK WIND IN M.P.H.
PRELIMINARY LOCAL CLIMATOLOGICAL DATA (WS FORM: F-6) , PAGE 2
STATION: ALMA
MONTH: MARCH
YEAR: 2024
LATITUDE: 31 32 N
LONGITUDE: 82 30 W
[TEMPERATURE DATA] [PRECIPITATION DATA] SYMBOLS USED IN COLUMN 16
AVERAGE MONTHLY: 63.2 TOTAL FOR MONTH: 4.48 1 = FOG OR MIST
DPTR FM NORMAL: 3.4 DPTR FM NORMAL: 0.83 2 = FOG REDUCING VISIBILITY
HIGHEST: 86 ON 15 GRTST 24HR 1.18 ON 22-23 TO 1/4 MILE OR LESS
LOWEST: 37 ON 19 3 = THUNDER
SNOW, ICE PELLETS, HAIL 4 = ICE PELLETS
TOTAL MONTH: 0.0 INCH 5 = HAIL
GRTST 24HR 0.0 6 = FREEZING RAIN OR DRIZZLE
GRTST DEPTH: 0 7 = DUSTSTORM OR SANDSTORM:
VSBY 1/2 MILE OR LESS
8 = SMOKE OR HAZE
[NO. OF DAYS WITH] [WEATHER - DAYS WITH] 9 = BLOWING SNOW
X = TORNADO
MAX 32 OR BELOW: 0 0.01 INCH OR MORE: 12
MAX 90 OR ABOVE: 0 0.10 INCH OR MORE: 9
MIN 32 OR BELOW: 0 0.50 INCH OR MORE: 3
MIN 0 OR BELOW: 0 1.00 INCH OR MORE: 0
[HDD (BASE 65) ]
TOTAL THIS MO. 88 CLEAR (SCALE 0-3) 12
DPTR FM NORMAL -84 PTCLDY (SCALE 4-7) 11
TOTAL FM JUL 1 1283 CLOUDY (SCALE 8-10) 4
DPTR FM NORMAL -279
[CDD (BASE 65) ]
TOTAL THIS MO. 45
DPTR FM NORMAL 15 [PRESSURE DATA]
TOTAL FM JAN 1 73 HIGHEST SLP M ON M
DPTR FM NORMAL 23 LOWEST SLP 29.66 ON 23
[REMARKS]