000
CXUS52 KTAE 290800
CF6DHN
PRELIMINARY LOCAL CLIMATOLOGICAL DATA (WS FORM: F-6)
STATION: DOTHAN
MONTH: MARCH
YEAR: 2024
LATITUDE: 31 19 N
LONGITUDE: 85 27 W
TEMPERATURE IN F: :PCPN: SNOW: WIND :SUNSHINE: SKY :PK WND
================================================================================
1 2 3 4 5 6A 6B 7 8 9 10 11 12 13 14 15 16 17 18
12Z AVG MX 2MIN
DY MAX MIN AVG DEP HDD CDD WTR SNW DPTH SPD SPD DIR MIN PSBL S-S WX SPD DR
================================================================================
1 57 49 53 -5 12 0 0.61 0.0 M 9.9 18 40 M M 10 1 26 50
2 66 50 58 0 7 0 0.00 0.0 M 4.4 10 90 M M 10 12 13 110
3 80 61 71 13 0 6 0.00 0.0 M 4.5 10 140 M M 7 12 13 150
4 73 62 68 10 0 3 0.00 0.0 M 6.9 12 90 M M 6 1 17 70
5 69 62 66 7 0 1 0.12 0.0 0 7.3 18 150 M M 9 1 24 140
6 74 55 65 6 0 0 T 0.0 0 8.6 20 300 M M 7 1 28 290
7 77 51 64 5 1 0 0.00 0.0 0 2.7 10 40 M M 0 1 13 40
8 74 53 64 5 1 0 0.61 0.0 M 12.0 22 180 M M 5 13 32 160
9 72 58 65 5 0 0 3.25 0.0 M 9.5 30 300 M M 6 13 46 290
10 66 48 57 -3 8 0 0.00 0.0 0 11.6 21 330 M M 2 32 310
11 66 45 56 -4 9 0 0.00 0.0 0 5.0 13 30 M M 0 8 18 10
12 73 40 57 -3 8 0 0.00 0.0 0 2.3 13 220 M M 0 18 220
13 75 44 60 0 5 0 0.00 0.0 0 3.4 12 220 M M 0 14 220
14 82 49 66 6 0 1 0.00 0.0 0 4.1 12 160 M M 1 1 15 180
15 84 62 73 12 0 8 0.57 0.0 0 9.1 29 320 M M 3 13 38 310
16 77 60 69 8 0 4 0.00 0.0 0 5.0 12 290 M M 5 12 15 300
17 71 58 65 4 0 0 0.19 0.0 0 5.1 18 330 M M 7 13 23 330
18 68 43 56 -5 9 0 0.00 0.0 0 12.6 26 330 M M 4 37 330
19 63 33 48 -14 17 0 0.00 0.0 0 6.1 16 360 M M 0 24 20
20 72 39 56 -6 9 0 0.00 0.0 0 5.6 14 230 M M 0 19 240
21 76 46 61 -1 4 0 0.00 0.0 0 5.0 14 130 M M 2 19 140
22 67 56 62 0 3 0 T 0.0 0 4.7 15 100 M M 9 1 24 100
23 72 54 63 1 2 0 0.10 0.0 0 11.4 24 340 M M 6 1 34 30
24 73 45 59 -3 6 0 0.00 0.0 M 8.6 21 110 M M 0 35 110
25 76 51 64 1 1 0 0.00 0.0 0 14.1 21 120 M M 5 32 130
26 70 59 65 2 0 0 0.52 0.0 0 9.3 30 310 M M 9 138 36 300
27 78 57 68 5 0 3 0.00 0.0 0 10.4 17 340 M M 2 1 23 20
28 75 47 61 -2 4 0 0.00 0.0 0 11.6 24 340 M M 0 31 330
================================================================================
SM 2026 1437 106 26 5.97 0.0 210.8 M 115
================================================================================
AV 72.4 51.3 7.5 FASTST M M 4 MAX(MPH)
MISC ----> # 30 300 46 290
================================================================================
NOTES:
# LAST OF SEVERAL OCCURRENCES
COLUMN 17 PEAK WIND IN M.P.H.
PRELIMINARY LOCAL CLIMATOLOGICAL DATA (WS FORM: F-6) , PAGE 2
STATION: DOTHAN
MONTH: MARCH
YEAR: 2024
LATITUDE: 31 19 N
LONGITUDE: 85 27 W
[TEMPERATURE DATA] [PRECIPITATION DATA] SYMBOLS USED IN COLUMN 16
AVERAGE MONTHLY: 61.8 TOTAL FOR MONTH: 5.97 1 = FOG OR MIST
DPTR FM NORMAL: 1.3 DPTR FM NORMAL: 1.78 2 = FOG REDUCING VISIBILITY
HIGHEST: 84 ON 15 GRTST 24HR 3.86 ON 8- 9 TO 1/4 MILE OR LESS
LOWEST: 33 ON 19 3 = THUNDER
SNOW, ICE PELLETS, HAIL 4 = ICE PELLETS
TOTAL MONTH: 0.0 INCH 5 = HAIL
GRTST 24HR 0.0 6 = FREEZING RAIN OR DRIZZLE
GRTST DEPTH: 0 7 = DUSTSTORM OR SANDSTORM:
VSBY 1/2 MILE OR LESS
8 = SMOKE OR HAZE
[NO. OF DAYS WITH] [WEATHER - DAYS WITH] 9 = BLOWING SNOW
X = TORNADO
MAX 32 OR BELOW: 0 0.01 INCH OR MORE: 8
MAX 90 OR ABOVE: 0 0.10 INCH OR MORE: 8
MIN 32 OR BELOW: 0 0.50 INCH OR MORE: 5
MIN 0 OR BELOW: 0 1.00 INCH OR MORE: 1
[HDD (BASE 65) ]
TOTAL THIS MO. 106 CLEAR (SCALE 0-3) 12
DPTR FM NORMAL -58 PTCLDY (SCALE 4-7) 11
TOTAL FM JUL 1 1452 CLOUDY (SCALE 8-10) 5
DPTR FM NORMAL -118
[CDD (BASE 65) ]
TOTAL THIS MO. 26
DPTR FM NORMAL -13 [PRESSURE DATA]
TOTAL FM JAN 1 47 HIGHEST SLP M ON M
DPTR FM NORMAL -15 LOWEST SLP 29.68 ON 22
[REMARKS]