000
CXUS53 KUNR 280930
CF6GCC
PRELIMINARY LOCAL CLIMATOLOGICAL DATA (WS FORM: F-6)
STATION: GILLETTE AIRPORT WY
MONTH: MARCH
YEAR: 2024
LATITUDE: 44 20 N
LONGITUDE: 105 32 W
TEMPERATURE IN F: :PCPN: SNOW: WIND :SUNSHINE: SKY :PK WND
================================================================================
1 2 3 4 5 6A 6B 7 8 9 10 11 12 13 14 15 16 17 18
12Z AVG MX 2MIN
DY MAX MIN AVG DEP HDD CDD WTR SNW DPTH SPD SPD DIR MIN PSBL S-S WX SPD DR
================================================================================
1 61 31 46 16 19 0 0.00 M M 16.5 32 230 M M 3 42 220
2 62 22 42 12 23 0 0.00 M M 12.1 37 220 M M 3 48 220
3 40 11 26 -5 39 0 0.00 M M 11.6 33 240 M M 3 44 240
4 42 14 28 -3 37 0 T M M 8.4 18 270 M M 4 18 25 240
5 49 17 33 1 32 0 0.00 M M 17.5 30 200 M M 1 41 240
6 40 13 27 -5 38 0 0.00 M M 8.1 20 30 M M 5 1 24 350
7 36 19 28 -5 37 0 0.00 M M 6.6 17 160 M M 8 8 22 160
8 44 16 30 -3 35 0 0.00 M M 4.9 12 260 M M 0 18 310
9 58 21 40 7 25 0 0.00 M M 8.0 22 220 M M 0 29 230
10 64 38 51 17 14 0 0.00 M M 15.7 29 230 M M 0 38 220
11 60 31 46 12 19 0 0.00 M M 8.0 22 230 M M 1 30 230
12 58 32 45 10 20 0 0.00 M M 4.8 18 250 M M 2 23 250
13 45 28 37 2 28 0 0.25 M M 9.1 21 350 M M 8 1 26 350
14 36 21 29 -6 36 0 0.02 M M 9.0 18 330 M M 7 12 24 340
15 54 21 38 2 27 0 0.00 M M 9.7 18 310 M M 0 24 190
16 50 22 36 0 29 0 0.00 M M 10.3 25 330 M M 1 34 350
17 47 18 33 -3 32 0 0.00 M M 8.8 25 340 M M 5 35 350
18 67 22 45 8 20 0 0.00 M M 9.3 25 320 M M 0 37 300
19 65 27 46 9 19 0 0.00 M M 11.9 24 340 M M 1 36 330
20 64 27 46 9 19 0 0.00 M M 11.1 31 170 M M 4 40 170
21 44 22 33 -5 32 0 T M M 6.2 18 330 M M 3 23 330
22 35 24 30 -8 35 0 0.09 M M 7.0 23 160 M M 10 128 28 150
23 54 26 40 2 25 0 0.04 M M 13.7 28 160 M M 7 36 150
24 29 16 23 -15 42 0 0.17 M M 14.2 25 340 M M 10 128 32 350
25 24 13 19 -20 46 0 T M M 6.1 15 360 M M 10 18 19 360
26 37 5 21 -18 44 0 0.00 M M 4.5 16 350 M M 3 22 340
27 50 25 38 -1 27 0 0.00 M M 10.8 21 310 M M 4 29 290
================================================================================
SM 1315 582 799 0 0.57 M 263.9 M 103
================================================================================
AV 48.7 21.6 9.8 FASTST M M 4 MAX(MPH)
MISC ----> 37 220 48 220
================================================================================
NOTES:
# LAST OF SEVERAL OCCURRENCES
COLUMN 17 PEAK WIND IN M.P.H.
PRELIMINARY LOCAL CLIMATOLOGICAL DATA (WS FORM: F-6) , PAGE 2
STATION: GILLETTE AIRPORT WY
MONTH: MARCH
YEAR: 2024
LATITUDE: 44 20 N
LONGITUDE: 105 32 W
[TEMPERATURE DATA] [PRECIPITATION DATA] SYMBOLS USED IN COLUMN 16
AVERAGE MONTHLY: 35.1 TOTAL FOR MONTH: 0.57 1 = FOG OR MIST
DPTR FM NORMAL: 0.1 DPTR FM NORMAL: -0.09 2 = FOG REDUCING VISIBILITY
HIGHEST: 67 ON 18 GRTST 24HR 0.27 ON 13-14 TO 1/4 MILE OR LESS
LOWEST: 5 ON 26 3 = THUNDER
SNOW, ICE PELLETS, HAIL 4 = ICE PELLETS
TOTAL MONTH: M 5 = HAIL
GRTST 24HR M ON M 6 = FREEZING RAIN OR DRIZZLE
GRTST DEPTH: M ON M 7 = DUSTSTORM OR SANDSTORM:
VSBY 1/2 MILE OR LESS
8 = SMOKE OR HAZE
[NO. OF DAYS WITH] [WEATHER - DAYS WITH] 9 = BLOWING SNOW
X = TORNADO
MAX 32 OR BELOW: 2 0.01 INCH OR MORE: 5
MAX 90 OR ABOVE: 0 0.10 INCH OR MORE: 2
MIN 32 OR BELOW: 26 0.50 INCH OR MORE: 0
MIN 0 OR BELOW: 0 1.00 INCH OR MORE: 0
[HDD (BASE 65) ]
TOTAL THIS MO. 799 CLEAR (SCALE 0-3) 14
DPTR FM NORMAL -9 PTCLDY (SCALE 4-7) 9
TOTAL FM JUL 1 5419 CLOUDY (SCALE 8-10) 4
DPTR FM NORMAL -757
[CDD (BASE 65) ]
TOTAL THIS MO. 0
DPTR FM NORMAL 0 [PRESSURE DATA]
TOTAL FM JAN 1 0 HIGHEST SLP M ON M
DPTR FM NORMAL 0 LOWEST SLP 29.25 ON 3
[REMARKS]