000
CXUS53 KIND 290600
CF6LAF
PRELIMINARY LOCAL CLIMATOLOGICAL DATA (WS FORM: F-6)
STATION: LAFAYETTE IN
MONTH: MARCH
YEAR: 2024
LATITUDE: 40 25 N
LONGITUDE: 86 56 W
TEMPERATURE IN F: :PCPN: SNOW: WIND :SUNSHINE: SKY :PK WND
================================================================================
1 2 3 4 5 6A 6B 7 8 9 10 11 12 13 14 15 16 17 18
12Z AVG MX 2MIN
DY MAX MIN AVG DEP HDD CDD WTR SNW DPTH SPD SPD DIR MIN PSBL S-S WX SPD DR
================================================================================
1 46 24 35 1 30 0 0.00 M M 5.8 12 150 M M 5 17 160
2 58 39 49 14 16 0 0.00 M M 5.5 13 160 M M 5 18 22 160
3 72 41 57 22 8 0 0.00 M M 9.0 22 200 M M 0 1 37 190
4 75 56 66 30 0 1 0.00 M M 8.7 21 220 M M 4 32 190
5 65 42 54 18 11 0 0.60 M M 7.6 17 350 M M 8 13 22 350
6 51 41 46 10 19 0 0.00 M M 9.8 15 40 M M 10 1 22 10
7 48 43 46 9 19 0 0.00 M M 10.3 15 90 M M 10 19 80
8 58 46 52 15 13 0 0.61 M M 7.4 15 260 M M 10 1 22 270
9 54 35 45 8 20 0 0.01 M M 12.1 22 320 M M 9 1 30 320
10 47 28 38 0 27 0 0.00 M M 10.8 23 330 M M 1 34 320
11 62 25 44 6 21 0 0.00 M M 7.6 20 240 M M 0 31 220
12 70 41 56 18 9 0 0.00 M M 8.1 20 230 M M 0 30 230
13 75 45 60 21 5 0 0.00 M M 4.6 15 200 M M 1 21 190
14 73 45 59 20 6 0 0.61 M M 9.0 28 250 M M 5 13 42 260
15 57 37 47 7 18 0 0.00 M M 9.0 16 330 M M 5 28 10
16 64 34 49 9 16 0 T M M 11.7 28 280 M M 3 47 220
17 45 32 39 -1 26 0 0.00 M M 11.9 23 280 M M 5 31 320
18 36 26 31 -10 34 0 0.00 M M 9.3 18 320 M M 8 26 330
19 59 26 43 2 22 0 0.00 M M 12.6 28 270 M M 0 45 210
20 50 27 39 -2 26 0 0.00 M M 13.3 24 290 M M 2 36 320
21 42 24 33 -9 32 0 0.00 M M 8.5 15 100 M M 4 20 90
22 53 31 42 0 23 0 0.02 M M 11.7 21 360 M M 6 33 10
23 45 29 37 -5 28 0 0.00 M M 10.5 17 20 M M 6 24 30
24 53 30 42 -1 23 0 0.00 M M 12.6 25 110 M M 3 8 31 110
25 67 44 56 13 9 0 0.25 M M 13.7 23 150 M M 2 8 37 140
26 62 38 50 6 15 0 0.24 M M 15.4 26 240 M M 8 1 45 190
27 44 30 37 -7 28 0 0.00 M M 9.1 20 270 M M 7 28 260
28 60 24 42 -2 23 0 T M M 5.4 24 270 M M 6 1 37 280
================================================================================
SM 1591 983 527 1 2.34 M 271.0 M 133
================================================================================
AV 56.8 35.1 9.7 FASTST M M 5 MAX(MPH)
MISC ----> # 28 250 47 220
================================================================================
NOTES:
# LAST OF SEVERAL OCCURRENCES
COLUMN 17 PEAK WIND IN M.P.H.
PRELIMINARY LOCAL CLIMATOLOGICAL DATA (WS FORM: F-6) , PAGE 2
STATION: LAFAYETTE IN
MONTH: MARCH
YEAR: 2024
LATITUDE: 40 25 N
LONGITUDE: 86 56 W
[TEMPERATURE DATA] [PRECIPITATION DATA] SYMBOLS USED IN COLUMN 16
AVERAGE MONTHLY: 46.0 TOTAL FOR MONTH: 2.34 1 = FOG OR MIST
DPTR FM NORMAL: 6.6 DPTR FM NORMAL: -0.08 2 = FOG REDUCING VISIBILITY
HIGHEST: 75 ON 13, 4 GRTST 24HR 0.62 ON 8- 9 TO 1/4 MILE OR LESS
LOWEST: 24 ON 28,21 3 = THUNDER
SNOW, ICE PELLETS, HAIL 4 = ICE PELLETS
TOTAL MONTH: M 5 = HAIL
GRTST 24HR M ON M 6 = FREEZING RAIN OR DRIZZLE
GRTST DEPTH: M ON M 7 = DUSTSTORM OR SANDSTORM:
VSBY 1/2 MILE OR LESS
8 = SMOKE OR HAZE
[NO. OF DAYS WITH] [WEATHER - DAYS WITH] 9 = BLOWING SNOW
X = TORNADO
MAX 32 OR BELOW: 0 0.01 INCH OR MORE: 7
MAX 90 OR ABOVE: 0 0.10 INCH OR MORE: 5
MIN 32 OR BELOW: 13 0.50 INCH OR MORE: 3
MIN 0 OR BELOW: 0 1.00 INCH OR MORE: 0
[HDD (BASE 65) ]
TOTAL THIS MO. 527 CLEAR (SCALE 0-3) 10
DPTR FM NORMAL -194 PTCLDY (SCALE 4-7) 12
TOTAL FM JUL 1 4221 CLOUDY (SCALE 8-10) 6
DPTR FM NORMAL -926
[CDD (BASE 65) ]
TOTAL THIS MO. 1
DPTR FM NORMAL 1 [PRESSURE DATA]
TOTAL FM JAN 1 1 HIGHEST SLP M ON M
DPTR FM NORMAL 1 LOWEST SLP 29.47 ON 26
[REMARKS]