000
CXUS52 KMLB 290626
CF6SFB
PRELIMINARY LOCAL CLIMATOLOGICAL DATA (WS FORM: F-6)
STATION: SANFORD
MONTH: MARCH
YEAR: 2024
LATITUDE: 28 46 N
LONGITUDE: 81 15 W
TEMPERATURE IN F: :PCPN: SNOW: WIND :SUNSHINE: SKY :PK WND
================================================================================
1 2 3 4 5 6A 6B 7 8 9 10 11 12 13 14 15 16 17 18
12Z AVG MX 2MIN
DY MAX MIN AVG DEP HDD CDD WTR SNW DPTH SPD SPD DIR MIN PSBL S-S WX SPD DR
================================================================================
1 82 64 73 8 0 8 0.01 0.0 0 8.3 18 150 M M 5 1 25 160
2 81 64 73 8 0 8 0.00 0.0 0 5.8 14 210 M M 5 19 220
3 77 63 70 5 0 5 0.53 0.0 0 5.3 17 320 M M 5 13 23 320
4 80 62 71 6 0 6 0.00 0.0 0 7.2 15 80 M M 7 12 19 80
5 79 63 71 5 0 6 0.00 0.0 0 7.3 15 120 M M 6 12 18 100
6 83 66 75 9 0 10 0.07 0.0 0 11.2 21 260 M M 4 13 27 240
7 82 62 72 6 0 7 0.00 0.0 0 4.7 15 110 M M 2 19 110
8 84 64 74 8 0 9 0.00 0.0 0 7.7 18 120 M M 4 22 120
9 89 72 81 15 0 16 T 0.0 0 12.3 24 240 M M 3 32 260
10 78 60 69 3 0 4 0.21 0.0 0 10.9 18 250 M M 4 13 26 250
11 72 53 63 -3 2 0 0.00 0.0 0 8.2 16 10 M M 0 23 10
12 80 53 67 1 0 2 0.00 0.0 0 4.3 12 110 M M 1 17 130
13 82 59 71 4 0 6 0.00 0.0 0 4.7 14 240 M M 1 17 250
14 85 61 73 6 0 8 0.00 0.0 0 4.1 15 90 M M 0 18 90
15 88 63 76 9 0 11 0.00 0.0 0 5.3 13 130 M M 1 1 16 190
16 86 68 77 10 0 12 0.00 0.0 0 8.3 16 260 M M 2 24 320
17 85 67 76 9 0 11 0.00 0.0 0 7.8 17 270 M M 3 25 280
18 85 67 76 9 0 11 T 0.0 0 11.8 25 290 M M 3 138 33 280
19 67 49 58 -10 7 0 0.00 0.0 0 10.8 23 350 M M 1 35 10
20 75 45 60 -8 5 0 0.00 0.0 0 3.7 14 260 M M 0 20 60
21 81 51 66 -2 0 1 0.00 0.0 0 7.3 17 100 M M 1 25 110
22 73 63 68 0 0 3 0.48 0.0 0 10.4 23 130 M M 7 1 32 180
23 83 63 73 5 0 8 0.01 0.0 0 9.1 21 300 M M 7 27 270
24 75 60 68 0 0 3 T 0.0 0 12.8 24 50 M M 8 35 60
25 80 60 70 2 0 5 0.00 0.0 0 10.5 23 110 M M 7 33 110
26 86 63 75 6 0 10 0.00 0.0 0 10.4 25 140 M M 3 32 140
27 80 67 74 5 0 9 T 0.0 0 6.8 15 160 M M 3 8 20 160
28 79 61 70 1 0 5 0.05 0.0 0 8.4 20 350 M M 5 1 27 350
================================================================================
SM 2257 1713 14 184 1.36 0.0 225.4 M 98
================================================================================
AV 80.6 61.2 8.1 FASTST M M 4 MAX(MPH)
MISC ----> # 25 290 # 35 10
================================================================================
NOTES:
# LAST OF SEVERAL OCCURRENCES
COLUMN 17 PEAK WIND IN M.P.H.
PRELIMINARY LOCAL CLIMATOLOGICAL DATA (WS FORM: F-6) , PAGE 2
STATION: SANFORD
MONTH: MARCH
YEAR: 2024
LATITUDE: 28 46 N
LONGITUDE: 81 15 W
[TEMPERATURE DATA] [PRECIPITATION DATA] SYMBOLS USED IN COLUMN 16
AVERAGE MONTHLY: 70.9 TOTAL FOR MONTH: 1.36 1 = FOG OR MIST
DPTR FM NORMAL: 4.0 DPTR FM NORMAL: -1.20 2 = FOG REDUCING VISIBILITY
HIGHEST: 89 ON 9 GRTST 24HR 0.53 ON 3- 3 TO 1/4 MILE OR LESS
LOWEST: 45 ON 20 3 = THUNDER
SNOW, ICE PELLETS, HAIL 4 = ICE PELLETS
TOTAL MONTH: 0.0 INCH 5 = HAIL
GRTST 24HR 0.0 6 = FREEZING RAIN OR DRIZZLE
GRTST DEPTH: 0 7 = DUSTSTORM OR SANDSTORM:
VSBY 1/2 MILE OR LESS
8 = SMOKE OR HAZE
[NO. OF DAYS WITH] [WEATHER - DAYS WITH] 9 = BLOWING SNOW
X = TORNADO
MAX 32 OR BELOW: 0 0.01 INCH OR MORE: 7
MAX 90 OR ABOVE: 0 0.10 INCH OR MORE: 3
MIN 32 OR BELOW: 0 0.50 INCH OR MORE: 1
MIN 0 OR BELOW: 0 1.00 INCH OR MORE: 0
[HDD (BASE 65) ]
TOTAL THIS MO. 14 CLEAR (SCALE 0-3) 13
DPTR FM NORMAL -41 PTCLDY (SCALE 4-7) 15
TOTAL FM JUL 1 408 CLOUDY (SCALE 8-10) 0
DPTR FM NORMAL -136
[CDD (BASE 65) ]
TOTAL THIS MO. 184
DPTR FM NORMAL 78 [PRESSURE DATA]
TOTAL FM JAN 1 269 HIGHEST SLP M ON M
DPTR FM NORMAL 53 LOWEST SLP 29.65 ON 23
[REMARKS]