000
CXUS54 KLCH 021544
CLMARA
CLIMATE REPORT
NATIONAL WEATHER SERVICE LAKE CHARLES, LA
944 AM CST SAT MAR 02 2024
...................................
...THE NEW IBERIA CLIMATE SUMMARY FOR THE MONTH OF FEBRUARY 2024...
CLIMATE NORMAL PERIOD: 1991 TO 2020
CLIMATE RECORD PERIOD: 1948 TO 2024
WEATHER OBSERVED NORMAL DEPART LAST YEAR`S
VALUE DATE(S) VALUE FROM VALUE DATE(S)
NORMAL
................................................................
TEMPERATURE (F)
RECORD
HIGH 85 02/28/2011
LOW 1 02/20/2021
HIGHEST 77 02/27 MM MM 84 02/23
02/28
LOWEST 31 02/19 MM MM 37 02/04
02/18
AVG. MAXIMUM 69.6 66.5 3.1 69.9
AVG. MINIMUM 47.9 46.9 1.0 51.6
MEAN 58.8 56.7 2.1 60.7
DAYS MAX >= 90 0 0.0 0.0 0
DAYS MAX <= 32 0 0.0 0.0 0
DAYS MIN <= 32 2 1.8 0.2 0
DAYS MIN <= 0 0 0.0 0.0 0
PRECIPITATION (INCHES)
RECORD
MAXIMUM 12.35 1966
MINIMUM 0.22 2000
TOTALS 1.84 3.54 -1.70 3.44
DAILY AVG. 0.07 NAN NAN 0.12
DAYS >= .01 6 9.4 -3.4 6
DAYS >= .10 2 5.1 -3.1 3
DAYS >= .50 2 2.2 -0.2 2
DAYS >= 1.00 1 0.8 0.2 1
GREATEST
24 HR. TOTAL 1.22 02/03 TO 02/03
SNOWFALL (INCHES)
RECORDS
TOTAL MM 2021
TOTALS MM MM MM MM
SINCE 7/1 MM MM MM MM
SNOWDEPTH AVG. MM MM
DAYS >= 1.0 MM MM MM MM
GREATEST
SNOW DEPTH MM MM MM
24 HR TOTAL MM
DEGREE DAYS
HEATING TOTAL 195 258 -63 200
SINCE 7/1 1145 1201 -56 MM
COOLING TOTAL 23 25 -2 87
SINCE 1/1 25 40 -15 MM
................................................................
WIND (MPH)
AVERAGE WIND SPEED 8.8
HIGHEST WIND SPEED/DIRECTION 31/360 DATE 02/05
HIGHEST GUST SPEED/DIRECTION 43/360 DATE 02/05
43/020 02/28
SKY COVER
POSSIBLE SUNSHINE (PERCENT) MM
AVERAGE SKY COVER 0.41
NUMBER OF DAYS FAIR 13
NUMBER OF DAYS PC 9
NUMBER OF DAYS CLOUDY 7
AVERAGE RH (PERCENT) 73
WEATHER CONDITIONS. NUMBER OF DAYS WITH
THUNDERSTORM 2 MIXED PRECIP MM
HEAVY RAIN 2 RAIN 2
LIGHT RAIN 9 FREEZING RAIN MM
LT FREEZING RAIN MM HAIL MM
HEAVY SNOW MM SNOW MM
LIGHT SNOW MM SLEET MM
FOG 17 FOG W/VIS <= 1/4 MILE 5
HAZE 2
- INDICATES NEGATIVE NUMBERS.
R INDICATES RECORD WAS SET OR TIED.
MM INDICATES DATA IS MISSING.
T INDICATES TRACE AMOUNT.
$$