000
CXUS53 KUNR 011621
CLMCUT
CLIMATE REPORT
NATIONAL WEATHER SERVICE RAPID CITY SD
921 AM MST FRI MAR 01 2024
...................................
...THE CUSTER COUNTY AIRPORT SD CLIMATE SUMMARY FOR THE MONTH OF FEBRUARY 2024...
CLIMATE NORMAL PERIOD 1991 TO 2020
CLIMATE RECORD PERIOD 9999 TO 9999
WEATHER OBSERVED NORMAL DEPART LAST YEAR`S
VALUE DATE(S) VALUE FROM VALUE DATE(S)
NORMAL
................................................................
TEMPERATURE (F)
HIGHEST 56 02/06 51 02/26
LOWEST -3 02/16 -18 02/23
02/17
AVG. MAXIMUM 41.7 35.2 6.5 36.5
AVG. MINIMUM 21.1 15.0 6.1 14.4
MEAN 31.4 25.1 6.3 25.4
DAYS MAX >= 90 0 0
DAYS MAX <= 32 6 6
DAYS MIN <= 32 29 28
DAYS MIN <= 0 2 4
PRECIPITATION (INCHES)
TOTALS 1.20 0.59 0.61 0.73
DAILY AVG. 0.04 NAN NAN 0.03
DAYS >= .01 8 5
DAYS >= .10 4 3
DAYS >= .50 0 0
DAYS >= 1.00 0 0
GREATEST
24 HR. TOTAL 0.45 02/03 TO 02/03 0.43
DEGREE DAYS
HEATING TOTAL 970 1117 -147 1101
SINCE 7/1 5118 5738 -620 MM
COOLING TOTAL 0 0 0 0
SINCE 1/1 0 0 0 MM
................................................................
WIND (MPH)
AVERAGE WIND SPEED 7.0
HIGHEST WIND SPEED/DIRECTION 31/280 DATE 02/08
HIGHEST GUST SPEED/DIRECTION 48/260 DATE 02/08
AVERAGE RH (PERCENT) 60
WEATHER CONDITIONS. NUMBER OF DAYS WITH
THUNDERSTORM MM MIXED PRECIP MM
HEAVY RAIN MM RAIN 1
LIGHT RAIN 2 FREEZING RAIN MM
LT FREEZING RAIN 1 HAIL MM
HEAVY SNOW 1 SNOW 3
LIGHT SNOW 9 SLEET MM
FOG 10 FOG W/VIS <= 1/4 MILE 5
HAZE 4
- INDICATES NEGATIVE NUMBERS.
R INDICATES RECORD WAS SET OR TIED.
MM INDICATES DATA IS MISSING.
T INDICATES TRACE AMOUNT.
$$