000
CXUS51 KBTV 011506
CLMMVL
CLIMATE REPORT
NATIONAL WEATHER SERVICE BURLINGTON VT
1106 AM EDT MON APR 01 2024
...................................
...THE MORRISVILLE VT CLIMATE SUMMARY FOR THE MONTH OF MARCH 2024...
CLIMATE NORMAL PERIOD: 1991 TO 2020
CLIMATE RECORD PERIOD: 9999 TO 9999
WEATHER OBSERVED NORMAL DEPART LAST YEAR`S
VALUE DATE(S) VALUE FROM VALUE DATE(S)
NORMAL
................................................................
TEMPERATURE (F)
RECORD
HIGH 82
LOW -21
HIGHEST 54 03/26 MM MM 52 03/22
LOWEST 3 03/25 MM MM 6 03/10
03/12
AVG. MAXIMUM 42.8 38.5 4.3 38.9
AVG. MINIMUM 25.0 16.6 8.4 22.3
MEAN 33.9 27.6 6.3 30.6
DAYS MAX >= 90 0 0.0 0.0 0
DAYS MAX <= 32 3 8.4 -5.4 5
DAYS MIN <= 32 25 27.9 -2.9 29
DAYS MIN <= 0 0 4.0 -4.0 0
PRECIPITATION (INCHES)
RECORD
MAXIMUM 3.71 2008
MINIMUM 0.35 2015
TOTALS 3.20 1.95 1.25 3.22
DAILY AVG. 0.11 0.06 0.05 0.11
DAYS >= .01 17 12.0 5.0 19
DAYS >= .10 9 4.7 4.3 10
DAYS >= .50 1 0.8 0.2 1
DAYS >= 1.00 1 0.1 0.9 0
GREATEST
24 HR. TOTAL 1.37 03/06 TO 03/07 0.60 03/04 TO 03/05
STORM TOTAL 1.05 0.59
(MM/DD(HH)) MM
DEGREE DAYS
HEATING TOTAL 954 1161 -207 1059
SINCE 7/1 5890 7185 -1295 MM
COOLING TOTAL 0 0 0 0
SINCE 1/1 0 0 0 MM
................................................................
WIND (MPH)
AVERAGE WIND SPEED 5.2
HIGHEST WIND SPEED/DIRECTION 25/160 DATE 03/09
HIGHEST GUST SPEED/DIRECTION 41/320 DATE 03/30
SKY COVER
POSSIBLE SUNSHINE (PERCENT) MM
AVERAGE SKY COVER 0.64
NUMBER OF DAYS FAIR 8
NUMBER OF DAYS PC 6
NUMBER OF DAYS CLOUDY 17
AVERAGE RH (PERCENT) 70
WEATHER CONDITIONS. NUMBER OF DAYS WITH
THUNDERSTORM 0 MIXED PRECIP 0
HEAVY RAIN 3 RAIN 4
LIGHT RAIN 15 FREEZING RAIN 0
LT FREEZING RAIN 1 HAIL 0
HEAVY SNOW 2 SNOW 3
LIGHT SNOW 13 SLEET 0
FOG 18 FOG W/VIS <= 1/4 MILE 7
HAZE 1
- INDICATES NEGATIVE NUMBERS.
R INDICATES RECORD WAS SET OR TIED.
MM INDICATES DATA IS MISSING.
T INDICATES TRACE AMOUNT.
$$