000
CXUS51 KALY 021928
CLMPSF
CLIMATE REPORT
NATIONAL WEATHER SERVICE ALBANY NY
0227 PM EST SAT MAR 02 2024
...................................
...THE PITTSFIELD MA CLIMATE SUMMARY FOR THE MONTH OF FEBRUARY 2024...
CLIMATE NORMAL PERIOD: 1991 TO 2020
CLIMATE RECORD PERIOD: 9999 TO 9999
WEATHER OBSERVED NORMAL DEPART LAST YEAR`S
VALUE DATE(S) VALUE FROM VALUE DATE(S)
NORMAL
................................................................
TEMPERATURE (F)
HIGHEST 61 02/27 59 02/15
LOWEST 6 02/20 -17 02/04
AVG. MAXIMUM 38.9 33.1 5.8 38.5
AVG. MINIMUM 20.8 15.0 5.8 18.7
MEAN 29.8 24.1 5.7 28.6
DAYS MAX >= 90 0 0.0 0.0 0
DAYS MAX <= 32 7 13.1 -6.1 8
DAYS MIN <= 32 29 26.9 2.1 27
DAYS MIN <= 0 0 2.6 -2.6 2
PRECIPITATION (INCHES)
TOTALS 1.25 2.52 -1.27 1.51
DAILY AVG. 0.04 0.05
DAYS >= .01 8 10
DAYS >= .10 4 5
DAYS >= .50 1 1
DAYS >= 1.00 0 0
GREATEST
24 HR. TOTAL 0.66 02/28 TO 02/28
DEGREE DAYS
HEATING TOTAL 1014 1146 -132 1011
SINCE 7/1 4527 5277 -750 4552
COOLING TOTAL 0 0 0 0
SINCE 1/1 0 0 0 0
................................................................
WIND (MPH)
AVERAGE WIND SPEED 7.3
HIGHEST WIND SPEED/DIRECTION 38/300 DATE 02/28
HIGHEST GUST SPEED/DIRECTION 63/300 DATE 02/28
SKY COVER
AVERAGE SKY COVER 0.45
AVERAGE RH (PERCENT) 66
WEATHER CONDITIONS. NUMBER OF DAYS WITH
THUNDERSTORM 0 MIXED PRECIP 0
HEAVY RAIN 1 RAIN 2
LIGHT RAIN 3 FREEZING RAIN 0
LT FREEZING RAIN 0 HAIL 0
HEAVY SNOW 0 SNOW 1
LIGHT SNOW 12 SLEET 0
FOG 10 FOG W/VIS <= 1/4 MILE 1
HAZE 4
- INDICATES NEGATIVE NUMBERS.
R INDICATES RECORD WAS SET OR TIED.
MM INDICATES DATA IS MISSING.
T INDICATES TRACE AMOUNT.
$$