000
CXUS56 KPDT 011540
CLMYKM
CLIMATE REPORT
NATIONAL WEATHER SERVICE PENDLETON, OR
840 AM PDT MON APR 01 2024
...................................
...THE YAKIMA WA CLIMATE SUMMARY FOR THE MONTH OF MARCH 2024...
CLIMATE NORMAL PERIOD 1991 TO 2020
CLIMATE RECORD PERIOD 1946 TO 2024
WEATHER OBSERVED NORMAL DEPART LAST YEAR`S
VALUE DATE(S) VALUE FROM VALUE DATE(S)
NORMAL
................................................................
TEMPERATURE (F)
RECORD
HIGH 80 03/27/2015
LOW 03/04/1960
HIGHEST 76 03/19 62 03/22
03/30
LOWEST 21 03/03 17 03/01
AVG. MAXIMUM 58.6 56.6 2.0 52.1
AVG. MINIMUM 29.7 30.2 -0.5 27.6
MEAN 44.2 43.4 0.8 39.9
DAYS MAX >= 90 0 0.0 0.0 0
DAYS MAX <= 32 0 0.3 -0.3 0
DAYS MIN <= 32 19 20.4 -1.4 26
DAYS MIN <= 0 0 0.0 0.0 0
PRECIPITATION (INCHES)
RECORD
MAXIMUM 2.63 1957
MINIMUM 0.01 1973
TOTALS 0.58 0.64 -0.06 1.12
DAILY AVG. 0.02 0.02 -0.00 0.04
DAYS >= .01 7 6.6 0.4 9
DAYS >= .10 1 2.5 -1.5 3
DAYS >= .50 0 0.1 -0.1 1
DAYS >= 1.00 0 0.0 0.0 0
GREATEST
24 HR. TOTAL 0.44 03/22 TO 03/23 0.53 03/05 TO 03/06
DEGREE DAYS
HEATING TOTAL 637 670 -33 770
SINCE 7/1 4605 5005 -400
COOLING TOTAL 0 0 0 0
SINCE 1/1 0 0 0
................................................................
WIND (MPH)
AVERAGE WIND SPEED 7.3
RESULTANT WIND SPEED/DIRECTION 5/250
HIGHEST WIND SPEED/DIRECTION 33/290 DATE 03/12
AVERAGE RH (PERCENT) 59
WEATHER CONDITIONS. NUMBER OF DAYS WITH
THUNDERSTORM 0 MIXED PRECIP 0
HEAVY RAIN 0 RAIN 1
LIGHT RAIN 7 FREEZING RAIN 0
LT FREEZING RAIN 0 HAIL 0
HEAVY SNOW 0 SNOW 0
LIGHT SNOW 0 SLEET 0
FOG 2 FOG W/VIS <= 1/4 MILE 0
HAZE 1
- INDICATES NEGATIVE NUMBERS.
R INDICATES RECORD WAS SET OR TIED.
MM INDICATES DATA IS MISSING.
T INDICATES TRACE AMOUNT.
$$