000
CXUS51 KCAR 150715 RRA
CLSBGR

CLIMATE REPORT
NATIONAL WEATHER SERVICE CARIBOU, ME
214 AM EST FRI DEC 15 2017

...................................

...THE BANGOR ME CLIMATE SUMMARY FOR THE SEASON, FROM
9/1/2017 TO 11/30/2017...

CLIMATE NORMAL PERIOD 1981 TO 2010
CLIMATE RECORD PERIOD 1925 TO 2017

WEATHER         OBSERVED          NORMAL  DEPART  LAST YEAR`S
                 VALUE   DATE(S)  VALUE   FROM    VALUE  DATE(S)
                                          NORMAL
................................................................
TEMPERATURE (F)
RECORD
 HIGH              99   09/07/1945
 LOW               -3   11/29/1940
HIGHEST            89   09/26        MM      MM       91  09/09
                        09/24
LOWEST             12   11/28        MM      MM       20  11/29
AVG. MAXIMUM     63.1              57.5     5.6     60.2
AVG. MINIMUM     41.6              37.7     3.9     40.1
MEAN             52.4              47.6     4.8     50.2
DAYS MAX >= 90      0               0.4    -0.4        1
DAYS MAX <= 32      0               1.7    -1.7        0
DAYS MIN <= 32     25              30.2    -5.2       23
DAYS MIN <= 0       0               0.0     0.0        0

PRECIPITATION (INCHES)
RECORD
 MAXIMUM        16.64   2006
 MINIMUM         8.59   2016
TOTALS          11.33                     -0.87
DAILY AVG.       0.12              0.13   -0.01     0.09
DAYS >= .01        26              31.9    -5.9       31
DAYS >= .10        17              20.7    -3.7       16
DAYS >= .50        11               7.9     3.1        6
DAYS >= 1.00        2               3.3    -1.3        2
GREATEST
 24 HR. TOTAL    1.91   MM                       11/30 TO 11/30
                                                          11/30 TO 11/30
                                                          11/30 TO 11/30

SNOWFALL (INCHES)
RECORDS
 TOTAL              T   2007
TOTALS              TR              2.4    -2.4      1.5
SINCE 7/1           T               2.4    -2.4      1.5
SNOWDEPTH AVG.      0                MM      MM        0
DAYS >= 1.0         0               0.9    -0.9        1
GREATEST
 SNOW DEPTH         0   MM                             0  MM
 24 HR TOTAL      0.0   MM                       11/30 TO 11/30
                                                          11/30 TO 11/30
                                                          11/30 TO 11/30

DEGREE_DAYS
HEATING TOTAL    1209              1606    -397     1392
 SINCE 7/1       1256              1669    -413     1419
COOLING TOTAL      86                24      62       59
 SINCE 1/1        361               318      43      448
.................................................

WIND (MPH)
AVERAGE WIND SPEED              7.4
HIGHEST WIND SPEED/DIRECTION    47/140    DATE  10/30
HIGHEST GUST SPEED/DIRECTION    66/130    DATE  10/30

SKY COVER
POSSIBLE SUNSHINE (PERCENT)   MM
AVERAGE SKY COVER           0.50
NUMBER OF DAYS FAIR           20
NUMBER OF DAYS PC             44
NUMBER OF DAYS CLOUDY         27

AVERAGE RH (PERCENT)     70

WEATHER CONDITIONS. NUMBER OF DAYS WITH
THUNDERSTORM              0     MIXED PRECIP               0
HEAVY RAIN                7     RAIN                      14
LIGHT RAIN               35     FREEZING RAIN              0
LT FREEZING RAIN          0     HAIL                       1
HEAVY SNOW                0     SNOW                       1
LIGHT SNOW                2     SLEET                      1
FOG                      44     FOG W/VIS <= 1/4 MILE      8
HAZE                     11

-  INDICATES NEGATIVE NUMBERS.
R  INDICATES RECORD WAS SET OR TIED.
MM INDICATES DATA IS MISSING.
T  INDICATES TRACE AMOUNT.

&&

...FALL SEASON CLIMATE NARRATIVE FOR NORTHERN AND EASTERN MAINE...

FALL 2017 FOR THE REGION WILL BE REMEMBERED AS ONE OF THE WARMEST ON
RECORD WITH NEAR TO JUST ABOVE AVERAGE PRECIPITATION.

TEMPERATURES FOR THE SEASON AVERAGED 4 TO 5 DEGREES ABOVE NORMAL AND
WAS THE WARMEST OF RECORD AT HOULTON AND NARROWLY FINISHED IN SECOND
PLACE AT CARIBOU AND MILLINOCKET TO THE FALL OF 2011 AND A LITTLE
MORE DISTANT SECOND PLACE AT BANGOR TO THE FALL OF 1931. IN FACT,
THE ONLY FACTOR THAT PREVENTED FALL OF 2017 FROM BEING THE WARMEST
OF RECORD FOR THE ENTIRE REGION WAS A SLIGHTLY BELOW AVERAGE
NOVEMBER, WHICH FOLLOWED THE WARMEST COMBINED SEPTEMBER-OCTOBER OF
RECORD.

PRECIPITATION FOR THE FALL SEASON RANGED FROM 90 TO 125 PERCENT OF
AVERAGE, AND WAS NOT EVENLY DISTRIBUTED WITH RELATIVELY LONG DRY
PERIODS BROKEN BY A FEW HEAVY RAIN EVENTS, LIKE THE THE VERY HEAVY
LATE OCTOBER RAIN EVENT WHICH FEATURED 3.50 TO 7.00 INCHES OF
RAINFALL FOR THE REGION. THIS EVENT WAS IMMEDIATELY FOLLOWED BY
INTENSE WIND AND RAIN EVENT WHICH RESULTED IN WIDESPREAD POWER
OUTAGES ESPECIALLY TO HANCOCK COUNTY.

LASTLY, DESPITE COLDER TEMPERATURES IN NOVEMBER, SNOWFALL WAS BELOW
AVERAGE ACROSS THE REGION, WITH SOME DOWNEAST AREAS NOT RECEIVING
ANY MEASURABLE SNOWFALL AND NORTHERN AREAS ONLY GETTING ABOUT 50
PERCENT OF AVERAGE. THE FIRST MEASURABLE SNOWFALL DAYS EVEN ACROSS
THE NORTH WERE AMONG THE LATEST OF RECORD, NOT UNTIL THE SECOND HALF
OF THE MONTH.

$$

VJN
