000
CXUS51 KRLX 010930
CLSCRW


CLIMATE REPORT
NATIONAL WEATHER SERVICE CHARLESTON WV
428 AM EST FRI DEC 1 2017

...................................

...THE CHARLESTON WV CLIMATE SUMMARY FOR THE SEASON, FROM
9/1/2017 TO 11/30/2017...

CLIMATE NORMAL PERIOD 1981 TO 2010
CLIMATE RECORD PERIOD 1901 TO 2017

WEATHER         OBSERVED          NORMAL  DEPART  LAST YEAR`S
                 VALUE   DATE(S)  VALUE   FROM    VALUE  DATE(S)
                                          NORMAL
................................................................
TEMPERATURE (F)
RECORD
 HIGH             104   09/03/1932
                        09/02/1932
                        09/01/1932
 LOW                6   11/25/1950
                        11/30/1929
HIGHEST            92   09/27                         93
LOWEST             22   11/23                         21
AVG. MAXIMUM     70.1              67.5     2.6     72.9
AVG. MINIMUM     46.4              46.4     0.0     48.6
MEAN             58.2              57.0     1.2     60.8
DAYS MAX >= 90      5               1.5     3.5       12
DAYS MAX <= 32      0               0.4    -0.4        0
DAYS MIN <= 32     12              13.0    -1.0        8
DAYS MIN <= 0       0               0.0     0.0        0

PRECIPITATION (INCHES)
RECORD
 MAXIMUM        11.21   2014
 MINIMUM         8.60   2016
TOTALS           8.77              9.65   -0.88     8.60
DAILY AVG.       0.09              0.11   -0.02     0.09
DAYS >= .01        26              30.7    -4.7       20
DAYS >= .10        14              18.9    -4.9       14
DAYS >= .50         6               6.6    -0.6        6
DAYS >= 1.00        3               1.9     1.1        5
GREATEST
 24 HR. TOTAL    1.85   MM                       11/30 TO 11/30
                                                          11/30 TO 11/30
                                                          11/30 TO 11/30

SNOWFALL (INCHES)
RECORDS
 TOTAL            1.0   2014
 24 HR TOTAL      0.4   MM
 SNOW DEPTH        MM   MM
TOTALS              T               1.4    -1.4      0.1
SINCE 7/1           T               1.4    -1.4      0.1
SNOWDEPTH AVG.      0                                  0
DAYS >= TRACE       1               1.6    -0.6        2
DAYS >= 1.0         0               0.4    -0.4        0
GREATEST
 SNOW DEPTH         0   MM                             0  MM
 24 HR TOTAL      0.1   MM                       11/30 TO 11/30
                                                          11/30 TO 11/30
                                                          11/30 TO 11/30

DEGREE_DAYS
HEATING TOTAL     786               883     -97      654
 SINCE 7/1        786               884     -98      654
COOLING TOTAL     200               150      50      292
 SINCE 1/1       1138              1096      42     1473
.................................................

WIND (MPH)
AVERAGE WIND SPEED              3.7
HIGHEST WIND SPEED/DIRECTION    31/290    DATE  11/18
HIGHEST GUST SPEED/DIRECTION    58/280    DATE  11/18

SKY COVER
POSSIBLE SUNSHINE (PERCENT)   MM
AVERAGE SKY COVER           0.50
NUMBER OF DAYS FAIR           27
NUMBER OF DAYS PC             39
NUMBER OF DAYS CLOUDY         25

AVERAGE RH (PERCENT)     70

WEATHER CONDITIONS. NUMBER OF DAYS WITH
THUNDERSTORM              0     MIXED PRECIP               0
HEAVY RAIN                5     RAIN                      14
LIGHT RAIN               32     FREEZING RAIN              0
LT FREEZING RAIN          0     HAIL                       1
HEAVY SNOW                0     SNOW                       1
LIGHT SNOW                0     SLEET                      0
FOG                      65     FOG W/VIS <= 1/4 MILE     25
HAZE                      9

-  INDICATES NEGATIVE NUMBERS.
R  INDICATES RECORD WAS SET OR TIED.
MM INDICATES DATA IS MISSING.
T  INDICATES TRACE AMOUNT.

$$
