000
CXUS52 KTAE 240800
CF6ABY
PRELIMINARY LOCAL CLIMATOLOGICAL DATA (WS FORM: F-6)
STATION: ALBANY
MONTH: APRIL
YEAR: 2024
LATITUDE: 31 31 N
LONGITUDE: 84 11 W
TEMPERATURE IN F: :PCPN: SNOW: WIND :SUNSHINE: SKY :PK WND
================================================================================
1 2 3 4 5 6A 6B 7 8 9 10 11 12 13 14 15 16 17 18
12Z AVG MX 2MIN
DY MAX MIN AVG DEP HDD CDD WTR SNW DPTH SPD SPD DIR MIN PSBL S-S WX SPD DR
================================================================================
1 82 60 71 7 0 6 0.00 0.0 M 6.4 16 200 M M 3 8 20 210
2 82 61 72 8 0 7 0.00 0.0 M 10.1 25 190 M M 6 1 39 210
3 77 53 65 1 0 0 0.61 0.0 M 10.6 28 220 M M 6 138 40 220
4 69 46 58 -6 7 0 0.00 0.0 0 8.6 22 290 M M 0 32 240
5 72 41 57 -7 8 0 0.00 0.0 0 6.2 18 320 M M 0 26 250
6 68 40 54 -11 11 0 0.00 0.0 M 3.5 10 40 M M 0 15 60
7 76 40 58 -7 7 0 0.00 0.0 M 2.3 9 180 M M 0 18 12 240
8 79 52 66 1 0 1 0.00 0.0 0 5.3 15 150 M M 1 20 180
9 79 61 70 5 0 5 0.00 0.0 0 6.8 17 160 M M 2 24 150
10 81 63 72 6 0 7 3.63 0.0 M 10.0 20 160 M M 7 13 26 160
11 79 56 68 2 0 3 0.36 0.0 M 15.2 33 120 M M 7 13 45 140
12 75 51 63 -3 2 0 0.00 0.0 M 9.7 22 280 M M 0 31 280
13 80 44 62 -4 3 0 0.00 0.0 M 4.1 17 310 M M 0 22 310
14 83 50 67 1 0 2 0.00 0.0 M 4.5 13 220 M M 0 17 260
15 84 53 69 2 0 4 0.00 0.0 0 3.5 13 210 M M 0 17 210
16 84 53 69 2 0 4 0.00 0.0 M 2.7 14 190 M M 0 18 180
17 85 60 73 6 0 8 0.00 0.0 0 5.1 16 180 M M 1 22 210
18 82 62 72 4 0 7 0.00 0.0 0 3.8 14 210 M M 0 19 210
19 85 63 74 6 0 9 0.00 0.0 0 3.0 10 260 M M 3 1 15 230
20 85 62 74 6 0 9 0.00 0.0 0 3.6 12 240 M M 1 13 16 250
21 75 55 65 -3 0 0 0.24 0.0 M 6.6 18 330 M M 8 1 25 330
22 71 46 59 -9 6 0 0.00 0.0 M 5.8 14 40 M M 2 21 360
23 76 44 60 -9 5 0 0.00 0.0 M 2.3 12 160 M M 0 19 170
================================================================================
SM 1809 1216 49 72 4.84 0.0 139.7 M 47
================================================================================
AV 78.7 52.9 6.1 FASTST M M 2 MAX(MPH)
MISC ----> 33 120 45 140
================================================================================
NOTES:
# LAST OF SEVERAL OCCURRENCES
COLUMN 17 PEAK WIND IN M.P.H.
PRELIMINARY LOCAL CLIMATOLOGICAL DATA (WS FORM: F-6) , PAGE 2
STATION: ALBANY
MONTH: APRIL
YEAR: 2024
LATITUDE: 31 31 N
LONGITUDE: 84 11 W
[TEMPERATURE DATA] [PRECIPITATION DATA] SYMBOLS USED IN COLUMN 16
AVERAGE MONTHLY: 65.8 TOTAL FOR MONTH: 4.84 1 = FOG OR MIST
DPTR FM NORMAL: -0.3 DPTR FM NORMAL: 1.82 2 = FOG REDUCING VISIBILITY
HIGHEST: 85 ON 20,19 GRTST 24HR 3.99 ON 10-11 TO 1/4 MILE OR LESS
LOWEST: 40 ON 7, 6 3 = THUNDER
SNOW, ICE PELLETS, HAIL 4 = ICE PELLETS
TOTAL MONTH: 0.0 INCH 5 = HAIL
GRTST 24HR 0.0 6 = FREEZING RAIN OR DRIZZLE
GRTST DEPTH: 0 7 = DUSTSTORM OR SANDSTORM:
VSBY 1/2 MILE OR LESS
8 = SMOKE OR HAZE
[NO. OF DAYS WITH] [WEATHER - DAYS WITH] 9 = BLOWING SNOW
X = TORNADO
MAX 32 OR BELOW: 0 0.01 INCH OR MORE: 4
MAX 90 OR ABOVE: 0 0.10 INCH OR MORE: 4
MIN 32 OR BELOW: 0 0.50 INCH OR MORE: 2
MIN 0 OR BELOW: 0 1.00 INCH OR MORE: 1
[HDD (BASE 65) ]
TOTAL THIS MO. 49 CLEAR (SCALE 0-3) 17
DPTR FM NORMAL -2 PTCLDY (SCALE 4-7) 6
TOTAL FM JUL 1 1613 CLOUDY (SCALE 8-10) 0
DPTR FM NORMAL -62
[CDD (BASE 65) ]
TOTAL THIS MO. 72
DPTR FM NORMAL -3 [PRESSURE DATA]
TOTAL FM JAN 1 121 HIGHEST SLP M ON M
DPTR FM NORMAL -18 LOWEST SLP 29.52 ON 3
[REMARKS]