000
CXUS54 KFWD 280731
CF6INJ
PRELIMINARY LOCAL CLIMATOLOGICAL DATA (WS FORM: F-6)
STATION: HILLSBORO
MONTH: MARCH
YEAR: 2024
LATITUDE: 32 0 N
LONGITUDE: 97 6 W
TEMPERATURE IN F: :PCPN: SNOW: WIND :SUNSHINE: SKY :PK WND
================================================================================
1 2 3 4 5 6A 6B 7 8 9 10 11 12 13 14 15 16 17 18
12Z AVG MX 2MIN
DY MAX MIN AVG DEP HDD CDD WTR SNW DPTH SPD SPD DIR MIN PSBL S-S WX SPD DR
================================================================================
1 70 44 57 3 8 0 0.00 M M 5.9 12 190 M M 4 M M
2 82 48 65 11 0 0 0.00 M M 11.7 21 190 M M 0 1 25 170
3 80 60 70 16 0 5 0.00 M M 15.0 21 190 M M 4 25 190
4 83 66 75 21 0 10 0.00 M M 10.8 17 180 M M 6 23 180
5 83 56 70 15 0 5 0.00 M M 4.7 12 350 M M 1 18 18 300
6 80 54 67 12 0 2 0.00 M M 6.0 9 130 M M 5 1 M M
7 68 63 66 11 0 1 0.68 M M 8.6 22 270 M M 7 3 28 270
8 74 47 61 5 4 0 0.59 M M 9.8 23 320 M M 8 1 29 330
9 59 42 51 -5 14 0 0.00 M M 14.5 24 340 M M 5 30 340
10 67 36 52 -4 13 0 0.00 M M 2.6 8 100 M M 0 M M
11 71 51 61 5 4 0 0.00 M M 7.6 13 170 M M 4 18 210
12 76 54 65 8 0 0 0.00 M M 13.0 21 200 M M 4 28 200
13 80 62 71 14 0 6 0.00 M M 14.6 21 170 M M 6 25 170
14 80 68 74 17 0 9 0.00 M M 10.9 16 160 M M 9 24 170
15 72 55 64 7 1 0 0.10 M M 10.7 32 310 M M 8 3 38 310
16 64 56 60 2 5 0 0.74 M M 9.2 13 50 M M 10 13 18 50
17 68 50 59 1 6 0 0.03 M M 9.5 18 40 M M 7 1 22 40
18 62 43 53 -5 12 0 0.00 M M 9.8 17 40 M M 2 23 40
19 66 36 51 -7 14 0 0.00 M M 4.7 10 180 M M 0 10 180
20 70 48 59 0 6 0 0.00 M M 7.9 15 160 M M 2 18 170
21 61 55 58 -1 7 0 0.71 M M 6.2 14 130 M M 9 13 M M
22 69 51 60 1 5 0 0.00 M M 7.2 17 350 M M 7 12 26 350
23 72 49 61 1 4 0 0.00 M M 5.3 10 360 M M 0 M M
24 70 58 64 4 1 0 0.00 M M 18.5 28 160 M M 5 38 170
25 73 48 61 1 4 0 1.27 M M 9.2 22 240 M M 5 3 29 240
26 61 37 49 -11 16 0 0.00 M M 7.9 14 340 M M 0 21 320
27 68 39 54 -7 11 0 0.00 M M 5.7 12 100 M M 1 3 M M
================================================================================
SM 1929 1376 135 38 4.12 M 247.4 M 119
================================================================================
AV 71.4 51.0 9.2 FASTST M M 4 MAX(MPH)
MISC ----> 32 310 # 38 310
================================================================================
NOTES:
# LAST OF SEVERAL OCCURRENCES
COLUMN 17 PEAK WIND IN M.P.H.
PRELIMINARY LOCAL CLIMATOLOGICAL DATA (WS FORM: F-6) , PAGE 2
STATION: HILLSBORO
MONTH: MARCH
YEAR: 2024
LATITUDE: 32 0 N
LONGITUDE: 97 6 W
[TEMPERATURE DATA] [PRECIPITATION DATA] SYMBOLS USED IN COLUMN 16
AVERAGE MONTHLY: 61.2 TOTAL FOR MONTH: 4.12 1 = FOG OR MIST
DPTR FM NORMAL: 4.1 DPTR FM NORMAL: 0.80 2 = FOG REDUCING VISIBILITY
HIGHEST: 83 ON 5, 4 GRTST 24HR 1.27 ON 25-25 TO 1/4 MILE OR LESS
LOWEST: 36 ON 19,10 3 = THUNDER
SNOW, ICE PELLETS, HAIL 4 = ICE PELLETS
TOTAL MONTH: M 5 = HAIL
GRTST 24HR M ON M 6 = FREEZING RAIN OR DRIZZLE
GRTST DEPTH: M ON M 7 = DUSTSTORM OR SANDSTORM:
VSBY 1/2 MILE OR LESS
8 = SMOKE OR HAZE
[NO. OF DAYS WITH] [WEATHER - DAYS WITH] 9 = BLOWING SNOW
X = TORNADO
MAX 32 OR BELOW: 0 0.01 INCH OR MORE: 7
MAX 90 OR ABOVE: 0 0.10 INCH OR MORE: 5
MIN 32 OR BELOW: 0 0.50 INCH OR MORE: 5
MIN 0 OR BELOW: 0 1.00 INCH OR MORE: 1
[HDD (BASE 65) ]
TOTAL THIS MO. 135 CLEAR (SCALE 0-3) 9
DPTR FM NORMAL -100 PTCLDY (SCALE 4-7) 14
TOTAL FM JUL 1 1725 CLOUDY (SCALE 8-10) 4
DPTR FM NORMAL -370
[CDD (BASE 65) ]
TOTAL THIS MO. 38
DPTR FM NORMAL 14 [PRESSURE DATA]
TOTAL FM JAN 1 62 HIGHEST SLP M ON M
DPTR FM NORMAL 30 LOWEST SLP M ON M
[REMARKS]