000
CXUS53 KARX 230900
CF6OLZ
PRELIMINARY LOCAL CLIMATOLOGICAL DATA (WS FORM: F-6)
STATION: OELWEIN IA
MONTH: APRIL
YEAR: 2024
LATITUDE: 42 40 N
LONGITUDE: 91 58 W
TEMPERATURE IN F: :PCPN: SNOW: WIND :SUNSHINE: SKY :PK WND
================================================================================
1 2 3 4 5 6A 6B 7 8 9 10 11 12 13 14 15 16 17 18
12Z AVG MX 2MIN
DY MAX MIN AVG DEP HDD CDD WTR SNW DPTH SPD SPD DIR MIN PSBL S-S WX SPD DR
================================================================================
1 43 37 40 M 25 0 0.15 0.0 0 15.1 24 90 M M 8 1 31 90
2 37 32 35 M 30 0 M M 0 20.1 29 340 M M 7 1 36 340
3 43 32 38 M 27 0 M M M 26.8 37 350 M M 8 1 54 340
4 43 32 38 M 27 0 0.00 0.0 M 13.6 22 360 M M 9 31 360
5 52 28 40 M 25 0 0.00 0.0 0 7.5 10 70 M M 0 20 40
6 55 28 42 M 23 0 0.00 0.0 0 16.4 27 120 M M 0 35 120
7 52 41 47 M 18 0 0.16 0.0 0 23.0 31 130 M M 9 1 47 130
8 61 41 51 M 14 0 0.00 0.0 0 11.6 20 240 M M 7 27 230
9 63 36 50 M 15 0 0.00 0.0 0 10.8 18 310 M M 3 28 310
10 70 37 54 M 11 0 0.00 0.0 0 6.1 14 300 M M 3 18 260
11 57 43 50 M 15 0 0.01 0.0 0 16.4 30 340 M M 5 36 330
12 63 41 52 M 13 0 0.00 0.0 0 18.5 30 320 M M 2 39 320
13 79 32 56 M 9 0 0.00 0.0 0 13.9 28 180 M M 0 33 180
14 82 52 67 M 0 2 0.00 0.0 0 11.8 25 310 M M 0 28 310
15 77 45 61 M 4 0 0.00 0.0 0 11.2 18 100 M M 0 25 100
16 66 52 59 M 6 0 1.28 0.0 0 22.2 38 120 M M 6 13 47 120
17 57 43 50 M 15 0 0.03 0.0 0 17.0 29 290 M M 7 1 38 290
18 50 34 42 M 23 0 0.17 0.0 0 7.9 16 350 M M 6 1 25 360
19 50 32 41 M 24 0 0.00 0.0 0 16.8 33 290 M M 2 44 290
20 43 30 37 M 28 0 0.00 0.0 0 14.4 21 310 M M 7 29 310
21 59 27 43 M 22 0 0.00 0.0 0 10.2 17 300 M M 0 25 310
22 66 30 48 M 17 0 M M M 18.0 31 210 M M 2 43 190
================================================================================
SM 1268 805 391 2 1.80 0.0 329.3 M 91
================================================================================
AV 57.6 36.6 15.0 FASTST M M 4 MAX(MPH)
MISC ----> 38 120 54 340
================================================================================
NOTES:
# LAST OF SEVERAL OCCURRENCES
COLUMN 17 PEAK WIND IN M.P.H.
PRELIMINARY LOCAL CLIMATOLOGICAL DATA (WS FORM: F-6) , PAGE 2
STATION: OELWEIN IA
MONTH: APRIL
YEAR: 2024
LATITUDE: 42 40 N
LONGITUDE: 91 58 W
[TEMPERATURE DATA] [PRECIPITATION DATA] SYMBOLS USED IN COLUMN 16
AVERAGE MONTHLY: 47.1 TOTAL FOR MONTH: 1.80 1 = FOG OR MIST
DPTR FM NORMAL: 0.0 DPTR FM NORMAL: 1.80 2 = FOG REDUCING VISIBILITY
HIGHEST: 82 ON 14 GRTST 24HR 1.28 ON 16-16 TO 1/4 MILE OR LESS
LOWEST: 27 ON 21 3 = THUNDER
SNOW, ICE PELLETS, HAIL 4 = ICE PELLETS
TOTAL MONTH: 0.0 INCH 5 = HAIL
GRTST 24HR 0.0 6 = FREEZING RAIN OR DRIZZLE
GRTST DEPTH: 0 7 = DUSTSTORM OR SANDSTORM:
VSBY 1/2 MILE OR LESS
8 = SMOKE OR HAZE
[NO. OF DAYS WITH] [WEATHER - DAYS WITH] 9 = BLOWING SNOW
X = TORNADO
MAX 32 OR BELOW: 0 0.01 INCH OR MORE: 6
MAX 90 OR ABOVE: 0 0.10 INCH OR MORE: 4
MIN 32 OR BELOW: 10 0.50 INCH OR MORE: 1
MIN 0 OR BELOW: 0 1.00 INCH OR MORE: 1
[HDD (BASE 65) ]
TOTAL THIS MO. 391 CLEAR (SCALE 0-3) 10
DPTR FM NORMAL M PTCLDY (SCALE 4-7) 8
TOTAL FM JUL 1 5680 CLOUDY (SCALE 8-10) 4
DPTR FM NORMAL M
[CDD (BASE 65) ]
TOTAL THIS MO. 2
DPTR FM NORMAL M [PRESSURE DATA]
TOTAL FM JAN 1 2 HIGHEST SLP M ON M
DPTR FM NORMAL M LOWEST SLP M ON M
[REMARKS]