000
CXUS56 KSGX 241045
CF6SNA
PRELIMINARY LOCAL CLIMATOLOGICAL DATA (WS FORM: F-6)
STATION: JOHN WAYNE AIRPORT CA
MONTH: APRIL
YEAR: 2024
LATITUDE: 33 40 N
LONGITUDE: 117 53 W
TEMPERATURE IN F: :PCPN: SNOW: WIND :SUNSHINE: SKY :PK WND
================================================================================
1 2 3 4 5 6A 6B 7 8 9 10 11 12 13 14 15 16 17 18
12Z AVG MX 2MIN
DY MAX MIN AVG DEP HDD CDD WTR SNW DPTH SPD SPD DIR MIN PSBL S-S WX SPD DR
================================================================================
1 68 49 59 -2 6 0 0.00 M M 4.0 14 220 M M 2 20 210
2 72 52 62 1 3 0 0.00 M M 4.0 14 200 M M 1 18 190
3 72 54 63 2 2 0 0.00 M M 4.9 12 240 M M 3 128 16 240
4 64 53 59 -2 6 0 T M M 6.9 20 200 M M 9 24 200
5 60 47 54 -8 11 0 0.07 M M 7.4 20 240 M M 6 1 28 230
6 62 46 54 -8 11 0 0.00 M M 5.0 14 180 M M 1 18 190
7 65 48 57 -5 8 0 0.00 M M 4.5 13 190 M M 1 18 210
8 71 50 61 -1 4 0 0.00 M M 4.6 14 250 M M 1 18 290
9 83 51 67 5 0 2 0.00 M M 5.5 21 10 M M 0 25 20
10 77 55 66 4 0 1 0.00 M M 4.7 14 200 M M 0 18 200
11 71 55 63 1 2 0 0.00 M M 5.5 15 200 M M 5 1 21 220
12 62 56 59 -3 6 0 0.00 M M 7.7 16 170 M M 9 1 20 160
13 67 50 59 -3 6 0 0.18 M M 8.6 24 230 M M 8 1 42 220
14 63 48 56 -6 9 0 0.10 M M 5.4 17 190 M M 6 23 190
15 67 53 60 -2 5 0 0.00 M M 3.4 13 230 M M 4 17 230
16 75 53 64 1 1 0 0.00 M M 3.9 13 220 M M 1 19 220
17 72 57 65 2 0 0 0.00 M M 4.7 9 190 M M 2 9 190
18 74 M M M M M 0.00 M M 4.3 9 180 M M 6 8 9 180
19 70 61 66 3 0 1 0.00 M M 6.5 9 180 M M 8 9 180
20 M M M M M M 0.00 M M M M M M M 6 M M
21 72 M M M M M 0.00 M M M M M M M 6 8 M M
22 M M M M M M M M M 4.5 7 180 M M 10 18 7 180
23 67 59 63 0 2 0 0.00 M M 5.6 13 210 M M 8 18 220
================================================================================
SM 1454 997 82 4 0.35 M 111.6 M 103
================================================================================
AV 69.2 52.5 5.3 FASTST M M 4 MAX(MPH)
MISC ----> 24 230 42 220
================================================================================
NOTES:
# LAST OF SEVERAL OCCURRENCES
COLUMN 17 PEAK WIND IN M.P.H.
PRELIMINARY LOCAL CLIMATOLOGICAL DATA (WS FORM: F-6) , PAGE 2
STATION: JOHN WAYNE AIRPORT CA
MONTH: APRIL
YEAR: 2024
LATITUDE: 33 40 N
LONGITUDE: 117 53 W
[TEMPERATURE DATA] [PRECIPITATION DATA] SYMBOLS USED IN COLUMN 16
AVERAGE MONTHLY: 60.9 TOTAL FOR MONTH: 0.35 1 = FOG OR MIST
DPTR FM NORMAL: -1.3 DPTR FM NORMAL: -0.09 2 = FOG REDUCING VISIBILITY
HIGHEST: 83 ON 9 GRTST 24HR 0.75 ON 31- 1 TO 1/4 MILE OR LESS
LOWEST: 46 ON 6 3 = THUNDER
SNOW, ICE PELLETS, HAIL 4 = ICE PELLETS
TOTAL MONTH: M 5 = HAIL
GRTST 24HR M ON M 6 = FREEZING RAIN OR DRIZZLE
GRTST DEPTH: M ON M 7 = DUSTSTORM OR SANDSTORM:
VSBY 1/2 MILE OR LESS
8 = SMOKE OR HAZE
[NO. OF DAYS WITH] [WEATHER - DAYS WITH] 9 = BLOWING SNOW
X = TORNADO
MAX 32 OR BELOW: 0 0.01 INCH OR MORE: 3
MAX 90 OR ABOVE: 0 0.10 INCH OR MORE: 2
MIN 32 OR BELOW: 0 0.50 INCH OR MORE: 0
MIN 0 OR BELOW: 0 1.00 INCH OR MORE: 0
[HDD (BASE 65) ]
TOTAL THIS MO. 82 CLEAR (SCALE 0-3) 9
DPTR FM NORMAL 1 PTCLDY (SCALE 4-7) 10
TOTAL FM JUL 1 762 CLOUDY (SCALE 8-10) 4
DPTR FM NORMAL -271
[CDD (BASE 65) ]
TOTAL THIS MO. 4
DPTR FM NORMAL -9 [PRESSURE DATA]
TOTAL FM JAN 1 7 HIGHEST SLP M ON M
DPTR FM NORMAL -30 LOWEST SLP 29.80 ON 11
[REMARKS]