000
CXUS51 KPBZ 012043
CLAMGW
CLIMATE REPORT
NATIONAL WEATHER SERVICE PITTSBURGH PA
343 PM EST MON JAN 01 2024
...................................
...THE MORGANTOWN WV CLIMATE SUMMARY FOR THE YEAR OF 2023...
CLIMATE NORMAL PERIOD 1991 TO 2020
CLIMATE RECORD PERIOD 1872 TO 2023
WEATHER OBSERVED NORMAL DEPART LAST YEAR`S
VALUE DATE(S) VALUE FROM VALUE DATE(S)
NORMAL
................................................................
TEMPERATURE (F)
RECORD
HIGH 105 08/26/1893
LOW -25 02/10/1899
HIGHEST 94 07/28 MM MM 95 06/15
06/22
LOWEST 7 02/04 MM MM -2 12/23
12/24
AVG. MAXIMUM 66.2 63.8 2.4 64.4
AVG. MINIMUM 45.7 43.9 1.8 44.0
MEAN 56.0 53.8 2.2 54.2
DAYS MAX >= 90 10 13.3 -3.3 16
DAYS MAX <= 32 6 24.0 -18.0 26
DAYS MIN <= 32 86 101.9 -15.9 100
DAYS MIN <= 0 0 1.4 -1.4 2
PRECIPITATION (INCHES)
RECORD
MAXIMUM 60.91 2003
MINIMUM 25.15 1930
TOTALS 35.38 43.15 -7.77 41.49
DAILY AVG. 0.10 0.12 -0.02 0.12
DAYS >= .01 150 155.0 -5.0 144
DAYS >= .10 89 92.5 -3.5 89
DAYS >= .50 24 28.3 -4.3 28
DAYS >= 1.00 5 7.2 -2.2 5
DAYS >= %-5.2F 0 0
GREATEST
24 HR. TOTAL 1.26 10/29 TO 10/30
STORM TOTAL 1.22
(MM/DD(HH))
DEGREE DAYS
HEATING TOTAL 4075 4964 -889 4841
SINCE 7/1 1582 1877 -295 MM
COOLING TOTAL 884 930 -46 1049
SINCE 1/1 884 929 -45 MM
FREEZE DATES
RECORD
EARLIEST MM
LATEST MM
EARLIEST 10/23
LATEST 04/25
................................................................
WIND (MPH)
AVERAGE WIND SPEED 4.6
HIGHEST WIND SPEED/DIRECTION 112/110 DATE 06/21
HIGHEST GUST SPEED/DIRECTION 52/230 DATE 02/27
AVERAGE RH (PERCENT) 67
WEATHER CONDITIONS. NUMBER OF DAYS WITH
THUNDERSTORM 33 MIXED PRECIP 3
HEAVY RAIN 30 RAIN 66
LIGHT RAIN 151 FREEZING RAIN 0
LT FREEZING RAIN 1 HAIL 0
HEAVY SNOW 0 SNOW 5
LIGHT SNOW 29 SLEET 0
FOG 195 FOG W/VIS <= 1/4 MILE 26
HAZE 74
- INDICATES NEGATIVE NUMBERS.
R INDICATES RECORD WAS SET OR TIED.
MM INDICATES DATA IS MISSING.
T INDICATES TRACE AMOUNT.
$$