654
CXUS54 KFWD 010141
CF60F2
PRELIMINARY LOCAL CLIMATOLOGICAL DATA (WS FORM: F-6)
STATION: BOWIE
MONTH: DECEMBER
YEAR: 2020
LATITUDE: 33 36 N
LONGITUDE: 97 47 W
TEMPERATURE IN F: :PCPN: SNOW: WIND :SUNSHINE: SKY :PK WND
================================================================================
1 2 3 4 5 6A 6B 7 8 9 10 11 12 13 14 15 16 17 18
12Z AVG MX 2MIN
DY MAX MIN AVG DEP HDD CDD WTR SNW DPTH SPD SPD DIR MIN PSBL S-S WX SPD DR
================================================================================
1 58 24 41 -5 24 0 0.00 M M 7.2 18 170 M M 0 25 170
2 52 38 45 -1 20 0 0.00 M M 10.0 15 300 M M 6 21 280
3 41 32 37 -8 28 0 0.00 M M 9.4 16 320 M M 9 21 330
4 56 27 42 -3 23 0 0.00 M M 3.5 9 290 M M 0 M M
5 62 28 45 0 20 0 0.00 M M 2.9 7 330 M M 0 M M
6 60 38 49 5 16 0 0.02 M M 6.4 13 330 M M 3 21 350
7 63 33 48 4 17 0 0.00 M M 4.4 9 290 M M 0 M M
8 69 35 52 8 13 0 0.00 M M 4.0 9 290 M M 0 M M
9 78 31 55 11 10 0 0.00 M M 2.4 12 230 M M 0 16 220
10 78 37 58 15 7 0 0.00 M M 6.7 14 160 M M 1 24 160
11 64 43 54 11 11 0 0.04 M M 6.3 13 310 M M 6 17 300
12 51 32 42 -1 23 0 0.00 M M 4.6 9 320 M M 0 M M
13 40 32 36 -7 29 0 0.31 M M 9.9 18 350 M M 10 36 340
14 49 22 36 -6 29 0 0.00 M M 3.5 12 320 M M 1 M M
15 40 33 37 -5 28 0 M M M 4.5 9 350 M M 8 1 20 120
16 45 28 37 -5 28 0 M M M 5.1 14 320 M M 5 1 16 320
17 60 26 43 1 22 0 0.00 M M 4.2 10 160 M M 0 18 250
18 59 39 49 7 16 0 0.00 M M 9.7 16 180 M M 2 27 170
19 56 32 44 2 21 0 0.00 M M 4.2 10 350 M M 5 18 350
20 61 30 46 4 19 0 0.00 M M 3.8 13 300 M M 0 18 300
21 70 32 51 10 14 0 0.00 M M 2.1 8 270 M M 0 M M
22 71 37 54 13 11 0 0.00 M M 9.3 18 170 M M 2 29 170
23 61 33 47 6 18 0 0.00 M M 17.5 26 350 M M 1 38 350
24 55 24 40 -1 25 0 0.00 M M 10.7 20 280 M M 0 29 280
25 63 27 45 4 20 0 0.00 M M 3.6 9 190 M M 0 M M
26 69 31 50 9 15 0 0.00 M M 8.2 20 190 M M 0 29 200
27 68 41 55 14 10 0 0.00 M M 9.2 16 290 M M 0 24 290
28 57 43 50 9 15 0 0.00 M M 7.0 12 70 M M 5 22 70
29 64 52 58 17 7 0 0.04 M M 9.4 14 150 M M 10 1 22 130
30 60 37 49 8 16 0 0.25 M M 12.9 21 360 M M 10 32 360
31 37 32 35 -6 30 0 0.70 M M 9.9 17 10 M M 9 31 10
================================================================================
SM 1817 1029 585 0 1.36 M 212.6 M 93
================================================================================
AV 58.6 33.2 6.9 FASTST M M 3 MAX(MPH)
MISC ----> 26 350 38 350
================================================================================
NOTES:
# LAST OF SEVERAL OCCURRENCES
COLUMN 17 PEAK WIND IN M.P.H.
PRELIMINARY LOCAL CLIMATOLOGICAL DATA (WS FORM: F-6) , PAGE 2
STATION: BOWIE
MONTH: DECEMBER
YEAR: 2020
LATITUDE: 33 36 N
LONGITUDE: 97 47 W
[TEMPERATURE DATA] [PRECIPITATION DATA] SYMBOLS USED IN COLUMN 16
AVERAGE MONTHLY: 45.9 TOTAL FOR MONTH: 1.36 1 = FOG OR MIST
DPTR FM NORMAL: 3.3 DPTR FM NORMAL: -0.71 2 = FOG REDUCING VISIBILITY
HIGHEST: 78 ON 10, 9 GRTST 24HR 0.70 ON 31-31 TO 1/4 MILE OR LESS
LOWEST: 22 ON 14 3 = THUNDER
SNOW, ICE PELLETS, HAIL 4 = ICE PELLETS
TOTAL MONTH: M 5 = HAIL
GRTST 24HR M ON M 6 = FREEZING RAIN OR DRIZZLE
GRTST DEPTH: M ON M 7 = DUSTSTORM OR SANDSTORM:
VSBY 1/2 MILE OR LESS
8 = SMOKE OR HAZE
[NO. OF DAYS WITH] [WEATHER - DAYS WITH] 9 = BLOWING SNOW
X = TORNADO
MAX 32 OR BELOW: 0 0.01 INCH OR MORE: 6
MAX 90 OR ABOVE: 0 0.10 INCH OR MORE: 3
MIN 32 OR BELOW: 17 0.50 INCH OR MORE: 1
MIN 0 OR BELOW: 0 1.00 INCH OR MORE: 0
[HDD (BASE 65) ]
TOTAL THIS MO. 585 CLEAR (SCALE 0-3) 20
DPTR FM NORMAL -110 PTCLDY (SCALE 4-7) 6
TOTAL FM JUL 1 1051 CLOUDY (SCALE 8-10) 5
DPTR FM NORMAL -167
[CDD (BASE 65) ]
TOTAL THIS MO. 0
DPTR FM NORMAL 0 [PRESSURE DATA]
TOTAL FM JAN 1 2438 HIGHEST SLP M ON M
DPTR FM NORMAL 366 LOWEST SLP M ON M
[REMARKS]
#FINAL-12-20#